000
CXUS55 KABQ 011237
CLMABQ


CLIMATE REPORT
NATIONAL WEATHER SERVICE ALBUQUERQUE NM
529 AM MST MON DEC 1 2014

...................................

...THE ALBUQUERQUE  NM CLIMATE SUMMARY FOR THE MONTH OF NOVEMBER 2014...

CLIMATE NORMAL PERIOD 1981 TO 2010
CLIMATE RECORD PERIOD 1897 TO 2014

WEATHER         OBSERVED          NORMAL  DEPART  LAST YEAR`S
                 VALUE   DATE(S)  VALUE   FROM    VALUE  DATE(S)
                                          NORMAL
................................................................
TEMPERATURE (F)
RECORD
 HIGH              77   11/06/1975
 LOW               -7   11/29/1976
HIGHEST            72   11/10        71       1       69  11/11
LOWEST             18   11/25        19      -1       22  11/24
AVG. MAXIMUM     58.3              55.8     2.5     55.5
AVG. MINIMUM     33.1              34.1    -1.0     34.5
MEAN             45.7              44.9     0.8     45.0
DAYS MAX >= 90      0               0.0     0.0        0
DAYS MAX <= 32      0               0.1    -0.1        0
DAYS MIN <= 32     15              11.3     3.7       11
DAYS MIN <= 0       0               0.0     0.0        0

PRECIPITATION (INCHES)
RECORD
 MAXIMUM         1.93   1991
 MINIMUM         0.00   1949
                        1932
TOTALS           0.25              0.57   -0.32     0.90
DAILY AVG.       0.01              0.02   -0.01     0.03
DAYS >= .01         2               3.9    -1.9        8
DAYS >= .10         1               1.7    -0.7        4
DAYS >= .50         0               0.2    -0.2        0
DAYS >= 1.00        0               0.0     0.0        0
GREATEST
 24 HR. TOTAL    0.24   11/01 TO 11/02              0.27
                        11/02 TO 11/02
                        11/02 TO 11/03

SNOWFALL (INCHES)
RECORDS
 TOTAL            9.2   1940
TOTALS              T               1.0    -1.0      0.8
SINCE 7/1           T               1.3    -1.3      0.8
SNOWDEPTH AVG.      0                MM      MM        0
DAYS >= 1.0         0               0.4    -0.4        0
GREATEST
 SNOW DEPTH         0   MM                             0  MM
 24 HR TOTAL        T   11/16 TO 11/16               0.4

DEGREE_DAYS
HEATING TOTAL     570               601     -31      593
 SINCE 7/1        683               867    -184      890
COOLING TOTAL       0                 0       0        0
 SINCE 1/1       1444              1322     122     1565
.................................................................

WIND (MPH)
AVERAGE WIND SPEED              7.4
HIGHEST WIND SPEED/DIRECTION    38/290    DATE  11/23
HIGHEST GUST SPEED/DIRECTION    50/310    DATE  11/23

SKY COVER
POSSIBLE SUNSHINE (PERCENT)   MM
AVERAGE SKY COVER           0.30
NUMBER OF DAYS FAIR           15
NUMBER OF DAYS PC             15
NUMBER OF DAYS CLOUDY          0

AVERAGE RH (PERCENT)     41

WEATHER CONDITIONS. NUMBER OF DAYS WITH
THUNDERSTORM              0     MIXED PRECIP               0
HEAVY RAIN                1     RAIN                       1
LIGHT RAIN                2     FREEZING RAIN              0
LT FREEZING RAIN          0     HAIL                       0
HEAVY SNOW                0     SNOW                       0
LIGHT SNOW                1     SLEET                      0
FOG                       1     FOG W/VIS <= 1/4 MILE      0
HAZE                      1

-  INDICATES NEGATIVE NUMBERS.
R  INDICATES RECORD WAS SET OR TIED.
MM INDICATES DATA IS MISSING.
T  INDICATES TRACE AMOUNT.

$$

-----------------------------------------------------------------

THE AVERAGE MAXIMUM TEMPERATURE AT THE ALBUQUERQUE SUNPORT IN
NOVEMBER 2014 WAS 58.3 DEGREES.  THE AVERAGE MINIMUM TEMPERATURE
FOR THE MONTH WAS 33.1 DEGREES.

THE HIGHEST TEMPERATURE FOR THE MONTH WAS 72 DEGREES ON THE 10TH.
THE LOWEST TEMPERATURE FOR THE MONTH WAS 18 DEGREES ON THE 25TH.

TOTAL PRECIPITATION FOR NOVEMBER 2014 WAS 0.25 INCHES...WHICH
WAS 0.32 INCHES BELOW NORMAL. THERE WAS ONLY A TRACE OF SNOWFALL
RECORDED THIS MONTH.

AVERAGE WIND SPEED WAS 7.4 MILES PER HOUR.  THE PEAK WIND GUST
FOR THE MONTH WAS 50 MILES PER HOUR FROM THE NORTHWEST...
OCCURRING ON THE 23RD.
