000
CXUS53 KABR 011600
CLMABR


CLIMATE REPORT
NATIONAL WEATHER SERVICE ABERDEEN SD
956 AM CST SUN MAR 1 2015

...................................

...THE ABERDEEN SD CLIMATE SUMMARY FOR THE MONTH OF FEBRUARY 2015...

CLIMATE NORMAL PERIOD 1981 TO 2010
CLIMATE RECORD PERIOD 1893 TO 2015

WEATHER         OBSERVED          NORMAL  DEPART  LAST YEAR`S
                 VALUE   DATE(S)  VALUE   FROM    VALUE  DATE(S)
                                          NORMAL
................................................................
TEMPERATURE (F)
RECORD
 HIGH              70   02/25/1958
 LOW              -45   02/09/1994
HIGHEST            47   02/07        29      18       43  02/19
LOWEST            -20   02/27        MM      MM      -20  02/10
AVG. MAXIMUM     23.5              27.9    -4.4     18.7
AVG. MINIMUM      1.2               7.2    -6.0     -5.4
MEAN             12.4              17.6    -5.2      6.6
DAYS MAX >= 90      0               0.0     0.0        0
DAYS MAX <= 32     21              16.1     4.9       23
DAYS MIN <= 32     28              27.4     0.6       28
DAYS MIN <= 0      15               9.3     5.7       20

PRECIPITATION (INCHES)
RECORD
 MAXIMUM         3.80   1915
 MINIMUM            T   1932
TOTALS           0.37              0.55   -0.18     0.16
DAYS >= .01         8               6.3     1.7        2
DAYS >= .10         0               2.0    -2.0        1
DAYS >= .50         0               0.1    -0.1        0
DAYS >= 1.00        0               0.0     0.0        0

SNOWFALL (INCHES)
RECORDS
 TOTAL           38.5   1915
 SNOW DEPTH        25   02/26/2001
                        02/28/1969
TOTALS            5.1               6.8    -1.7      1.5
SINCE 7/1        18.5              27.8    -9.3     24.4
SNOWDEPTH AVG.      0                 5      -5        2
DAYS >= TRACE      14               6.0     8.0       10
DAYS >= 1.0         3               2.2     0.8        1
GREATEST
 SNOW DEPTH         2   02/27                          3  02/17
                        02/26                             02/16
                                                          02/15

DEGREE_DAYS
HEATING TOTAL    1468              1329     139     1628
 SINCE 7/1       6268              6463    -195     7159
COOLING TOTAL       0                 0       0        0
 SINCE 1/1          0                 0       0        0

FREEZE DATES
RECORD
 EARLIEST     MM
 LATEST       MM
EARLIEST                        MM
LATEST                          MM
.................................................................

WIND (MPH)
AVERAGE WIND SPEED              11.5
RESULTANT WIND SPEED/DIRECTION   3/340
HIGHEST WIND SPEED/DIRECTION    36/320    DATE  02/10
HIGHEST GUST SPEED/DIRECTION    45/310    DATE  02/10

SKY COVER
POSSIBLE SUNSHINE (PERCENT)   MM
AVERAGE SKY COVER           0.50
NUMBER OF DAYS FAIR           11
NUMBER OF DAYS PC              9
NUMBER OF DAYS CLOUDY          8

AVERAGE RH (PERCENT)     71

WEATHER CONDITIONS. NUMBER OF DAYS WITH
THUNDERSTORM              0     MIXED PRECIP               0
HEAVY RAIN                0     RAIN                       0
LIGHT RAIN                3     FREEZING RAIN              0
LT FREEZING RAIN          2     HAIL                       0
HEAVY SNOW                0     SNOW                       1
LIGHT SNOW               13     SLEET                      0
FOG                      11     FOG W/VIS <= 1/4 MILE      1
HAZE                     11

-  INDICATES NEGATIVE NUMBERS.
R  INDICATES RECORD WAS SET OR TIED.
MM INDICATES DATA IS MISSING.
T  INDICATES TRACE AMOUNT.

$$
