000
CXUS51 KPHI 010828
CLMACY


CLIMATE REPORT
NATIONAL WEATHER SERVICE MOUNT HOLLY NJ
427 AM EDT WED OCT 1 2014

...................................

...THE ATLANTIC CITY CLIMATE SUMMARY FOR THE MONTH OF SEPTEMBER 2014...

CLIMATE NORMAL PERIOD 1981 TO 2010
CLIMATE RECORD PERIOD 1874 TO 2014

WEATHER         OBSERVED          NORMAL  DEPART  LAST YEAR`S
                 VALUE   DATE(S)  VALUE   FROM    VALUE  DATE(S)
                                          NORMAL
................................................................
TEMPERATURE (F)
RECORD
 HIGH              99   09/11/1983
 LOW               32   09/30/1969
                        09/24/1967
HIGHEST            92   09/02        89       3       92  09/11
LOWEST             41   09/23        40       1       40  09/18
AVG. MAXIMUM     77.6              77.0     0.6     76.7
AVG. MINIMUM     58.0              57.4     0.6     52.4
MEAN             67.8              67.2     0.6     64.6
DAYS MAX >= 90      2               1.1     0.9        1
DAYS MAX <= 32      0               0.0     0.0        0
DAYS MIN <= 32      0               0.0     0.0        0
DAYS MIN <= 0       0               0.0     0.0        0

PRECIPITATION (INCHES)
RECORD
 MAXIMUM        14.73   1935
 MINIMUM         0.01   1941
TOTALS           3.52              3.15    0.37     1.18
DAILY AVG.       0.12              0.11    0.01     0.04
DAYS >= .01        10               8.0     2.0        7
DAYS >= .10         7               5.6     1.4        4
DAYS >= .50         1               2.0    -1.0        0
DAYS >= 1.00        1               0.7     0.3        0
GREATEST
 24 HR. TOTAL    2.37   09/24 TO 09/25              0.51

SNOWFALL (INCHES)
RECORDS
 TOTAL             MM   5
 24 HR TOTAL       MM
TOTALS            0.0               0.0     0.0      0.0
SINCE 7/1         0.0               0.0     0.0      0.0
SNOWDEPTH AVG.      0                MM      MM        0
DAYS >= 1.0         0               0.0     0.0        0
GREATEST
 SNOW DEPTH         0   MM                             0  MM
 24 HR TOTAL      0.0   09/30 TO 09/30               0.0

DEGREE_DAYS
HEATING TOTAL      38                59     -21      102
 SINCE 7/1         38                62     -24      102
COOLING TOTAL     130               125       5       96
 SINCE 1/1        842              1034    -192     1052
.................................................................

WIND (MPH)
AVERAGE WIND SPEED              6.8
HIGHEST WIND SPEED/DIRECTION    32/300    DATE  09/02
HIGHEST GUST SPEED/DIRECTION    40/300    DATE  09/02

SKY COVER
POSSIBLE SUNSHINE (PERCENT)   MM
AVERAGE SKY COVER           0.30
NUMBER OF DAYS FAIR           18
NUMBER OF DAYS PC             10
NUMBER OF DAYS CLOUDY          2

AVERAGE RH (PERCENT)     77

WEATHER CONDITIONS. NUMBER OF DAYS WITH
THUNDERSTORM              0     MIXED PRECIP               0
HEAVY RAIN                4     RAIN                       5
LIGHT RAIN               13     FREEZING RAIN              0
LT FREEZING RAIN          0     HEAVY SNOW                 0
SNOW                      0     LIGHT SNOW                 0
SLEET                     0     FOG                       12
FOG W/VIS <= 1/4 MILE     1     HAZE                       1

-  INDICATES NEGATIVE NUMBERS.
R  INDICATES RECORD WAS SET OR TIED.
MM INDICATES DATA IS MISSING.
T  INDICATES TRACE AMOUNT.

$$
