000
CXAK58 PADQ 011419
CLMADQ


CLIMATE REPORT
NATIONAL WEATHER SERVICE ANCHORAGE, AK
519 AM AKST FRI DEC 1 2017

...................................

...THE KODIAK CLIMATE SUMMARY FOR THE MONTH OF NOVEMBER 2017...

CLIMATE NORMAL PERIOD 1981 TO 2010
CLIMATE RECORD PERIOD 1913 TO 2017

WEATHER         OBSERVED          NORMAL  DEPART  LAST YEAR`S
                 VALUE   DATE(S)  VALUE   FROM    VALUE  DATE(S)
                                          NORMAL
................................................................
TEMPERATURE (F)
RECORD
 HIGH              60   11/04/1924
 LOW                0   11/29/1971
HIGHEST            57                MM      MM       48
LOWEST             12                MM      MM       19
AVG. MAXIMUM     41.6              39.1     2.5     42.9
AVG. MINIMUM     31.1              28.7     2.4     31.4
MEAN             36.4              33.9     2.5     37.2
DAYS MAX >= 90      0               0.0     0.0        0
DAYS MAX <= 32      2               3.9    -1.9        0
DAYS MIN <= 32     16              19.4    -3.4       17
DAYS MIN <= 0       0               0.0     0.0        0

PRECIPITATION (INCHES)
RECORD
 MAXIMUM           MM   MM
 MINIMUM           MM   MM
TOTALS           1.95              6.87   -4.92     9.31
DAILY AVG.       0.07              0.23   -0.16     0.31
DAYS >= .01        11              16.1    -5.1       20
DAYS >= .10         5              10.7    -5.7       16
DAYS >= .50         0               5.0    -5.0        7
DAYS >= 1.00        0               1.7    -1.7        2
GREATEST
 24 HR. TOTAL    0.49   11/28 TO 11/28           11/21 TO 11/22
                                                          11/22 TO 11/22
                                                          11/22 TO 11/22
 STORM TOTAL       MM                                 MM
 (MM/DD(HH))            MM                    11/22(00) TO 11/22(00)
                                                 11/22(00) TO 11/22(00)2
                                                 11/22(00) TO 11/22(00)2

SNOWFALL (INCHES)
RECORDS
 TOTAL             MM   MM
 24 HR TOTAL       MM
 SNOW DEPTH        MM   MM
TOTALS            8.3               6.4     1.9      1.8
SINCE 7/1         8.5               7.5     1.0      2.0
SNOWDEPTH AVG.      1                MM      MM        0
DAYS >= TRACE       9               5.3     3.7        7
DAYS >= 1.0         3               1.8     1.2
GREATEST
 SNOW DEPTH         3   11/28                          0  MM
                        11/27
                        11/26
 24 HR TOTAL      4.1   11/26 TO 11/26           11/22 TO 11/22
                                                          11/22 TO 11/22
                                                          11/22 TO 11/22
 STORM TOTAL       MM                                 MM
 (MM/DD(HH))            MM

DEGREE_DAYS
HEATING TOTAL     852               933     -81      827
 SINCE 7/1       2563              2795    -232     2202
COOLING TOTAL       0                 0       0        0
 SINCE 1/1          0                 1      -1       29

FREEZE DATES
RECORD
 EARLIEST     MM
 LATEST       MM
EARLIEST                        MM
LATEST                          MM
...................................................

WIND (MPH)
AVERAGE WIND SPEED              11.5
RESULTANT WIND SPEED/DIRECTION  10/294
HIGHEST WIND SPEED/DIRECTION    41/290    DATE  11/24
HIGHEST GUST SPEED/DIRECTION    55/290    DATE  11/10

SKY COVER
POSSIBLE SUNSHINE (PERCENT)   MM
AVERAGE SKY COVER           0.40
NUMBER OF DAYS FAIR           17
NUMBER OF DAYS PC              5
NUMBER OF DAYS CLOUDY          8

AVERAGE RH (PERCENT)     66

WEATHER CONDITIONS. NUMBER OF DAYS WITH
THUNDERSTORM              0     MIXED PRECIP               0
HEAVY RAIN                0     RAIN                       2
LIGHT RAIN               10     FREEZING RAIN              0
LT FREEZING RAIN          2     HAIL                       0
HEAVY SNOW                0     SNOW                       3
LIGHT SNOW                9     SLEET                      0
FOG                      10     FOG W/VIS <= 1/4 MILE      0
HAZE                      1

-  INDICATES NEGATIVE NUMBERS.
R  INDICATES RECORD WAS SET OR TIED.
MM INDICATES DATA IS MISSING.
T  INDICATES TRACE AMOUNT.

$$
