564
CXUS52 KCAE 011717
CLMAGS


CLIMATE REPORT
NATIONAL WEATHER SERVICE COLUMBIA SC
112 PM EDT FRI MAY 1 2015

...................................

...THE AUGUSTA BUSH FIELD GA CLIMATE SUMMARY FOR THE MONTH OF APRIL 2015...

CLIMATE NORMAL PERIOD 1981 TO 2010
CLIMATE RECORD PERIOD 1873 TO 2015

WEATHER         OBSERVED          NORMAL  DEPART
                 VALUE   DATE(S)  VALUE   FROM
                                          NORMAL
................................................
TEMPERATURE (F)
RECORD
 HIGH              96   04/27/1986
 LOW               26   04/08/2007
                        04/07/1982
                        04/20/1983
HIGHEST            91   04/09        MM      MM
LOWEST             39   04/05        MM      MM
AVG. MAXIMUM     77.8              77.3     0.5
AVG. MINIMUM     54.9              48.1     6.8
MEAN             66.3              62.7     3.6
DAYS MAX >= 90      1               0.8     0.2
DAYS MAX <= 32      0               0.0     0.0
DAYS MIN <= 32      0               0.9    -0.9
DAYS MIN <= 0       0               0.0     0.0

PRECIPITATION (INCHES)
RECORD
 MAXIMUM         8.43   1961
 MINIMUM         0.60   1970
TOTALS           4.86              2.84    2.02
DAILY AVG.       0.16              0.09    0.07
DAYS >= .01        13               7.5     5.5
DAYS >= .10         8               5.1     2.9
DAYS >= .50         4               2.0     2.0
DAYS >= 1.00        2               0.7     1.3
GREATEST
 24 HR. TOTAL    1.41   04/17 TO 04/18
 STORM TOTAL       MM
 (MM/DD(HH))            MM

SNOWFALL (INCHES)
RECORDS
 TOTAL             MM   MM
TOTALS            0.0               0.0     0.0
SINCE 7/1           T               0.9    -0.9
DAYS >= TRACE       0               0.0     0.0
DAYS >= 1.0         0               0.0     0.0
GREATEST
 SNOW DEPTH         0   MM

DEGREE_DAYS
HEATING TOTAL      54               124     -70
 SINCE 7/1       2553              2452     101
COOLING TOTAL     102                55      47
 SINCE 1/1        114                73      41

FREEZE DATES
RECORD
 EARLIEST     MM
 LATEST       MM
EARLIEST                        MM
LATEST                          MM
.................................................

WIND (MPH)
AVERAGE WIND SPEED              6.1
RESULTANT WIND SPEED/DIRECTION   1/206
HIGHEST WIND SPEED/DIRECTION    29/230    DATE  04/19
HIGHEST GUST SPEED/DIRECTION    39/240    DATE  04/19

SKY COVER
POSSIBLE SUNSHINE (PERCENT)   MM
AVERAGE SKY COVER           0.40
NUMBER OF DAYS FAIR           15
NUMBER OF DAYS PC              8
NUMBER OF DAYS CLOUDY          7

AVERAGE RH (PERCENT)     71

WEATHER CONDITIONS. NUMBER OF DAYS WITH
THUNDERSTORM              3     MIXED PRECIP               0
HEAVY RAIN                4     RAIN                       8
LIGHT RAIN               18     FREEZING RAIN              0
LT FREEZING RAIN          0     HAIL                       0
HEAVY SNOW                0     SNOW                       0
LIGHT SNOW                0     SLEET                      0
FOG                      17     FOG W/VIS <= 1/4 MILE      2
HAZE                      2

-  INDICATES NEGATIVE NUMBERS.
R  INDICATES RECORD WAS SET OR TIED.
MM INDICATES DATA IS MISSING.
T  INDICATES TRACE AMOUNT.

$$
