415
CXUS55 KCYS 061359
CLMAIA


CLIMATE REPORT
NATIONAL WEATHER SERVICE CHEYENNE WY
658 AM MST TUE DEC 6 2016

...................................

...THE ALLIANCE NE AIRPORT CLIMATE SUMMARY FOR THE MONTH OF NOVEMBER 2016...

CLIMATE NORMAL PERIOD 1981 TO 2010
CLIMATE RECORD PERIOD 1896 TO 2016

WEATHER         OBSERVED          NORMAL  DEPART  LAST YEAR`S
                 VALUE   DATE(S)  VALUE   FROM    VALUE
                                          NORMAL
.............................................................
TEMPERATURE (F)
RECORD
 HIGH              80   11/08/2006
                        11/08/1999
                        11/07/1999
 LOW              -25   11/13/1916
HIGHEST            76   11/16        MM      MM       77
LOWEST              1   11/19        MM      MM       -7
AVG. MAXIMUM     57.7              48.6     9.1     49.2
AVG. MINIMUM     20.5              17.6     2.9     18.8
MEAN             39.1              33.1     6.0     34.0
DAYS MAX >= 90      0               0.0                0
DAYS MAX <= 32      1               4.7                7
DAYS MIN <= 32     29              28.6               28
DAYS MIN <= 0       0               1.5                1

PRECIPITATION (INCHES)
RECORD
 MAXIMUM         1.50   1972
 MINIMUM         0.00   1997
                        1989
                        1949
TOTALS           0.11              0.45   -0.34     0.52
DAYS >= .01         3                MM      MM        5
DAYS >= .10         0                MM      MM        2
DAYS >= .50         0                MM      MM        0
DAYS >= 1.00        0                MM      MM        0
GREATEST
 24 HR. TOTAL    0.07   11/17 TO 11/17

DEGREE_DAYS
HEATING TOTAL     771               957    -186      924
 SINCE 7/1       1330              1799    -469     1487
COOLING TOTAL       0                 0       0        0
 SINCE 1/1        588               564      24      566
..............................................................

WIND (MPH)
AVERAGE WIND SPEED              10.3
HIGHEST WIND SPEED/DIRECTION    41/330    DATE  11/29
HIGHEST GUST SPEED/DIRECTION    55/320    DATE  11/29

SKY COVER
POSSIBLE SUNSHINE (PERCENT)   MM
AVERAGE SKY COVER           0.10
NUMBER OF DAYS FAIR           26
NUMBER OF DAYS PC              4
NUMBER OF DAYS CLOUDY          0

AVERAGE RH (PERCENT)     60

WEATHER CONDITIONS. NUMBER OF DAYS WITH
THUNDERSTORM              0     MIXED PRECIP               0
HEAVY RAIN                0     RAIN                       0
LIGHT RAIN                2     FREEZING RAIN              0
LT FREEZING RAIN          0     HAIL                       0
HEAVY SNOW                0     SNOW                       0
LIGHT SNOW                4     SLEET                      0
FOG                       6     FOG W/VIS <= 1/4 MILE      2
HAZE                      1

-  INDICATES NEGATIVE NUMBERS.
R  INDICATES RECORD WAS SET OR TIED.
MM INDICATES DATA IS MISSING.
T  INDICATES TRACE AMOUNT.

$$
