000
CXUS54 KAMA 011610
CLMAMA


CLIMATE REPORT
NATIONAL WEATHER SERVICE AMARILLO TX
1009 AM CST MON FEB 1 2016

...................................

...THE AMARILLO CLIMATE SUMMARY FOR THE MONTH OF JANUARY 2016...

CLIMATE NORMAL PERIOD 1981 TO 2010
CLIMATE RECORD PERIOD 1892 TO 2016

WEATHER         OBSERVED          NORMAL  DEPART  LAST YEAR`S
                 VALUE   DATE(S)  VALUE   FROM    VALUE  DATE(S)
                                          NORMAL
................................................................
TEMPERATURE (F)
RECORD
 HIGH              83   01/05/1927
 LOW              -11   01/18/1984
                        01/04/1959
                        01/06/1912
HIGHEST            79   01/30                         73  01/27
LOWEST             16   01/09                          9  01/04
AVG. MAXIMUM     52.8              50.6     2.2     48.1
AVG. MINIMUM     24.6              23.4     1.2     25.2
MEAN             38.7              37.0     1.7     36.6
DAYS MAX >= 90      0               0.0     0.0        0
DAYS MAX <= 32      2               2.7    -0.7        4
DAYS MIN <= 32     28              26.8     1.2       25
DAYS MIN <= 0       0               0.2    -0.2        0

PRECIPITATION (INCHES)
RECORD
 MAXIMUM         2.67   1999
 MINIMUM         0.00   1986
                        1923
TOTALS           0.19              0.72   -0.53     1.61
DAILY AVG.       0.01              0.02   -0.01     0.05
DAYS >= .01         4               3.9     0.1        7
DAYS >= .10         1               1.7    -0.7        4
DAYS >= .50         0               0.5    -0.5        1
DAYS >= 1.00        0               0.0     0.0        0
GREATEST
 24 HR. TOTAL    0.11   01/16 TO 01/16
                        01/15 TO 01/16
                        01/16 TO 01/16

SNOWFALL (INCHES)
RECORDS
 TOTAL           19.7   1897
TOTALS            1.4               4.7    -3.3     14.1
SINCE 7/1         8.9              11.1    -2.2     17.0
DAYS >= TRACE       4               2.6     1.4        9
DAYS >= 1.0         0               1.4    -1.4        3
GREATEST
 SNOW DEPTH         1   01/16
                        01/09
 24 HR TOTAL      0.6   MM

DEGREE_DAYS
HEATING TOTAL     807               868     -61      871
 SINCE 7/1       2201              2585    -384     2440
COOLING TOTAL       0                 0       0        0
 SINCE 1/1          0                 0       0        0
.................................................................

WIND (MPH)
AVERAGE WIND SPEED              11.0
HIGHEST WIND SPEED/DIRECTION    35/250    DATE  01/30
HIGHEST GUST SPEED/DIRECTION    44/250    DATE  01/30

SKY COVER
POSSIBLE SUNSHINE (PERCENT)   MM
NUMBER OF DAYS FAIR           20
NUMBER OF DAYS PC              8
NUMBER OF DAYS CLOUDY          3

AVERAGE RH (PERCENT)     60

WEATHER CONDITIONS. NUMBER OF DAYS WITH
THUNDERSTORM              0     MIXED PRECIP               0
HEAVY RAIN                0     RAIN                       0
LIGHT RAIN                3     FREEZING RAIN              0
LT FREEZING RAIN          0     HAIL                       0
HEAVY SNOW                0     SNOW                       0
LIGHT SNOW                4     SLEET                      0
FOG                      10     FOG W/VIS <= 1/4 MILE      7
HAZE                      0

-  INDICATES NEGATIVE NUMBERS.
R  INDICATES RECORD WAS SET OR TIED.
MM INDICATES DATA IS MISSING.
T  INDICATES TRACE AMOUNT.

$$
