000
CXUS51 KCTP 011517
CLMAOO

CLIMATE REPORT
NATIONAL WEATHER SERVICE STATE COLLEGE PA
1007 AM EST SUN FEB 1 2015

...................................

...THE ALTOONA CLIMATE SUMMARY FOR THE MONTH OF JANUARY 2015...

CLIMATE NORMAL PERIOD 1981 TO 2010
CLIMATE RECORD PERIOD 1948 TO 2015

WEATHER         OBSERVED          NORMAL  DEPART  LAST YEAR`S
                 VALUE   DATE(S)  VALUE   FROM    VALUE  DATE(S)
                                          NORMAL
................................................................
TEMPERATURE (F)
RECORD
 HIGH              74   01/25/1950
 LOW              -20   01/17/1982
HIGHEST            55   01/04                         53  01/13
LOWEST              0   01/10                         -8  01/07
AVG. MAXIMUM     31.7              34.0    -2.3     29.9
AVG. MINIMUM     17.5              19.7    -2.2     12.4
MEAN             24.6              26.8    -2.2     21.1
DAYS MAX >= 90      0                MM      MM        0
DAYS MAX <= 32     12                MM      MM       16
DAYS MIN <= 32     30                MM      MM       30
DAYS MIN <= 0       1                MM      MM        7

PRECIPITATION (INCHES)
RECORD
 MAXIMUM         6.91   1978
 MINIMUM         0.27   1981
TOTALS           1.60              2.17   -0.57     0.84
DAILY AVG.       0.05              0.07   -0.02     0.03
DAYS >= .01        14                MM      MM       13
DAYS >= .10         9                MM      MM        2
DAYS >= .50         0                MM      MM        0
DAYS >= 1.00        0                MM      MM        0
GREATEST
 24 HR. TOTAL    0.40   01/03 TO 01/04


DEGREE_DAYS
HEATING TOTAL    1242              1182      60     1356
 SINCE 7/1       3498              3553     -55     3611
COOLING TOTAL       0                 0       0        0
 SINCE 1/1          0                 0       0        0
..........................................................

WIND (MPH)
AVERAGE WIND SPEED              9.5
HIGHEST WIND SPEED/DIRECTION    35/280    DATE  01/04
HIGHEST GUST SPEED/DIRECTION    49/250    DATE  01/04

SKY COVER
POSSIBLE SUNSHINE (PERCENT)   MM
AVERAGE SKY COVER           0.60
NUMBER OF DAYS FAIR            8
NUMBER OF DAYS PC              8
NUMBER OF DAYS CLOUDY         15

AVERAGE RH (PERCENT)     70

WEATHER CONDITIONS. NUMBER OF DAYS WITH
THUNDERSTORM              0     MIXED PRECIP               0
HEAVY RAIN                1     RAIN                       1
LIGHT RAIN                6     FREEZING RAIN              1
LT FREEZING RAIN          3     HAIL                       0
HEAVY SNOW                0     SNOW                       7
LIGHT SNOW               20     SLEET                      1
FOG                      18     FOG W/VIS <= 1/4 MILE      4
HAZE                     10

-  INDICATES NEGATIVE NUMBERS.
R  INDICATES RECORD WAS SET OR TIED.
MM INDICATES DATA IS MISSING.
T  INDICATES TRACE AMOUNT.

$$

EVANEGO
