000
CXUS52 KMFL 011822
CLMAPF


CLIMATE REPORT
NATIONAL WEATHER SERVICE MIAMI, FL
118 PM EST SUN FEB 1 2015

...................................

...THE NAPLES CLIMATE SUMMARY FOR THE MONTH OF JANUARY 2015...

CLIMATE NORMAL PERIOD 1981 TO 2010
CLIMATE RECORD PERIOD 1942 TO 2015

WEATHER         OBSERVED          NORMAL  DEPART  LAST YEAR`S
                 VALUE   DATE(S)  VALUE   FROM    VALUE  DATE(S)
                                          NORMAL
................................................................
TEMPERATURE (F)
RECORD
 HIGH              88   01/30/2002
                        01/27/2002
                        01/21/1990
 LOW               26   01/12/1982
                        01/20/1977
HIGHEST            85   01/03                         85  01/01
LOWEST             48   01/25                         38  01/23
                        01/08                             01/19
AVG. MAXIMUM     76.3              74.7     1.6     73.2
AVG. MINIMUM     58.5              54.2     4.3     54.6
MEAN             67.4              64.5     2.9     63.9
DAYS MAX >= 90      0                                  0
DAYS MAX <= 32      0                                  0
DAYS MIN <= 32      0                                  0
DAYS MIN <= 0       0                                  0

PRECIPITATION (INCHES)
RECORD
 MAXIMUM         9.40   1991
 MINIMUM         0.00   1949
TOTALS           0.10              1.85   -1.75     2.39
DAILY AVG.       0.00              0.06   -0.06     0.08
DAYS >= .01         2                                  9
DAYS >= .10         0                                  4
DAYS >= .50         0                                  1
DAYS >= 1.00        0                                  1
GREATEST
 24 HR. TOTAL    0.09   01/11 TO 01/11              1.81

DEGREE_DAYS
HEATING TOTAL      37               102     -65      117
 SINCE 7/1        117               180     -63      125
COOLING TOTAL     117                86      31       91
 SINCE 1/1        117                88      29       91
.................................................................

WIND (MPH)
AVERAGE WIND SPEED              8.1
HIGHEST WIND SPEED/DIRECTION    28/290    DATE  01/26
HIGHEST GUST SPEED/DIRECTION    37/290    DATE  01/26

SKY COVER
POSSIBLE SUNSHINE (PERCENT)   MM
AVERAGE SKY COVER           0.30
NUMBER OF DAYS FAIR           19
NUMBER OF DAYS PC              9
NUMBER OF DAYS CLOUDY          3

AVERAGE RH (PERCENT)     74

WEATHER CONDITIONS. NUMBER OF DAYS WITH
THUNDERSTORM              0     MIXED PRECIP               0
HEAVY RAIN                2     RAIN                       0
LIGHT RAIN                7     FREEZING RAIN              0
LT FREEZING RAIN          0     HAIL                       0
HEAVY SNOW                0     SNOW                       0
LIGHT SNOW                0     SLEET                      0
FOG                      12     FOG W/VIS <= 1/4 MILE      0
HAZE                      5

-  INDICATES NEGATIVE NUMBERS.
R  INDICATES RECORD WAS SET OR TIED.
MM INDICATES DATA IS MISSING.
T  INDICATES TRACE AMOUNT.

$$
