446
CXUS51 KBUF 011656
CLMART


CLIMATE REPORT
NATIONAL WEATHER SERVICE BUFFALO NY
1253 PM EDT SUN OCT 1 2017

...................................

...THE WATERTOWN NY CLIMATE SUMMARY FOR THE MONTH OF SEPTEMBER 2017...

CLIMATE NORMAL PERIOD 1981 TO 2010
CLIMATE RECORD PERIOD 1949 TO 2017

WEATHER         OBSERVED          NORMAL  DEPART  LAST YEAR`S
                 VALUE   DATE(S)  VALUE   FROM    VALUE  DATE(S)
                                          NORMAL
................................................................
TEMPERATURE (F)
RECORD
 HIGH              96   09/04/1953
 LOW               22   09/30/1991
HIGHEST            85   09/27                         87  09/07
LOWEST             35   09/30                         31  09/25
AVG. MAXIMUM     73.7              70.4     3.3     74.7
AVG. MINIMUM     49.6              48.5     1.1     48.3
MEAN             61.6              59.5     2.1     61.5
DAYS MAX >= 90      0               0.1    -0.1        0
DAYS MAX <= 32      0               0.0     0.0        0
DAYS MIN <= 32      0               1.2    -1.2        1
DAYS MIN <= 0       0               0.0     0.0        0

PRECIPITATION (INCHES)
RECORD
 MAXIMUM         7.42   1975
 MINIMUM         0.16   1961
TOTALS           1.29              3.72   -2.43     2.45
DAYS >= .01         7              11.3    -4.3        9
DAYS >= .10         4               7.3    -3.3        6
DAYS >= .50         1               2.4    -1.4        1
DAYS >= 1.00        0               0.7    -0.7        1
GREATEST
 24 HR. TOTAL    0.51   09/03 TO 09/03           08/31 TO 09/01
                                                          09/01 TO 09/01
                                                          09/01 TO 09/01

DEGREE_DAYS
HEATING TOTAL     147               202     -55      144
 SINCE 7/1        217               274     -57      155
COOLING TOTAL      53                35      18       47
 SINCE 1/1        383               359      24      561
..................................................

WIND (MPH)
AVERAGE WIND SPEED              4.5
HIGHEST WIND SPEED/DIRECTION    22/210
HIGHEST GUST SPEED/DIRECTION    33/170    DATE  09/05

SKY COVER
POSSIBLE SUNSHINE (PERCENT)   MM
AVERAGE SKY COVER           0.30
NUMBER OF DAYS FAIR           19
NUMBER OF DAYS PC             10
NUMBER OF DAYS CLOUDY          1

AVERAGE RH (PERCENT)     79

WEATHER CONDITIONS. NUMBER OF DAYS WITH
THUNDERSTORM              0     MIXED PRECIP               0
HEAVY RAIN                1     RAIN                       5
LIGHT RAIN                9     FREEZING RAIN              0
LT FREEZING RAIN          0     HAIL                       0
HEAVY SNOW                0     SNOW                       0
LIGHT SNOW                0     SLEET                      0
FOG                      23     FOG W/VIS <= 1/4 MILE      6
HAZE                      7

-  INDICATES NEGATIVE NUMBERS.
R  INDICATES RECORD WAS SET OR TIED.
MM INDICATES DATA IS MISSING.
T  INDICATES TRACE AMOUNT.

$$
