000
CXUS51 KBUF 031227
CLMART

CLIMATE REPORT
NATIONAL WEATHER SERVICE BUFFALO NY
1009 AM EDT FRI APR 1 2016

...................................

...THE WATERTOWN NY CLIMATE SUMMARY FOR THE MONTH OF MARCH 2016...

CLIMATE NORMAL PERIOD 1981 TO 2010
CLIMATE RECORD PERIOD 1949 TO 2016

WEATHER         OBSERVED          NORMAL  DEPART  LAST YEAR`S
                 VALUE   DATE(S)  VALUE   FROM    VALUE  DATE(S)
                                          NORMAL
................................................................
TEMPERATURE (F)
RECORD
 HIGH              84   03/30/1977
 LOW              -24   03/12/1984
HIGHEST            68   03/09                         51  03/25
                                                          03/10
LOWEST              4   03/03                        -13  03/01
AVG. MAXIMUM     45.4              40.7     4.7     36.5
AVG. MINIMUM     25.3              20.5     4.8     16.9
MEAN             35.4              30.6     4.8     26.7
DAYS MAX >= 90      0               0.0     0.0        0
DAYS MAX <= 32      4               6.8    -2.8       10
DAYS MIN <= 32     21              25.7    -4.7       27
DAYS MIN <= 0       0               2.1    -2.1        4

PRECIPITATION (INCHES)
RECORD
 MAXIMUM         5.72   1999
 MINIMUM         0.15   2004
                        1967
TOTALS           2.65              2.30    0.35     0.83
DAYS >= .01        14              12.3     1.7       13
DAYS >= .10         6               6.2    -0.2        2
DAYS >= .50         2               1.2     0.8        0
DAYS >= 1.00        0               0.3    -0.3        0
GREATEST
 24 HR. TOTAL    0.73   03/10 TO 03/10           03/26 TO 03/26
                                                          03/26 TO 03/26
                                                          03/26 TO 03/26

DEGREE_DAYS
HEATING TOTAL     911              1066    -155     1181
 SINCE 7/1       5559              6507    -948     6701
COOLING TOTAL       0                 0       0        0
 SINCE 1/1          0                 0       0        0
.......................................................

WIND (MPH)
AVERAGE WIND SPEED              8.0
HIGHEST WIND SPEED/DIRECTION    29/260
HIGHEST GUST SPEED/DIRECTION    40/180    DATE  03/28

SKY COVER
POSSIBLE SUNSHINE (PERCENT)   MM
AVERAGE SKY COVER           0.50
NUMBER OF DAYS FAIR           10
NUMBER OF DAYS PC             10
NUMBER OF DAYS CLOUDY         11

AVERAGE RH (PERCENT)     69

WEATHER CONDITIONS. NUMBER OF DAYS WITH
THUNDERSTORM              1     MIXED PRECIP               0
HEAVY RAIN                2     RAIN                       5
LIGHT RAIN               13     FREEZING RAIN              3
LT FREEZING RAIN          3     HAIL                       0
HEAVY SNOW                0     SNOW                       3
LIGHT SNOW                6     SLEET                      0
FOG                      18     FOG W/VIS <= 1/4 MILE      3
HAZE                     10

-  INDICATES NEGATIVE NUMBERS.
R  INDICATES RECORD WAS SET OR TIED.
MM INDICATES DATA IS MISSING.
T  INDICATES TRACE AMOUNT.

$$
