000
CXUS54 KEWX 011821
CLMATT

CLIMATE REPORT
NATIONAL WEATHER SERVICE AUSTIN/SAN ANTONIO, TX
122 PM CDT TUE AUG 1 2017

...................................

...THE AUSTIN CAMP MABRY CLIMATE SUMMARY FOR THE MONTH OF JULY 2017...

CLIMATE NORMAL PERIOD 1981 TO 2010
CLIMATE RECORD PERIOD 1897 TO 2017

WEATHER         OBSERVED          NORMAL  DEPART  LAST YEAR`S
                 VALUE   DATE(S)  VALUE   FROM    VALUE  DATE(S)
                                          NORMAL
................................................................
TEMPERATURE (F)
HIGHEST           107   07/29                        102  07/25
                                                          07/22
LOWEST             68   07/16                         74  07/29
                                                          07/27
                                                          07/01
AVG. MAXIMUM    101.4              95.6     5.8     98.9
AVG. MINIMUM     76.5              74.4     2.1     77.1
MEAN             88.9              85.0     3.9     88.0
DAYS MAX >= 90     31                                 31
DAYS MAX <= 32      0                                  0
DAYS MIN <= 32      0                                  0
DAYS MIN <= 0       0                                  0

PRECIPITATION (INCHES)
TOTALS           0.23              1.88   -1.65     1.94
DAILY AVG.       0.01              0.06   -0.05     0.06
DAYS >= .01         4                                  4
DAYS >= .10         1                                  2
DAYS >= .50         0                                  2
DAYS >= 1.00        0                                  1
GREATEST
 24 HR. TOTAL    0.16   07/15 TO 07/15

SNOWFALL (INCHES)
TOTALS            0.0               0.0     0.0      0.0
SINCE 7/1         0.0

DEGREE_DAYS
HEATING TOTAL       0                 0       0        0
 SINCE 7/1          0                 0       0        0
COOLING TOTAL     749               620     129      721
 SINCE 1/1       2188              1749     439     1885
.................................................................

WIND (MPH)
AVERAGE WIND SPEED              4.7
HIGHEST WIND SPEED/DIRECTION    23/020    DATE  07/15
HIGHEST GUST SPEED/DIRECTION    35/020    DATE  07/15

SKY COVER
POSSIBLE SUNSHINE (PERCENT)   MM
AVERAGE SKY COVER           0.20
NUMBER OF DAYS FAIR           27
NUMBER OF DAYS PC              4
NUMBER OF DAYS CLOUDY          0

AVERAGE RH (PERCENT)     58

WEATHER CONDITIONS. NUMBER OF DAYS WITH
THUNDERSTORM              0     MIXED PRECIP               0
HEAVY RAIN                1     RAIN                       2
LIGHT RAIN                6     FREEZING RAIN              0
LT FREEZING RAIN          0     HAIL                       0
HEAVY SNOW                0     SNOW                       0
LIGHT SNOW                0     SLEET                      0
FOG                       2     FOG W/VIS <= 1/4 MILE      0
HAZE                      1

-  INDICATES NEGATIVE NUMBERS.
R  INDICATES RECORD WAS SET OR TIED.
MM INDICATES DATA IS MISSING.
T  INDICATES TRACE AMOUNT.

&&

MONTHLY CLIMATE SUMMARY:
JULY 2017 WAS THE 3RD WARMEST AND 21ST DRIEST JULY
SINCE RECORD KEEPING BEGAN.

SEA LEVEL PRESSURE DATA:
HIGHEST SLP 30.14 INCHES ON THE 2ND
LOWEST  SLP 29.79 INCHES ON THE 29TH

PRELIMINARY LOCAL CLIMATOLOGICAL DATA (WS FORM: F-6)

                                          STATION:   AUSTIN CAMP MABRY
                                          MONTH:     JULY
                                          YEAR:      2017
                                          LATITUDE:   30 17 N
                                          LONGITUDE:  97 42 W

  TEMPERATURE IN F:       :PCPN:    SNOW:  WIND      :SUNSHINE: SKY     :PK WND
================================================================================
1   2   3   4   5  6A  6B    7    8   9   10  11  12  13   14  15   16   17  18
                                     12Z  AVG MX 2MIN
DY MAX MIN AVG DEP HDD CDD  WTR  SNW DPTH SPD SPD DIR MIN PSBL S-S WX    SPD DR
================================================================================

 1  98  79  89   5   0  24    T  0.0    0  7.3 15 150   M    M   5 18     24 150
 2 100  78  89   5   0  24 0.00  0.0    0  5.9 14 160   M    M   5        25 150
 3  99  76  88   4   0  23 0.00  0.0    0  6.8 13 160   M    M   3        26 160
 4 101  78  90   6   0  25 0.00  0.0    0  6.8 13 160   M    M   3        28 190
 5  99  78  89   5   0  24 0.00  0.0    0  5.5 13 140   M    M   4        19 130
 6 100  77  89   5   0  24 0.00  0.0    0  3.7 12 120   M    M   3 3      20 180
 7  99  75  87   3   0  22 0.02  0.0    0  2.7 15 170   M    M   1 3      27 140
 8 100  75  88   4   0  23 0.00  0.0    0  3.1  9 150   M    M   0        17 140
 9 101  77  89   5   0  24 0.00  0.0    0  4.2 12 120   M    M   1        19 130
10 100  76  88   3   0  23 0.00  0.0    0  5.2 12 160   M    M   0        20 160
11 101  77  89   4   0  24 0.00  0.0    0  6.9 14 150   M    M   2        22 170
12 101  77  89   4   0  24 0.00  0.0    0  5.9 13 160   M    M   3        20 160
13 102  77  90   5   0  25 0.00  0.0    0  3.4 14 130   M    M   3        19 200
14 101  77  89   4   0  24 0.00  0.0    0  3.7 15 140   M    M   2        22 150
15 103  71  87   2   0  22 0.16  0.0    0  2.6 23  20   M    M   2 3      35  20
16  99  68  84  -1   0  19 0.00  0.0    0  2.8 12  50   M    M   1 1      24  70
17  98  77  88   3   0  23    T  0.0    0  3.3 16 100   M    M   2 3      23 110
18 100  76  88   3   0  23 0.00  0.0    0  5.1 14 120   M    M   2        20 120
19 101  77  89   4   0  24 0.00  0.0    0  4.7 18 140   M    M   2        29 130
20 103  77  90   5   0  25 0.00  0.0    0  5.1 14 140   M    M   0        22 140
21 104  77  91   6   0  26 0.00  0.0    0  5.1 14 150   M    M   0        24 150
22 103  77  90   5   0  25 0.00  0.0    0  5.5 13 170   M    M   0        22 170
23 103  77  90   4   0  25 0.04  0.0    0  3.5 13 300   M    M   1 3      24 300
24 102  76  89   3   0  24 0.01  0.0    0  3.1 13 140   M    M   3 3      19 150
25 103  78  91   5   0  26 0.00  0.0    0  6.8 15 150   M    M   4        24 150
26 103  78  91   5   0  26    T  0.0    0  5.6 15 180   M    M   2        27 180
27 103  75  89   3   0  24 0.00  0.0    0  4.7 12 150   M    M   0        21 160
28 105  76  91   5   0  26 0.00  0.0    0  4.5 14 160   M    M   0        20 150
29 107  77  92   6   0  27 0.00  0.0    0  4.5 12 120   M    M   1        17 110
30 106  79  93   7   0  28 0.00  0.0    0  3.7 13  30   M    M   1        20  30
31  99  77  88   2   0  23 0.00  0.0    0  4.3 12  90   M    M   2        20  50
================================================================================
SM 3144 2370         0 749  0.23     0.0 146.0          M       58
================================================================================
AV101.4 76.5                               4.7 FASTST   M    M   2    MAX(MPH)
                                 MISC ---->  # 23  20               # 35   20
================================================================================
NOTES:
# LAST OF SEVERAL OCCURRENCES

COLUMN 17 PEAK WIND IN M.P.H.

SYMBOLS USED IN COLUMN 16
1 = FOG OR MIST
2 = FOG REDUCING VISIBILITY
3 = THUNDER
4 = ICE PELLETS
5 = HAIL
6 = FREEZING RAIN OR DRIZZLE
7 = DUSTSTORM OR SANDSTORM:
8 = SMOKE OR HAZE
9 = BLOWING SNOW
X = TORNADO

$$
