000
CXUS54 KEWX 142219 CCA
CLMAUS

CLIMATE REPORT
NATIONAL WEATHER SERVICE AUSTIN/SAN ANTONIO, TX
415 PM CST SUN DEC 14 2014

...................................

...THE AUSTIN BERGSTROM CLIMATE SUMMARY FOR THE MONTH OF NOVEMBER 2014...

CLIMATE NORMAL PERIOD 1981 TO 2010
CLIMATE RECORD PERIOD 1943 TO 2014

WEATHER         OBSERVED          NORMAL  DEPART  LAST YEAR`S
                 VALUE   DATE(S)  VALUE   FROM    VALUE  DATE(S)
                                          NORMAL
................................................................
TEMPERATURE (F)
HIGHEST            82   11/23                         89  11/17
LOWEST             25   11/14                         26  11/28
AVG. MAXIMUM     66.4              71.4    -5.0     67.3
AVG. MINIMUM     41.7              45.5    -3.8     45.5
MEAN             54.1              58.4    -4.3     56.4
DAYS MAX >= 90      0                                  0
DAYS MAX <= 32      0                                  0
DAYS MIN <= 32      5                                  5
DAYS MIN <= 0       0                                  0

PRECIPITATION (INCHES)
TOTALS           6.64              2.94    3.70     2.16
DAILY AVG.       0.22              0.10    0.12     0.07
DAYS >= .01         8                                  9
DAYS >= .10         4                                  4
DAYS >= .50         3                                  2
DAYS >= 1.00        3                                  0
GREATEST
 24 HR. TOTAL    3.40   11/22 TO 11/22
                        11/21 TO 11/22
                        11/22 TO 11/22

SNOWFALL (INCHES)
TOTALS              T                MM      MM      0.0
SINCE 7/1           T                MM      MM      0.0

DEGREE_DAYS
HEATING TOTAL     336               234     102      289
 SINCE 7/1        338               285      53      325
COOLING TOTAL      14                38     -24       37
 SINCE 1/1       2828              2741      87     3040
.................................................................

WIND (MPH)
AVERAGE WIND SPEED              8.8
HIGHEST WIND SPEED/DIRECTION    29/350    DATE  11/16
HIGHEST GUST SPEED/DIRECTION    37/200    DATE  11/29

SKY COVER
POSSIBLE SUNSHINE (PERCENT)   MM
AVERAGE SKY COVER           0.50
NUMBER OF DAYS FAIR           10
NUMBER OF DAYS PC             10
NUMBER OF DAYS CLOUDY         10

AVERAGE RH (PERCENT)     68

WEATHER CONDITIONS. NUMBER OF DAYS WITH
THUNDERSTORM              0     MIXED PRECIP               0
HEAVY RAIN                3     RAIN                       5
LIGHT RAIN               10     FREEZING RAIN              0
LT FREEZING RAIN          0     HAIL                       1
HEAVY SNOW                0     SNOW                       0
LIGHT SNOW                0     SLEET                      0
FOG                       8     FOG W/VIS <= 1/4 MILE      1
HAZE                      0

-  INDICATES NEGATIVE NUMBERS.
R  INDICATES RECORD WAS SET OR TIED.
MM INDICATES DATA IS MISSING.
T  INDICATES TRACE AMOUNT.

&&
MONTHLY CLIMATOLOGICAL SUMMARY:
NOVEMBER 2014 WAS THE 3RD COLDEST AND 6TH WETTEST SINCE RECORD
KEEPING BEGAN FOR THE AUSTIN-BERGSTROM AIRPORT AREA.

SEA LEVEL PRESSURE DATA:
HIGHEST SLP OF 30.57 ON THE 18TH
LOWEST SLP OF 29.49 ON THE 23RD


PRELIMINARY LOCAL CLIMATOLOGICAL DATA (WS FORM: F-6)

                                          STATION:   AUSTIN BERGSTROM
                                          MONTH:     NOVEMBER
                                          YEAR:      2014
                                          LATITUDE:   30 13 N
                                          LONGITUDE:  97 40 W

  TEMPERATURE IN F:       :PCPN:    SNOW:  WIND      :SUNSHINE: SKY     :PK WND
================================================================================
1   2   3   4   5  6A  6B    7    8   9   10  11  12  13   14  15   16   17  18
                                     12Z  AVG MX 2MIN
DY MAX MIN AVG DEP HDD CDD  WTR  SNW DPTH SPD SPD DIR MIN PSBL S-S WX    SPD DR
================================================================================

 1  69  41  55  -9  10   0 0.00  0.0    0  6.3 14 140   M    M   1        17  40
 2  76  38  57  -7   8   0 0.00  0.0    0  8.6 22 140   M    M   5        27 150
 3  77  53  65   2   0   0    T  0.0    0 10.0 25 180   M    M   9        32 150
 4  79  58  69   6   0   4 1.12  0.0    0 10.9 28  20   M    M   9 1      34  20
 5  59  55  57  -5   8   0 1.68  0.0    0 11.9 23  10   M    M  10 1      26  10
 6  62  55  59  -3   6   0 0.05  0.0    0  9.7 20  10   M    M  10 1      23 360
 7  71  46  59  -3   6   0 0.00  0.0    0  4.0 13  10   M    M   5        18  10
 8  75  45  60  -1   5   0 0.00  0.0    0  5.9 25  20   M    M   4        30  20
 9  74  40  57  -4   8   0 0.00  0.0    0  5.3 13 190   M    M   0        16 190
10  78  39  59  -1   6   0 0.00  0.0    0 10.2 24 200   M    M   4        33 190
11  65  40  53  -7  12   0    T  0.0    0 13.5 25 350   M    M   7        34 340
12  51  37  44 -16  21   0 0.00  0.0    0 18.1 25  10   M    M   4        32  10
13  42  28  35 -24  30   0 0.00  0.0    0 15.6 26 360   M    M   8        32 360
14  45  25  35 -24  30   0 0.00  0.0    0  5.2 12  50   M    M   9        14  50
15  47  42  45 -13  20   0 0.06  0.0    0  3.2 13 140   M    M  10 1      16 140
16  50  35  43 -15  22   0 0.01  0.0    0 11.1 29 350   M    M  10 12     35 350
17  52  28  40 -18  25   0 0.00  0.0    0 11.3 24 340   M    M   3        32 330
18  55  26  41 -16  24   0 0.00  0.0    0  3.6 15 180   M    M   4        21 190
19  68  26  47 -10  18   0 0.00  0.0    0  6.2 22 190   M    M   1        30 210
20  72  35  54  -3  11   0 0.27  0.0    0  6.4 18 190   M    M   6 1      24 200
21  76  61  69  13   0   4 0.05  0.0    0  9.3 18 150   M    M   9 1      24 150
22  66  57  62   6   3   0 3.40   T     0  9.4 25 360   M    M  10 135    32 360
23  82  52  67  11   0   2 0.00  0.0    0 10.1 24 330   M    M   2        33 330
24  66  36  51  -4  14   0 0.00  0.0    0  8.1 23 340   M    M   1        32 340
25  67  33  50  -5  15   0 0.00  0.0    0  3.2 13 260   M    M   2        17 260
26  76  39  58   3   7   0 0.00  0.0    0  7.3 18 220   M    M   0        25 210
27  64  36  50  -4  15   0 0.00  0.0    0  5.3 14  40   M    M   0        17  50
28  73  33  53  -1  12   0 0.00  0.0    0  8.0 22 190   M    M   2        27 180
29  77  53  65  11   0   0 0.00  0.0    0 14.4 28 190   M    M   4        37 200
30  79  58  69  16   0   4 0.00  0.0    0 12.5 26 190   M    M   7        32 180
================================================================================
SM 1993 1250       336  14  6.64     0.0 264.6          M      156
================================================================================
AV 66.4 41.7                               8.8 FASTST   M    M   5    MAX(MPH)
                                 MISC ---->  # 29 350               # 37  200
================================================================================
NOTES:
# LAST OF SEVERAL OCCURRENCES

COLUMN 17 PEAK WIND IN M.P.H.

SYMBOLS USED IN COLUMN 16

1 = FOG OR MIST
2 = FOG REDUCING VISIBILITY
    TO 1/4 MILE OR LESS
3 = THUNDER
4 = ICE PELLETS
5 = HAIL
6 = FREEZING RAIN OR DRIZZLE
7 = DUSTSTORM OR SANDSTORM:
    VSBY 1/2 MILE OR LESS
8 = SMOKE OR HAZE
9 = BLOWING SNOW
X = TORNADO

$$
