886
CXUS53 KGRB 011030
CLMAUW


CLIMATE REPORT
NATIONAL WEATHER SERVICE GREEN BAY
529 AM CDT SUN MAY 1 2016

...................................

...THE WAUSAU WI CLIMATE SUMMARY FOR THE MONTH OF APRIL 2016...

CLIMATE NORMAL PERIOD 1981 TO 2010
CLIMATE RECORD PERIOD 1896 TO 2016

WEATHER         OBSERVED          NORMAL  DEPART  LAST YEAR`S
                 VALUE   DATE(S)  VALUE   FROM    VALUE  DATE(S)
                                          NORMAL
................................................................
TEMPERATURE (F)
RECORD
 HIGH              91   04/29/1952
                        04/28/1952
 LOW                4   04/04/1995
                        04/03/1954
HIGHEST            82   04/18        76       6       75  04/17
LOWEST             17   04/09        17       0       24  04/04
AVG. MAXIMUM     53.9              54.8    -0.9     57.3
AVG. MINIMUM     34.8              33.3     1.5     34.4
MEAN             44.4              44.1     0.3     45.8
DAYS MAX >= 90      0               0.0     0.0        0
DAYS MAX <= 32      0               0.6    -0.6        0
DAYS MIN <= 32     12              13.3    -1.3       14
DAYS MIN <= 0       0               0.0     0.0        0

PRECIPITATION (INCHES)
RECORD
 MAXIMUM         6.06   1954
 MINIMUM         0.34   1946
TOTALS           2.39              2.73   -0.34     3.15
DAILY AVG.       0.08              0.09   -0.01     0.11
DAYS >= .01        12              11.5     0.5        9
DAYS >= .10         5               6.6    -1.6        4
DAYS >= .50         1               1.6    -0.6
DAYS >= 1.00        1               0.4     0.6        1
GREATEST
 STORM TOTAL       MM
 (MM/DD(HH))            MM

SNOWFALL (INCHES)
RECORDS
 TOTAL           25.5   1909
 24 HR TOTAL      7.0   04/21/2002 TO 04/21/2002
TOTALS            5.8               4.1     1.7      5.2
SINCE 7/1        43.4              59.4   -16.0     53.7
DAYS >= TRACE      10               2.8     7.2
DAYS >= 1.0         3               1.3     1.7        1
GREATEST
 SNOW DEPTH         1   04/08                          0  MM
 24 HR TOTAL      2.5   04/08 TO 04/08

DEGREE_DAYS
HEATING TOTAL     615               631     -16      568
 SINCE 7/1       6546              7852   -1306     8181
COOLING TOTAL       2                 2       0        0
 SINCE 1/1          2                 2       0        0
.................................................................

WIND (MPH)
AVERAGE WIND SPEED              8.7
HIGHEST WIND SPEED/DIRECTION    28/280    DATE  04/11
HIGHEST GUST SPEED/DIRECTION    38/340    DATE  04/02

SKY COVER
POSSIBLE SUNSHINE (PERCENT)   MM
AVERAGE SKY COVER           0.60
NUMBER OF DAYS FAIR            7
NUMBER OF DAYS PC             12
NUMBER OF DAYS CLOUDY         11

AVERAGE RH (PERCENT)     59

WEATHER CONDITIONS. NUMBER OF DAYS WITH
THUNDERSTORM              0     MIXED PRECIP               0
HEAVY RAIN                3     RAIN                       1
LIGHT RAIN               12     FREEZING RAIN              1
LT FREEZING RAIN          2     HAIL                       0
HEAVY SNOW                2     SNOW                       4
LIGHT SNOW               10     SLEET                      0
FOG                      12     FOG W/VIS <= 1/4 MILE      2
HAZE                      5

-  INDICATES NEGATIVE NUMBERS.
R  INDICATES RECORD WAS SET OR TIED.
MM INDICATES DATA IS MISSING.
T  INDICATES TRACE AMOUNT.

$$
