000
CXUS53 KLBF 011442
CLMBBW


CLIMATE REPORT
NATIONAL WEATHER SERVICE NORTH PLATTE
941 AM CDT TUE SEP 1 2015

...................................

...THE BROKEN BOW NE CLIMATE SUMMARY FOR THE MONTH OF AUGUST 2015...

CLIMATE NORMAL PERIOD 1981 TO 2010
CLIMATE RECORD PERIOD 1894 TO 2015

WEATHER         OBSERVED          NORMAL  DEPART  LAST YEAR`S
                 VALUE   DATE(S)  VALUE   FROM    VALUE  DATE(S)
                                          NORMAL
................................................................
TEMPERATURE (F)
RECORD
 HIGH             113   08/17/1936
 LOW               33   08/20/1950
HIGHEST            98   08/02        96       2       93  08/20
                                                          08/02
LOWEST             43   08/24        45      -2       49  08/12
AVG. MAXIMUM     85.3              84.1     1.2     85.9
AVG. MINIMUM     58.3              59.4    -1.1     60.4
MEAN             71.8              71.8     0.0     73.2
DAYS MAX >= 90      6               6.7    -0.7        8
DAYS MAX <= 32      0               0.0     0.0        0
DAYS MIN <= 32      0               0.0     0.0        0
DAYS MIN <= 0       0               0.0     0.0        0

PRECIPITATION (INCHES)
RECORD
 MAXIMUM         9.89   1910
 MINIMUM            T   2012
                        1896
TOTALS           3.72              2.23    1.49     2.71
DAILY AVG.       0.12              0.07    0.05     0.09
DAYS >= .01         7                MM      MM       12
DAYS >= .10         5                MM      MM        8
DAYS >= .50         2                MM      MM        2
DAYS >= 1.00        1                MM      MM        0
GREATEST
 24 HR. TOTAL    2.09   08/27 TO 08/27           08/27 TO 08/28
                        08/26 TO 08/27                    08/28 TO 08/28
                        08/27 TO 08/27                    08/28 TO 08/28

SNOWFALL (INCHES)
TOTALS             MM
SINCE 7/1          MM
SNOWDEPTH AVG.     MM
DAYS >= TRACE      MM
DAYS >= 1.0        MM
GREATEST
 SNOW DEPTH        MM

DEGREE_DAYS
HEATING TOTAL      11                13      -2        0
 SINCE 7/1         17                18      -1       15
COOLING TOTAL     228               222       6      259
 SINCE 1/1        740               696      44      723
.........................................................

WIND (MPH)
AVERAGE WIND SPEED              7.3
HIGHEST WIND SPEED/DIRECTION    28/180    DATE  08/13
HIGHEST GUST SPEED/DIRECTION    45/340    DATE  08/18

AVERAGE RH (PERCENT)     69

WEATHER CONDITIONS. NUMBER OF DAYS WITH
THUNDERSTORM              0     MIXED PRECIP               0
HEAVY RAIN                5     RAIN                       5
LIGHT RAIN               12     FREEZING RAIN              0
LT FREEZING RAIN          0     HAIL                       0
HEAVY SNOW                0     SNOW                       0
LIGHT SNOW                0     SLEET                      0
FOG                      18     FOG W/VIS <= 1/4 MILE      4
HAZE                      4

-  INDICATES NEGATIVE NUMBERS.
R  INDICATES RECORD WAS SET OR TIED.
MM INDICATES DATA IS MISSING.
T  INDICATES TRACE AMOUNT.

$$
