629
CXUS53 KLBF 011258
CLMBBW


CLIMATE REPORT
NATIONAL WEATHER SERVICE NORTH PLATTE
757 AM CDT SAT APR 1 2017

...................................

...THE BROKEN BOW NE CLIMATE SUMMARY FOR THE MONTH OF MARCH 2017...

CLIMATE NORMAL PERIOD 1981 TO 2010
CLIMATE RECORD PERIOD 1894 TO 2017

WEATHER         OBSERVED          NORMAL  DEPART  LAST YEAR`S
                 VALUE   DATE(S)  VALUE   FROM    VALUE  DATE(S)
                                          NORMAL
................................................................
TEMPERATURE (F)
RECORD
 HIGH              92   03/30/1943
 LOW              -31   03/03/1960
HIGHEST            86   03/19        76      10       80  03/21
                        03/16
LOWEST             13   03/13         3      10       10  03/20
AVG. MAXIMUM     55.3              51.0     4.3     59.7
AVG. MINIMUM     28.9              24.3     4.6     26.7
MEAN             42.1              37.7     4.4     43.2
DAYS MAX >= 90      0               0.0     0.0        0
DAYS MAX <= 32      3               2.3     0.7        0
DAYS MIN <= 32     20              24.8    -4.8       25
DAYS MIN <= 0       0               0.4    -0.4        0

PRECIPITATION (INCHES)
RECORD
 MAXIMUM         5.82   1987
 MINIMUM         0.00   1898
                        1895
TOTALS           2.82              1.40    1.42     0.44
DAILY AVG.       0.09              0.05    0.04     0.01
DAYS >= .01         7                MM      MM        6
DAYS >= .10         2                MM      MM        1
DAYS >= .50         2                MM      MM        0
DAYS >= 1.00        1                MM      MM        0
GREATEST
 24 HR. TOTAL    2.00   03/23 TO 03/23

SNOWFALL (INCHES)
TOTALS             MM
SINCE 7/1         0.0
SNOWDEPTH AVG.     MM
DAYS >= TRACE       0
DAYS >= 1.0         0
GREATEST
 SNOW DEPTH        MM

DEGREE_DAYS
HEATING TOTAL     702               848    -146      667
 SINCE 7/1       5093              5863    -770     4857
COOLING TOTAL       0                 0       0        0
 SINCE 1/1          0                 0       0        0
....................................................

WIND (MPH)
AVERAGE WIND SPEED              11.5
HIGHEST WIND SPEED/DIRECTION    43/300    DATE  03/06
HIGHEST GUST SPEED/DIRECTION    51/290    DATE  03/07

AVERAGE RH (PERCENT)     63

WEATHER CONDITIONS. NUMBER OF DAYS WITH
THUNDERSTORM              0     MIXED PRECIP               0
HEAVY RAIN                1     RAIN                       2
LIGHT RAIN                9     FREEZING RAIN              0
LT FREEZING RAIN          0     HAIL                       0
HEAVY SNOW                0     SNOW                       0
LIGHT SNOW                3     SLEET                      0
FOG                       3     FOG W/VIS <= 1/4 MILE      1
HAZE                      4

-  INDICATES NEGATIVE NUMBERS.
R  INDICATES RECORD WAS SET OR TIED.
MM INDICATES DATA IS MISSING.
T  INDICATES TRACE AMOUNT.

$$
