000
CXUS51 KBOX 010841
CLMBDL


CLIMATE REPORT
NATIONAL WEATHER SERVICE TAUNTON MA
332 AM EST FRI DEC 1 2017

...................................

...THE HARTFORD CT CLIMATE SUMMARY FOR THE MONTH OF NOVEMBER 2017...

CLIMATE NORMAL PERIOD 1981 TO 2010
CLIMATE RECORD PERIOD 1904 TO 2017

WEATHER         OBSERVED          NORMAL  DEPART
                 VALUE   DATE(S)  VALUE   FROM
                                          NORMAL
................................................
TEMPERATURE (F)
RECORD
 HIGH              83   11/02/1950
 LOW                1   11/24/1989
HIGHEST            77   11/03
LOWEST             19   11/11
AVG. MAXIMUM     50.4              51.6    -1.2
AVG. MINIMUM     30.3              33.2    -2.9
MEAN             40.4              42.4    -2.0
DAYS MAX >= 90      0               0.0     0.0
DAYS MAX <= 32      0               0.3    -0.3
DAYS MIN <= 32     20              14.5     5.5
DAYS MIN <= 0       0               0.0     0.0

PRECIPITATION (INCHES)
RECORD
 MAXIMUM         8.53   1972
 MINIMUM         0.40   2012
TOTALS           1.04              3.89   -2.85
DAYS >= .01        12              10.7     1.3
DAYS >= .10         3               6.3    -3.3
DAYS >= .50         0               2.8    -2.8
DAYS >= 1.00        0               1.1    -1.1
GREATEST
 24 HR. TOTAL    0.29   11/19 TO 11/19

SNOWFALL (INCHES)
RECORDS
 TOTAL           15.6   1938
 SNOW DEPTH        MM   MM
TOTALS              T               2.0    -2.0
SINCE 7/1           T               2.0    -2.0
SNOWDEPTH AVG.      0
GREATEST
 SNOW DEPTH         0   MM
 24 HR TOTAL        T   11/27 TO 11/27

DEGREE_DAYS
HEATING TOTAL     730               678      52
 SINCE 7/1        991              1207    -216
COOLING TOTAL       0                 0       0
 SINCE 1/1        865               756     109
.................................................

WIND (MPH)
AVERAGE WIND SPEED              7.3
RESULTANT WIND SPEED/DIRECTION   3/294
HIGHEST WIND SPEED/DIRECTION    35/280    DATE  11/19
HIGHEST GUST SPEED/DIRECTION    43/310    DATE  11/29

SKY COVER
POSSIBLE SUNSHINE (PERCENT)   MM
AVERAGE SKY COVER           0.60
NUMBER OF DAYS FAIR            8
NUMBER OF DAYS PC             13
NUMBER OF DAYS CLOUDY          9

AVERAGE RH (PERCENT)     68

WEATHER CONDITIONS. NUMBER OF DAYS WITH
THUNDERSTORM              1     MIXED PRECIP               0
HEAVY RAIN                0     RAIN                       3
LIGHT RAIN               18     FREEZING RAIN              0
LT FREEZING RAIN          0     HAIL                       0
HEAVY SNOW                0     SNOW                       2
LIGHT SNOW                4     SLEET                      0
FOG                      11     FOG W/VIS <= 1/4 MILE      1
HAZE                      1

-  INDICATES NEGATIVE NUMBERS.
R  INDICATES RECORD WAS SET OR TIED.
MM INDICATES DATA IS MISSING.
T  INDICATES TRACE AMOUNT.

$$

SIPPRELL
