000
CXUS51 KBOX 021857
CLMBDL


CLIMATE REPORT
NATIONAL WEATHER SERVICE TAUNTON MA
232 PM EDT TUE JUN 2 2015

...................................

...THE HARTFORD CT CLIMATE SUMMARY FOR THE MONTH OF MAY 2015...

CLIMATE NORMAL PERIOD 1981 TO 2010
CLIMATE RECORD PERIOD 1904 TO 2015

WEATHER         OBSERVED          NORMAL  DEPART
                 VALUE   DATE(S)  VALUE   FROM
                                          NORMAL
................................................
TEMPERATURE (F)
RECORD
 HIGH              99   05/26/2010
                        05/20/1996
 LOW               28   05/01/2008
                        05/07/2001
                        05/04/1985
                        05/09/1956
HIGHEST            91   05/10
LOWEST             40   05/15
                        05/14
AVG. MAXIMUM     79.7              71.2     8.5
AVG. MINIMUM     52.4              47.7     4.7
MEAN             66.1              59.5     6.6
DAYS MAX >= 90      2               0.9     1.1
DAYS MAX <= 32      0               0.0     0.0
DAYS MIN <= 32      0               0.4    -0.4
DAYS MIN <= 0       0               0.0     0.0

PRECIPITATION (INCHES)
RECORD
 MAXIMUM        12.00   1989
 MINIMUM         0.73   1959
TOTALS           1.33              4.35   -3.02
DAYS >= .01         5              12.8    -7.8
DAYS >= .10         3               7.9    -4.9
DAYS >= .50         1               2.7    -1.7
DAYS >= 1.00        0               1.1    -1.1
GREATEST
 24 HR. TOTAL    0.58   05/19 TO 05/19

SNOWFALL (INCHES)
RECORDS
 TOTAL             1.3  1977
 SNOW DEPTH          T  1977
                        1923
                        1917
                        1907
                        1905
TOTALS            0.0               0.0     0.0
SINCE 7/1        63.8              40.5    23.3
SNOWDEPTH AVG.      0
GREATEST
 SNOW DEPTH         0   MM
 24 HR TOTAL      0.0   05/31 TO 05/31

DEGREE_DAYS
HEATING TOTAL      75               205    -130
 SINCE 7/1       6178              5958     220
COOLING TOTAL     117                33      84
 SINCE 1/1        117                39      78
.................................................

WIND (MPH)
AVERAGE WIND SPEED              8.8
RESULTANT WIND SPEED/DIRECTION   4/202
HIGHEST WIND SPEED/DIRECTION    30/310    DATE  05/20
HIGHEST GUST SPEED/DIRECTION    38/310    DATE  05/12

SKY COVER
POSSIBLE SUNSHINE (PERCENT)   MM
AVERAGE SKY COVER           0.60
NUMBER OF DAYS FAIR            4
NUMBER OF DAYS PC             16
NUMBER OF DAYS CLOUDY         11

AVERAGE RH (PERCENT)     57

WEATHER CONDITIONS. NUMBER OF DAYS WITH
THUNDERSTORM              0     MIXED PRECIP               0
HEAVY RAIN                3     RAIN                       3
LIGHT RAIN                8     FREEZING RAIN              0
LT FREEZING RAIN          0     HAIL                       0
HEAVY SNOW                0     SNOW                       0
LIGHT SNOW                0     SLEET                      0
FOG                       8     FOG W/VIS <= 1/4 MILE      0
HAZE                      4

-  INDICATES NEGATIVE NUMBERS.
R  INDICATES RECORD WAS SET OR TIED.
MM INDICATES DATA IS MISSING.
T  INDICATES TRACE AMOUNT.

$$
