000
CXUS51 KBOX 011242
CLMBDL


CLIMATE REPORT
NATIONAL WEATHER SERVICE TAUNTON MA
826 AM EDT TUE AUG 1 2017

...................................

...THE HARTFORD CT CLIMATE SUMMARY FOR THE MONTH OF JULY 2017...

CLIMATE NORMAL PERIOD 1981 TO 2010
CLIMATE RECORD PERIOD 1904 TO 2017

WEATHER         OBSERVED          NORMAL  DEPART
                 VALUE   DATE(S)  VALUE   FROM
                                          NORMAL
................................................
TEMPERATURE (F)
RECORD
 HIGH             103   07/22/2011
 LOW               44   07/02/1962
HIGHEST            93   07/20
                        07/19
LOWEST             53   07/30
                        07/26
AVG. MAXIMUM     83.4              84.5    -1.1
AVG. MINIMUM     62.4              62.7    -0.3
MEAN             72.9              73.6    -0.7
DAYS MAX >= 90      5               5.8    -0.8
DAYS MAX <= 32      0               0.0     0.0
DAYS MIN <= 32      0               0.0     0.0
DAYS MIN <= 0       0               0.0     0.0

PRECIPITATION (INCHES)
RECORD
 MAXIMUM        11.24   1938
 MINIMUM         0.54   1924
TOTALS           6.57              4.18    2.39
DAYS >= .01        11              10.4     0.6
DAYS >= .10         8               7.0     1.0
DAYS >= .50         6               2.7     3.3
DAYS >= 1.00        3               1.1     1.9
GREATEST
 24 HR. TOTAL    1.47   07/12 TO 07/12

SNOWFALL (INCHES)
RECORDS
 TOTAL             MM   MM
 SNOW DEPTH        MM   MM
TOTALS            0.0               0.0     0.0
SINCE 7/1         0.0               0.0     0.0
SNOWDEPTH AVG.      0
GREATEST
 SNOW DEPTH         0   MM
 24 HR TOTAL      0.0   07/31 TO 07/31

DEGREE_DAYS
HEATING TOTAL       8                 3       5
 SINCE 7/1          8                 3       5
COOLING TOTAL     258               269     -11
 SINCE 1/1        484               452      32
.................................................

WIND (MPH)
AVERAGE WIND SPEED              6.3
RESULTANT WIND SPEED/DIRECTION   1/233
HIGHEST WIND SPEED/DIRECTION    25/320    DATE  07/20
HIGHEST GUST SPEED/DIRECTION    33/320    DATE  07/20

SKY COVER
POSSIBLE SUNSHINE (PERCENT)   MM
AVERAGE SKY COVER           0.60
NUMBER OF DAYS FAIR            7
NUMBER OF DAYS PC             15
NUMBER OF DAYS CLOUDY          9

AVERAGE RH (PERCENT)     72

WEATHER CONDITIONS. NUMBER OF DAYS WITH
THUNDERSTORM              4     MIXED PRECIP               0
HEAVY RAIN                6     RAIN                       7
LIGHT RAIN               13     FREEZING RAIN              0
LT FREEZING RAIN          0     HAIL                       0
HEAVY SNOW                0     SNOW                       0
LIGHT SNOW                0     SLEET                      0
FOG                      17     FOG W/VIS <= 1/4 MILE      1
HAZE                      1

-  INDICATES NEGATIVE NUMBERS.
R  INDICATES RECORD WAS SET OR TIED.
MM INDICATES DATA IS MISSING.
T  INDICATES TRACE AMOUNT.

$$

SIPPRELL
