000
CXUS51 KCTP 012028
CLMBFD

CLIMATE REPORT
NATIONAL WEATHER SERVICE STATE COLLEGE PA
430 PM EDT TUE SEP 1 2015

...................................

...THE BRADFORD CLIMATE SUMMARY FOR THE MONTH OF AUGUST 2015...

CLIMATE NORMAL PERIOD 1981 TO 2010
CLIMATE RECORD PERIOD 1957 TO 2015

WEATHER         OBSERVED          NORMAL  DEPART  LAST YEAR`S
                 VALUE   DATE(S)  VALUE   FROM    VALUE  DATE(S)
                                          NORMAL
................................................................
TEMPERATURE (F)
RECORD
 HIGH              93   08/02/1988
 LOW               38   08/16/2014
                        08/29/1986
                        06/01/1945
HIGHEST            85   08/17                         81  08/30
                        08/16                             08/27
LOWEST             41   08/28                         38  08/16
                        08/13
AVG. MAXIMUM     75.9              75.6     0.3     74.3
AVG. MINIMUM     51.8              52.1    -0.3     51.5
MEAN             63.9              63.8     0.1     62.9

DAYS MAX >= 90      0                MM      MM        0
DAYS MAX <= 32      0                MM      MM        0
DAYS MIN <= 32      0                MM      MM        0
DAYS MIN <= 0       0                MM      MM        0

PRECIPITATION (INCHES)
RECORD
 MAXIMUM         8.55   1994
 MINIMUM         0.47   1959
TOTALS           1.25              4.11   -2.86     5.77
DAILY AVG.       0.04              0.13   -0.09     0.19
DAYS >= .01         8                MM      MM       10
DAYS >= .10         2                MM      MM        7
DAYS >= .50         1                MM      MM        5
DAYS >= 1.00        0                MM      MM        2
GREATEST
 24 HR. TOTAL    0.62

DEGREE_DAYS
HEATING TOTAL      79                89     -10       90
 SINCE 7/1        126               153     -27      184
COOLING TOTAL      54                53       1       33
 SINCE 1/1        208               177      31      170
.................................................

WIND (MPH)
AVERAGE WIND SPEED              4.5
HIGHEST WIND SPEED/DIRECTION    21/330    DATE  08/05
HIGHEST GUST SPEED/DIRECTION    26/320    DATE  08/11

SKY COVER
POSSIBLE SUNSHINE (PERCENT)   MM
AVERAGE SKY COVER           0.40
NUMBER OF DAYS FAIR           14
NUMBER OF DAYS PC             15
NUMBER OF DAYS CLOUDY          2

AVERAGE RH (PERCENT)     72

WEATHER CONDITIONS. NUMBER OF DAYS WITH
THUNDERSTORM              0     MIXED PRECIP               0
HEAVY RAIN                4     RAIN                       5
LIGHT RAIN               11     FREEZING RAIN              0
LT FREEZING RAIN          0     HAIL                       0
HEAVY SNOW                0     SNOW                       0
LIGHT SNOW                0     SLEET                      0
FOG                      24     FOG W/VIS <= 1/4 MILE      7
HAZE                      4

-  INDICATES NEGATIVE NUMBERS.
R  INDICATES RECORD WAS SET OR TIED.
MM INDICATES DATA IS MISSING.
T  INDICATES TRACE AMOUNT.

$$

LA CORTE
