641
CXUS51 KCTP 011759 RRA
CLMBFD

PHLCLMBFD 000
TTAA00 KCTP 011748


CLIMATE REPORT
NATIONAL WEATHER SERVICE STATE COLLEGE PA
148 PM EDT FRI APR 1 2016

...................................

...THE BRADFORD CLIMATE SUMMARY FOR THE MONTH OF MARCH 2016...

CLIMATE NORMAL PERIOD 1981 TO 2010
CLIMATE RECORD PERIOD 1957 TO 2016

WEATHER         OBSERVED          NORMAL  DEPART  LAST YEAR`S
                 VALUE   DATE(S)  VALUE   FROM    VALUE  DATE(S)
                                          NORMAL
................................................................
TEMPERATURE (F)
RECORD
 HIGH              78   03/23/2012
                        03/31/1998
                        03/30/1986
 LOW              -21   03/02/1980
HIGHEST            70   03/09                         52  03/16
LOWEST              7   03/03                        -11  03/06
AVG. MAXIMUM     51.8              41.5    10.3     36.6
AVG. MINIMUM     29.6              21.6     8.0     17.6
MEAN             40.7              31.5     9.2     27.1
DAYS MAX >= 90      0                MM      MM        0
DAYS MAX <= 32      3                MM      MM        8
DAYS MIN <= 32     19                MM      MM       31
DAYS MIN <= 0       0                MM      MM        2

PRECIPITATION (INCHES)
RECORD
 MAXIMUM         6.72   1994
 MINIMUM         0.50   1999
TOTALS           2.93              3.37   -0.44     2.34
DAILY AVG.       0.09              0.11   -0.02     0.08
DAYS >= .01        13                MM      MM       17
DAYS >= .10         7                MM      MM        8
DAYS >= .50         2                MM      MM        0
DAYS >= 1.00        0                MM      MM        0
GREATEST
 24 HR. TOTAL    0.89   03/10 TO 03/11

DEGREE_DAYS
HEATING TOTAL     744              1037    -293     1169
 SINCE 7/1       5444              6607   -1163     7068
COOLING TOTAL       0                 0       0        0
 SINCE 1/1          0                 0       0        0
...................................................

WIND (MPH)
AVERAGE WIND SPEED              8.2
HIGHEST WIND SPEED/DIRECTION    31/300    DATE  03/17
HIGHEST GUST SPEED/DIRECTION    47/300    DATE  03/17

SKY COVER
POSSIBLE SUNSHINE (PERCENT)   MM
AVERAGE SKY COVER           0.60
NUMBER OF DAYS FAIR            7
NUMBER OF DAYS PC             12
NUMBER OF DAYS CLOUDY         12

AVERAGE RH (PERCENT)     64

WEATHER CONDITIONS. NUMBER OF DAYS WITH
THUNDERSTORM              2     MIXED PRECIP               0
HEAVY RAIN                2     RAIN                       6
LIGHT RAIN               16     FREEZING RAIN              0
LT FREEZING RAIN          0     HAIL                       0
HEAVY SNOW                1     SNOW                       1
LIGHT SNOW                8     SLEET                      0
FOG                      15     FOG W/VIS <= 1/4 MILE      1
HAZE                      2

-  INDICATES NEGATIVE NUMBERS.
R  INDICATES RECORD WAS SET OR TIED.
MM INDICATES DATA IS MISSING.
T  INDICATES TRACE AMOUNT.

$$
