596
CXUS51 KCTP 010758
CLMBFD

CLIMATE REPORT
NATIONAL WEATHER SERVICE STATE COLLEGE PA
358 AM EDT SAT JUL 1 2017

...................................

...THE BRADFORD CLIMATE SUMMARY FOR THE MONTH OF JUNE 2017...

CLIMATE NORMAL PERIOD 1981 TO 2010
CLIMATE RECORD PERIOD 1957 TO 2017

WEATHER         OBSERVED          NORMAL  DEPART  LAST YEAR`S
                 VALUE   DATE(S)  VALUE   FROM    VALUE  DATE(S)
                                          NORMAL
................................................................
TEMPERATURE (F)
RECORD
 HIGH              89   06/17/1994
                        06/15/1994
                        06/25/1988
 LOW               25   06/11/1972
HIGHEST            87   06/13                         84  06/26
                                                          06/11
LOWEST             37   06/02                         36  06/10
                                                          06/09
AVG. MAXIMUM     74.2              73.6     0.6     75.2
AVG. MINIMUM     51.3              49.4     1.9     50.2
MEAN             62.7              61.5     1.2     62.7
DAYS MAX >= 90      0                MM      MM        0
DAYS MAX <= 32      0                MM      MM        0
DAYS MIN <= 32      0                MM      MM        0
DAYS MIN <= 0       0                MM      MM        0

PRECIPITATION (INCHES)
RECORD
 MAXIMUM        11.21   1972
 MINIMUM         0.83   1963
TOTALS           6.51              4.91    1.60     3.02
DAILY AVG.       0.22              0.16    0.06     0.10
DAYS >= .01        17                MM      MM       10
DAYS >= .10        11                MM      MM        6
DAYS >= .50         6                MM      MM        1
DAYS >= 1.00        2                MM      MM        1
GREATEST
 24 HR. TOTAL    1.23   06/15 TO 06/15

DEGREE_DAYS
HEATING TOTAL     132               145     -13       92
 SINCE 7/1       6557              7773   -1216     6595
COOLING TOTAL      71                40      31       32
 SINCE 1/1         90                50      40       51
...................................................

WIND (MPH)
AVERAGE WIND SPEED              5.8
HIGHEST WIND SPEED/DIRECTION    28/320    DATE  06/02
HIGHEST GUST SPEED/DIRECTION    37/310    DATE  06/02

SKY COVER
POSSIBLE SUNSHINE (PERCENT)   MM
AVERAGE SKY COVER           0.40
NUMBER OF DAYS FAIR           12
NUMBER OF DAYS PC             14
NUMBER OF DAYS CLOUDY          4

AVERAGE RH (PERCENT)     75

WEATHER CONDITIONS. NUMBER OF DAYS WITH
THUNDERSTORM              9     MIXED PRECIP               0
HEAVY RAIN               12     RAIN                      13
LIGHT RAIN               21     FREEZING RAIN              0
LT FREEZING RAIN          0     HAIL                       0
HEAVY SNOW                0     SNOW                       0
LIGHT SNOW                0     SLEET                      0
FOG                      23     FOG W/VIS <= 1/4 MILE      2
HAZE                      1

-  INDICATES NEGATIVE NUMBERS.
R  INDICATES RECORD WAS SET OR TIED.
MM INDICATES DATA IS MISSING.
T  INDICATES TRACE AMOUNT.

&&

A RECORD HIGH TEMPERATURE OF 87 DEGREES WAS SET ON THE 13TH.
THIS BROKE THE PREVIOUS RECORD OF 86 DEGREES SET IN 1967.

THE RECORD HIGH TEMPERATURE OF 84 DEGREES WAS TIED ON THE 12TH.

$$
MS
