000
CXUS54 KAMA 011652
CLMBGD


CLIMATE REPORT
NATIONAL WEATHER SERVICE AMARILLO TX
1148 AM CDT MON AUG 1 2016

...................................

...THE BORGER CLIMATE SUMMARY FOR THE MONTH OF JULY 2016...

CLIMATE NORMAL PERIOD 1981 TO 2010
CLIMATE RECORD PERIOD 1949 TO 2016

WEATHER         OBSERVED          NORMAL  DEPART  LAST YEAR`S
                 VALUE   DATE(S)  VALUE   FROM    VALUE  DATE(S)
                                          NORMAL
................................................................
TEMPERATURE (F)
HIGHEST           110R  07/11                        100  07/13
LOWEST             64   07/28                         59  07/08
AVG. MAXIMUM     98.9              94.1     4.8     92.5
AVG. MINIMUM     71.5              69.8     1.7     69.6
MEAN             85.2              82.0     3.2     81.0
DAYS MAX >= 90     31              24.6     6.4       23
DAYS MAX <= 32      0               0.0     0.0        0
DAYS MIN <= 32      0               0.0     0.0        0
DAYS MIN <= 0       0               0.0     0.0        0

PRECIPITATION (INCHES)
TOTALS           1.33              2.62   -1.29     8.52
DAILY AVG.       0.04              0.08   -0.04     0.27
DAYS >= .01         5               6.5    -1.5       12
DAYS >= .10         3               4.4    -1.4       11
DAYS >= .50         2               1.6     0.4        5
DAYS >= 1.00        0               0.6    -0.6        3
GREATEST
 24 HR. TOTAL    0.57   07/27 TO 07/27

SNOWFALL (INCHES)
TOTALS            0.0                MM      MM      0.0
SINCE 7/1         0.0                MM      MM      0.0
DAYS >= TRACE       0                MM      MM        0
DAYS >= 1.0         0                MM      MM        0
GREATEST
 SNOW DEPTH         0   MM
 24 HR TOTAL      0.0   07/31 TO 07/31

DEGREE_DAYS
HEATING TOTAL       0                 0       0        0
 SINCE 7/1          0                 0       0        0
COOLING TOTAL     634               526     108      503
 SINCE 1/1       1274              1081     193     1040
.................................................................

WIND (MPH)
AVERAGE WIND SPEED              11.0
HIGHEST WIND SPEED/DIRECTION    35/280    DATE  07/05
HIGHEST GUST SPEED/DIRECTION    49/320    DATE  07/15

SKY COVER
POSSIBLE SUNSHINE (PERCENT)   MM
NUMBER OF DAYS FAIR           31
NUMBER OF DAYS PC              0
NUMBER OF DAYS CLOUDY          0

AVERAGE RH (PERCENT)     48

WEATHER CONDITIONS. NUMBER OF DAYS WITH
THUNDERSTORM              9     MIXED PRECIP               0
HEAVY RAIN                3     RAIN                       3
LIGHT RAIN                9     FREEZING RAIN              0
LT FREEZING RAIN          0     HEAVY SNOW                 0
SNOW                      0     LIGHT SNOW                 0
SLEET                     0     FOG                        3
FOG W/VIS <= 1/4 MILE     0     HAZE                       0

-  INDICATES NEGATIVE NUMBERS.
R  INDICATES RECORD WAS SET OR TIED.
MM INDICATES DATA IS MISSING.
T  INDICATES TRACE AMOUNT.

$$
