000
CXUS51 KRNK 011251
CLMBLF


CLIMATE REPORT
NATIONAL WEATHER SERVICE BLACKSBURG VA
833 AM EDT MON JUN 1 2015

...................................

...THE BLUEFIELD WV CLIMATE SUMMARY FOR THE MONTH OF MAY 2015...

CLIMATE NORMAL PERIOD 1981 TO 2010
CLIMATE RECORD PERIOD 1959 TO 2015

WEATHER         OBSERVED          NORMAL  DEPART  LAST YEAR`S
                 VALUE   DATE(S)  VALUE   FROM    VALUE
                                          NORMAL
.............................................................
TEMPERATURE (F)
RECORD
 HIGH              90   05/31/2011
 LOW               24   05/10/1966
HIGHEST            87   05/11                         87
LOWEST             40   05/01                         38
AVG. MAXIMUM     77.7              72.1     5.6     76.5
AVG. MINIMUM     57.2              53.2     4.0     54.7
MEAN             67.5              62.6     4.9     65.5
DAYS MAX >= 90      0               0.1    -0.1        0
DAYS MAX <= 32      0               0.0     0.0        0
DAYS MIN <= 32      0               0.0     0.0        0
DAYS MIN <= 0       0               0.0     0.0        0

PRECIPITATION (INCHES)
RECORD
 MAXIMUM         7.97   2001
 MINIMUM         1.40   1969
TOTALS           1.82              4.31   -2.49     2.80
DAILY AVG.       0.06              0.14   -0.08     0.09
DAYS >= .01        10              14.6    -4.6        8
DAYS >= .10         4               9.6    -5.6        4
DAYS >= .50         2               2.8    -0.8        1
DAYS >= 1.00        0               0.9    -0.9        1
GREATEST
 24 HR. TOTAL    0.71                               1.83

SNOWFALL (INCHES)
TOTALS            0.0                                0.0
DAYS >= TRACE       0                                  0
DAYS >= 1.0         0                                  0
GREATEST
 24 HR TOTAL      0.0                                0.0

DEGREE_DAYS
HEATING TOTAL      63               136     -73       89
COOLING TOTAL     146                63      83      109
..............................................................

WIND (MPH)
AVERAGE WIND SPEED              5.7
HIGHEST WIND SPEED/DIRECTION    24/290    DATE  05/12
HIGHEST GUST SPEED/DIRECTION    37/270    DATE  05/12

SKY COVER
AVERAGE SKY COVER           0.30

AVERAGE RH (PERCENT)     58

WEATHER CONDITIONS. NUMBER OF DAYS WITH
THUNDERSTORM              8     MIXED PRECIP               0
HEAVY RAIN                3     RAIN                       4
LIGHT RAIN               12     FREEZING RAIN              0
LT FREEZING RAIN          0     HAIL                       0
HEAVY SNOW                0     SNOW                       0
LIGHT SNOW                0     SLEET                      0
FOG                      10     FOG W/VIS <= 1/4 MILE      1
HAZE                      4

-  INDICATES NEGATIVE NUMBERS.
R  INDICATES RECORD WAS SET OR TIED.
MM INDICATES DATA IS MISSING.
T  INDICATES TRACE AMOUNT.

$$

PW
