000
CXUS53 KIND 011523
CLMBMG


CLIMATE REPORT
NATIONAL WEATHER SERVICE INDIANAPOLIS IN
1114 AM EDT SAT JUL 1 2017

...................................

...THE BLOOMINGTON IN CLIMATE SUMMARY FOR THE MONTH OF JUNE 2017...

CLIMATE NORMAL PERIOD 1981 TO 2010
CLIMATE RECORD PERIOD 9999 TO 9999

WEATHER         OBSERVED          NORMAL  DEPART  LAST YEAR`S
                 VALUE   DATE(S)  VALUE   FROM    VALUE  DATE(S)
                                          NORMAL
................................................................
TEMPERATURE (F)
HIGHEST            93   06/12                         93  06/12
LOWEST             48   06/08                         51  06/09
                                                          06/08
AVG. MAXIMUM     83.7              82.5     1.2     84.8
AVG. MINIMUM     60.1              60.4    -0.3     63.7
MEAN             71.9              71.4     0.5     74.2
DAYS MAX >= 90      3               2.3     0.7        8
DAYS MAX <= 32      0               0.0     0.0        0
DAYS MIN <= 32      0               0.0     0.0        0
DAYS MIN <= 0       0               0.0     0.0        0

PRECIPITATION (INCHES)
TOTALS           3.49              4.89   -1.40     3.63
DAILY AVG.       0.12              0.16   -0.04     0.12
DAYS >= .01         9                MM      MM        9
DAYS >= .10         6                MM      MM        6
DAYS >= .50         3                MM      MM        2
DAYS >= 1.00        1                MM      MM        2
GREATEST
 24 HR. TOTAL    1.11   06/15 TO 06/15

DEGREE_DAYS
HEATING TOTAL       8                15      -7        1
 SINCE 7/1       4125              5266   -1141     4276
COOLING TOTAL     222               208      14      288
 SINCE 1/1        353               290      63      378
.................................................................

WIND (MPH)
AVERAGE WIND SPEED              6.4
HIGHEST WIND SPEED/DIRECTION    26/230    DATE  06/18
HIGHEST GUST SPEED/DIRECTION    33/220    DATE  06/23

SKY COVER
POSSIBLE SUNSHINE (PERCENT)   MM
AVERAGE SKY COVER           0.20
NUMBER OF DAYS FAIR           22
NUMBER OF DAYS PC              5
NUMBER OF DAYS CLOUDY          2

AVERAGE RH (PERCENT)     64

WEATHER CONDITIONS. NUMBER OF DAYS WITH
THUNDERSTORM              6     MIXED PRECIP               0
HEAVY RAIN                4     RAIN                       3
LIGHT RAIN               10     FREEZING RAIN              0
LT FREEZING RAIN          0     HAIL                       0
HEAVY SNOW                0     SNOW                       0
LIGHT SNOW                0     SLEET                      0
FOG                       9     FOG W/VIS <= 1/4 MILE      1
HAZE                      3

-  INDICATES NEGATIVE NUMBERS.
R  INDICATES RECORD WAS SET OR TIED.
MM INDICATES DATA IS MISSING.
T  INDICATES TRACE AMOUNT.

$$
