000
CXUS53 KIND 011617
CLMBMG


CLIMATE REPORT
NATIONAL WEATHER SERVICE INDIANAPOLIS IN
1111 AM EST SUN MAR 1 2015

...................................

...THE BLOOMINGTON IN CLIMATE SUMMARY FOR THE MONTH OF FEBRUARY 2015...

CLIMATE NORMAL PERIOD 1981 TO 2010
CLIMATE RECORD PERIOD 9999 TO 9999

WEATHER         OBSERVED          NORMAL  DEPART  LAST YEAR`S
                 VALUE   DATE(S)  VALUE   FROM    VALUE  DATE(S)
                                          NORMAL
................................................................
TEMPERATURE (F)
HIGHEST            58   02/07                         67  02/20
LOWEST            -16   02/24                        -13  02/07
                        02/20
AVG. MAXIMUM     31.8              43.0   -11.2     34.6
AVG. MINIMUM      9.2              23.2   -14.0     14.9
MEAN             20.5              33.1   -12.6     24.7
DAYS MAX >= 90      0               0.0     0.0        0
DAYS MAX <= 32     16               4.9    11.1       15
DAYS MIN <= 32     26              23.0     3.0       25
DAYS MIN <= 0       8               0.4     7.6        5

PRECIPITATION (INCHES)
TOTALS           1.36              2.76   -1.40     2.33
DAILY AVG.       0.05              0.10   -0.05     0.08
DAYS >= .01         6                MM      MM       10
DAYS >= .10         5                MM      MM        6
DAYS >= .50         1                MM      MM        1
DAYS >= 1.00        0                MM      MM        0
GREATEST
 24 HR. TOTAL    0.55   02/21 TO 02/21

DEGREE_DAYS
HEATING TOTAL    1240               893     347     1120
 SINCE 7/1       4571              4068     503     4562
COOLING TOTAL       0                 0       0        0
 SINCE 1/1          0                 0       0        0
.................................................................

WIND (MPH)
AVERAGE WIND SPEED              7.8
HIGHEST WIND SPEED/DIRECTION    30/280    DATE  02/14
HIGHEST GUST SPEED/DIRECTION    45/270    DATE  02/14

SKY COVER
POSSIBLE SUNSHINE (PERCENT)   MM
AVERAGE SKY COVER           0.50
NUMBER OF DAYS FAIR           11
NUMBER OF DAYS PC              9
NUMBER OF DAYS CLOUDY          8

AVERAGE RH (PERCENT)     69

WEATHER CONDITIONS. NUMBER OF DAYS WITH
THUNDERSTORM              0     MIXED PRECIP               0
HEAVY RAIN                0     RAIN                       1
LIGHT RAIN                4     FREEZING RAIN              0
LT FREEZING RAIN          0     HAIL                       0
HEAVY SNOW                2     SNOW                       5
LIGHT SNOW               13     SLEET                      0
FOG                      20     FOG W/VIS <= 1/4 MILE      1
HAZE                     13

-  INDICATES NEGATIVE NUMBERS.
R  INDICATES RECORD WAS SET OR TIED.
MM INDICATES DATA IS MISSING.
T  INDICATES TRACE AMOUNT.

$$
