000
CXUS56 KBOI 011613
CLMBNO


CLIMATE REPORT
NATIONAL WEATHER SERVICE BOISE ID
913 AM MST SUN FEB 1 2015

...................................

...THE BURNS OR CLIMATE SUMMARY FOR THE MONTH OF JANUARY 2015...

CLIMATE NORMAL PERIOD 1981 TO 2010
CLIMATE RECORD PERIOD 1939 TO 2015

WEATHER         OBSERVED          NORMAL  DEPART
                 VALUE   DATE(S)  VALUE   FROM
                                          NORMAL
................................................
TEMPERATURE (F)
HIGHEST            57   01/25        MM      MM
LOWEST             -6   01/01        MM      MM
AVG. MAXIMUM     40.5              34.8     5.7
AVG. MINIMUM     22.2              14.8     7.4
MEAN             31.3              24.8     6.5
DAYS MAX >= 90      0
DAYS MAX <= 32      7
DAYS MIN <= 32     30
DAYS MIN <= 0       2

PRECIPITATION (INCHES)
RECORD
 MAXIMUM         3.97   1956
TOTALS           0.40              1.19   -0.79
DAYS >= .01         5
DAYS >= .10         2
DAYS >= .50         0
DAYS >= 1.00        0
GREATEST
 24 HR. TOTAL    0.18   01/17 TO 01/18

DEGREE_DAYS
HEATING TOTAL    1038              1246    -208
 SINCE 7/1       3777              4513    -736
COOLING TOTAL       0                 0       0
 SINCE 1/1          0                 0       0
.................................................

WIND (MPH)
AVERAGE WIND SPEED              3.6
RESULTANT WIND SPEED/DIRECTION   1/332
HIGHEST WIND SPEED/DIRECTION    22/040    DATE  01/29
HIGHEST GUST SPEED/DIRECTION    27/240    DATE  01/18

AVERAGE RH (PERCENT)     79


-  INDICATES NEGATIVE NUMBERS.
R  INDICATES RECORD WAS SET OR TIED.
MM INDICATES DATA IS MISSING.
T  INDICATES TRACE AMOUNT.

$$
