000
CXUS56 KBOI 011721
CLMBNO


CLIMATE REPORT
NATIONAL WEATHER SERVICE BOISE ID
1120 AM MDT WED NOV 1 2017

...................................

...THE BURNS OR CLIMATE SUMMARY FOR THE MONTH OF OCTOBER 2017...

CLIMATE NORMAL PERIOD 1981 TO 2010
CLIMATE RECORD PERIOD 1938 TO 2017

WEATHER         OBSERVED          NORMAL  DEPART
                 VALUE   DATE(S)  VALUE   FROM
                                          NORMAL
................................................
TEMPERATURE (F)
HIGHEST            75   10/06        MM      MM
LOWEST             10   10/12        MM      MM
AVG. MAXIMUM     59.2              61.8    -2.6
AVG. MINIMUM     22.3              27.5    -5.2
MEAN             40.8              44.7    -3.9
DAYS MAX >= 90      0
DAYS MAX <= 32      0
DAYS MIN <= 32     30
DAYS MIN <= 0       0

PRECIPITATION (INCHES)
RECORD
 MAXIMUM         2.51   1940
TOTALS           0.64              0.78   -0.14
DAYS >= .01         5
DAYS >= .10         2
DAYS >= .50         0
DAYS >= 1.00        0
GREATEST
 24 HR. TOTAL    0.35   10/21 TO 10/21

DEGREE_DAYS
HEATING TOTAL     741               631     110
 SINCE 7/1       1055              1050       5
COOLING TOTAL       0                 0       0
 SINCE 1/1        343               215     128
.................................................

WIND (MPH)
AVERAGE WIND SPEED              6.5
RESULTANT WIND SPEED/DIRECTION   3/256
HIGHEST WIND SPEED/DIRECTION    29/190    DATE  10/19
HIGHEST GUST SPEED/DIRECTION    41/260    DATE  10/11

AVERAGE RH (PERCENT)     66


-  INDICATES NEGATIVE NUMBERS.
R  INDICATES RECORD WAS SET OR TIED.
MM INDICATES DATA IS MISSING.
T  INDICATES TRACE AMOUNT.

$$
