000
CXUS54 KLIX 011759
CLMBTR


CLIMATE REPORT
NATIONAL WEATHER SERVICE NEW ORLEANS
1256 PM CDT TUE JUL 1 2014

...................................

...THE BATON ROUGE  ASOS CLIMATE SUMMARY FOR THE MONTH OF JUNE 2014...

CLIMATE NORMAL PERIOD 1981 TO 2010
CLIMATE RECORD PERIOD 1894 TO 2014

WEATHER         OBSERVED          NORMAL  DEPART  LAST YEAR`S
                 VALUE   DATE(S)  VALUE   FROM    VALUE  DATE(S)
                                          NORMAL
................................................................
TEMPERATURE (F)
RECORD
 HIGH             103   06/02/2011
                        06/30/1954
                        06/29/1914
 LOW               53   06/01/1984
HIGHEST            93   06/30                         95  06/14
                        06/19
LOWEST             66   06/13                         68  06/02
AVG. MAXIMUM     89.4              90.9    -1.5     90.7
AVG. MINIMUM     71.5              71.4     0.1     72.3
MEAN             80.4              81.1    -0.7     81.5
DAYS MAX >= 90     18              19.6    -1.6       21
DAYS MAX <= 32      0               0.0     0.0        0
DAYS MIN <= 32      0               0.0     0.0        0
DAYS MIN <= 0       0               0.0     0.0        0

PRECIPITATION (INCHES)
RECORD
 MAXIMUM
 MINIMUM
TOTALS          11.36              6.41    4.95     6.47
DAILY AVG.       0.38              0.21    0.17     0.22
DAYS >= .01        12              12.1    -0.1       10
DAYS >= .10         8               8.6    -0.6        7
DAYS >= .50         7               4.0     3.0        5
DAYS >= 1.00        4               1.8     2.2        2
GREATEST
 24 HR. TOTAL    3.86   06/25 TO 06/26

SNOWFALL (INCHES)
RECORDS
 TOTAL
 24 HR TOTAL
 SNOW DEPTH
TOTALS            0.0               0.0     0.0      0.0
SINCE 7/1         0.4               0.1     0.3      0.0
SNOWDEPTH AVG.      0                                  0
DAYS >= TRACE       0               0.0     0.0        0
DAYS >= 1.0         0               0.0     0.0        0
GREATEST
 SNOW DEPTH         0                                  0
 24 HR TOTAL      0.0

DEGREE_DAYS
HEATING TOTAL       0                 0       0        0
 SINCE 7/1       1984              1555     429     1551
COOLING TOTAL     469               484     -15      502
 SINCE 1/1        975              1049     -74      925
...................................................

WIND (MPH)
AVERAGE WIND SPEED              5.8
HIGHEST WIND SPEED/DIRECTION    38/260    DATE  06/10
HIGHEST GUST SPEED/DIRECTION    53/250    DATE  06/10

SKY COVER
POSSIBLE SUNSHINE (PERCENT)   MM
AVERAGE SKY COVER           0.40
NUMBER OF DAYS FAIR           16
NUMBER OF DAYS PC             14
NUMBER OF DAYS CLOUDY          0

AVERAGE RH (PERCENT)     75

WEATHER CONDITIONS. NUMBER OF DAYS WITH
THUNDERSTORM              0     MIXED PRECIP               0
HEAVY RAIN                6     RAIN                       8
LIGHT RAIN               10     FREEZING RAIN              0
LT FREEZING RAIN          0     HAIL                       0
HEAVY SNOW                0     SNOW                       0
LIGHT SNOW                0     SLEET                      0
FOG                      17     FOG W/VIS <= 1/4 MILE      2
HAZE                      3

-  INDICATES NEGATIVE NUMBERS.
R  INDICATES RECORD WAS SET OR TIED.
MM INDICATES DATA IS MISSING.
T  INDICATES TRACE AMOUNT.

$$
