000
CXUS54 KLIX 011327
CLMBTR


CLIMATE REPORT
NATIONAL WEATHER SERVICE NEW ORLEANS
722 AM CST THU DEC 1 2016

...................................

...THE BATON ROUGE  ASOS CLIMATE SUMMARY FOR THE MONTH OF NOVEMBER 2016...

CLIMATE NORMAL PERIOD 1981 TO 2010
CLIMATE RECORD PERIOD 1894 TO 2016

WEATHER         OBSERVED          NORMAL  DEPART  LAST YEAR`S
                 VALUE   DATE(S)  VALUE   FROM    VALUE  DATE(S)
                                          NORMAL
................................................................
TEMPERATURE (F)
RECORD
 HIGH              89   11/04/2016
                        11/03/1935
                        11/02/1935
 LOW               21   11/30/1976
HIGHEST            89R  11/04                         87  11/05
LOWEST             32   11/21                         32  11/23
AVG. MAXIMUM     76.4              71.9     4.5     74.2
AVG. MINIMUM     50.9              48.9     2.0     54.9
MEAN             63.6              60.4     3.2     64.5
DAYS MAX >= 90      0               0.0     0.0        0
DAYS MAX <= 32      0               0.0     0.0        0
DAYS MIN <= 32      1               1.3    -0.3        1
DAYS MIN <= 0       0               0.0     0.0        0

PRECIPITATION (INCHES)
RECORD
 MAXIMUM
 MINIMUM
TOTALS           2.59              4.10   -1.51     6.53
DAILY AVG.       0.09              0.14   -0.05     0.22
DAYS >= .01         7               8.5    -1.5        9
DAYS >= .10         5               5.2    -0.2        7
DAYS >= .50         2               2.8    -0.8        4
DAYS >= 1.00        1               1.2    -0.2        3
GREATEST
 24 HR. TOTAL    1.25   11/28 TO 11/29

SNOWFALL (INCHES)
RECORDS
 TOTAL
 24 HR TOTAL
 SNOW DEPTH
TOTALS            0.0               0.0     0.0      0.0
SINCE 7/1         0.0               0.0     0.0      0.0
SNOWDEPTH AVG.      0                                  0
DAYS >= TRACE       0               0.0     0.0        0
DAYS >= 1.0         0               0.0     0.0        0
GREATEST
 SNOW DEPTH         0                                  0
 24 HR TOTAL      0.0

DEGREE_DAYS
HEATING TOTAL     106               189     -83      103
 SINCE 7/1        113               235    -122      111
COOLING TOTAL      73                51      22       98
 SINCE 1/1       3109              2801     308     3124
.................................................

WIND (MPH)
AVERAGE WIND SPEED              5.7
HIGHEST WIND SPEED/DIRECTION    32/170    DATE  11/28
HIGHEST GUST SPEED/DIRECTION    43/180    DATE  11/28

SKY COVER
POSSIBLE SUNSHINE (PERCENT)
AVERAGE SKY COVER           0.20
NUMBER OF DAYS FAIR           23
NUMBER OF DAYS PC              4
NUMBER OF DAYS CLOUDY          3

AVERAGE RH (PERCENT)     69

WEATHER CONDITIONS. NUMBER OF DAYS WITH
THUNDERSTORM              0     MIXED PRECIP               0
HEAVY RAIN                2     RAIN                       4
LIGHT RAIN                7     FREEZING RAIN              0
LT FREEZING RAIN          0     HAIL                       0
HEAVY SNOW                0     SNOW                       0
LIGHT SNOW                0     SLEET                      0
FOG                      16     FOG W/VIS <= 1/4 MILE      5
HAZE                      1

-  INDICATES NEGATIVE NUMBERS.
R  INDICATES RECORD WAS SET OR TIED.
MM INDICATES DATA IS MISSING.
T  INDICATES TRACE AMOUNT.

$$
