000
CXUS54 KLIX 012146
CLMBTR


CLIMATE REPORT
NATIONAL WEATHER SERVICE NEW ORLEANS
NATIONAL WEATHER SERVICE NEW ORL
342 PM CST THU FEB 1 2018

...................................

...THE BATON ROUGE  ASOS CLIMATE SUMMARY FOR THE MONTH OF JANUARY 2018...

CLIMATE NORMAL PERIOD 1981 TO 2010
CLIMATE RECORD PERIOD 1894 TO 2018

WEATHER         OBSERVED          NORMAL  DEPART  LAST YEAR`S
                 VALUE   DATE(S)  VALUE   FROM    VALUE  DATE(S)
                                          NORMAL
................................................................
TEMPERATURE (F)
RECORD
 HIGH              85
 LOW                9
HIGHEST            73   01/21                         82  01/18
                                                          01/17
                                                          01/12
LOWEST             14   01/17                         21  01/08
AVG. MAXIMUM     57.2              62.3    -5.1     69.7
AVG. MINIMUM     35.4              41.2    -5.8     48.9
MEAN             46.3              51.7    -5.4     59.3
DAYS MAX >= 90      0               0.0     0.0        0
DAYS MAX <= 32      0               0.0     0.0        0
DAYS MIN <= 32     15               6.3     8.7        3
DAYS MIN <= 0       0               0.0     0.0        0

PRECIPITATION (INCHES)
RECORD
 MAXIMUM
 MINIMUM
TOTALS           7.17              5.72    1.45     9.68
DAILY AVG.       0.23              0.18    0.05     0.31
DAYS >= .01         8               9.9    -1.9        9
DAYS >= .10         6               6.9    -0.9        5
DAYS >= .50         4               3.3     0.7        4
DAYS >= 1.00        1               1.9    -0.9        3
GREATEST
 24 HR. TOTAL    4.49   01/27 TO 01/27

SNOWFALL (INCHES)
RECORDS
 TOTAL
 24 HR TOTAL
 SNOW DEPTH
TOTALS            0.5                 T     0.5      0.0
SINCE 7/1         4.0                 T     4.0      0.0
SNOWDEPTH AVG.      0                 0                0
DAYS >= TRACE       1               0.0     1.0        0
DAYS >= 1.0         0               0.0     0.0        0
GREATEST
 SNOW DEPTH         0                                  0
 24 HR TOTAL      0.5   01/16 TO 01/16

DEGREE_DAYS
HEATING TOTAL     574               424     150      222
 SINCE 7/1       1177              1040     137      606
COOLING TOTAL       0                13     -13       54
 SINCE 1/1          0                 3      -3       54
.................................................

WIND (MPH)
AVERAGE WIND SPEED              6.9
HIGHEST WIND SPEED/DIRECTION    24/120    DATE  01/07
HIGHEST GUST SPEED/DIRECTION    31/210    DATE  01/22

SKY COVER
POSSIBLE SUNSHINE (PERCENT)   MM
AVERAGE SKY COVER           0.40
NUMBER OF DAYS FAIR           15
NUMBER OF DAYS PC              8
NUMBER OF DAYS CLOUDY          8

AVERAGE RH (PERCENT)     65

WEATHER CONDITIONS. NUMBER OF DAYS WITH
THUNDERSTORM              0     MIXED PRECIP               0
HEAVY RAIN                4     RAIN                       5
LIGHT RAIN               12     FREEZING RAIN              0
LT FREEZING RAIN          1     HAIL                       0
HEAVY SNOW                0     SNOW                       0
LIGHT SNOW                1     SLEET                      0
FOG                      13     FOG W/VIS <= 1/4 MILE      3
HAZE                      5

-  INDICATES NEGATIVE NUMBERS.
R  INDICATES RECORD WAS SET OR TIED.
MM INDICATES DATA IS MISSING.
T  INDICATES TRACE AMOUNT.

$$
