000
CXUS51 KBTV 011355
CLMBTV


CLIMATE REPORT
NATIONAL WEATHER SERVICE BURLINGTON VT
952 AM EDT FRI JUL 1 2016

...................................

...THE BURLINGTON VT CLIMATE SUMMARY FOR THE MONTH OF JUNE 2016...

CLIMATE NORMAL PERIOD 1981 TO 2010
CLIMATE RECORD PERIOD 1884 TO 2016

WEATHER         OBSERVED          NORMAL  DEPART  LAST YEAR`S
                 VALUE   DATE(S)  VALUE   FROM    VALUE  DATE(S)
                                          NORMAL
................................................................
TEMPERATURE (F)
RECORD
 HIGH             100   06/19/1995
 LOW               33   06/03/1986
                        06/01/1924
HIGHEST            91   06/26        76      15       85  06/23
                        06/20
LOWEST             49   06/11        55      -6       41  06/03
                        06/09
                        06/08
AVG. MAXIMUM     78.1              76.3     1.8     74.4
AVG. MINIMUM     56.9              55.3     1.6     55.3
MEAN             67.5              65.8     1.7     64.8
DAYS MAX >= 90      3               1.4     1.6        0
DAYS MAX <= 32      0               0.0     0.0        0
DAYS MIN <= 32      0               0.0     0.0        0
DAYS MIN <= 0       0               0.0     0.0        0

PRECIPITATION (INCHES)
RECORD
 MAXIMUM         9.92   1922
 MINIMUM         0.82   1995
TOTALS           3.05              3.69   -0.64     8.67
DAILY AVG.       0.10              0.12   -0.02     0.29
DAYS >= .01        12              13.3    -1.3       18
DAYS >= .10         7               7.7    -0.7       11
DAYS >= .50         1               2.4    -1.4        8
DAYS >= 1.00        1               0.6     0.4        3
GREATEST
 24 HR. TOTAL    1.45   06/05 TO 06/05           06/09 TO 06/09
                        06/04 TO 06/05                    06/30 TO 06/30
                        06/05 TO 06/05                    06/30 TO 06/30
 STORM TOTAL       MM                                 MM
 (MM/DD(HH))            MM                    06/09(00) TO 06/09(00)
                                                 06/30(00) TO 06/30(00)0
                                                 06/30(00) TO 06/30(00)0

DEGREE_DAYS
HEATING TOTAL      48                73     -25       71
 SINCE 7/1       6226              7434   -1208     7507
COOLING TOTAL     133                97      36       75
 SINCE 1/1        205               116      89      168
.................................................

WIND (MPH)
AVERAGE WIND SPEED              7.7
HIGHEST WIND SPEED/DIRECTION    26/330    DATE  06/12
HIGHEST GUST SPEED/DIRECTION    37/270    DATE  06/20

SKY COVER
POSSIBLE SUNSHINE (PERCENT)   MM
AVERAGE SKY COVER           0.50
NUMBER OF DAYS FAIR           11
NUMBER OF DAYS PC             12
NUMBER OF DAYS CLOUDY          7

AVERAGE RH (PERCENT)     60

WEATHER CONDITIONS. NUMBER OF DAYS WITH
THUNDERSTORM              0     MIXED PRECIP               0
HEAVY RAIN                3     RAIN                       7
LIGHT RAIN               16     FREEZING RAIN              0
LT FREEZING RAIN          0     HAIL                       0
HEAVY SNOW                0     SNOW                       0
LIGHT SNOW                0     SLEET                      0
FOG                       7     FOG W/VIS <= 1/4 MILE      0
HAZE                      4

-  INDICATES NEGATIVE NUMBERS.
R  INDICATES RECORD WAS SET OR TIED.
MM INDICATES DATA IS MISSING.
T  INDICATES TRACE AMOUNT.

$$
