000
CXUS53 KLMK 011019 RRA
CLMBWG

CLIMATE REPORT
NATIONAL WEATHER SERVICE LOUISVILLE KY
618 AM EDT MON MAY 1 2017

...................................

...THE BOWLING GREEN CLIMATE SUMMARY FOR THE MONTH OF APRIL 2017...

CLIMATE NORMAL PERIOD 1981 TO 2010
CLIMATE RECORD PERIOD 1870 TO 2017

WEATHER         OBSERVED          NORMAL  DEPART  LAST YEAR`S
                 VALUE   DATE(S)  VALUE   FROM    VALUE  DATE(S)
                                          NORMAL
................................................................
TEMPERATURE (F)
RECORD
 HIGH              96   04/24/1925
 LOW               18   04/17/1875
HIGHEST            89   04/29        MM      MM       87  04/26
LOWEST             35   04/08        MM      MM       32  04/03
AVG. MAXIMUM     75.1              69.7     5.4     72.5
AVG. MINIMUM     52.7              45.6     7.1     47.4
MEAN             63.9              57.7     6.2     60.0
DAYS MAX >= 90      0               0.1    -0.1        0
DAYS MAX <= 32      0               0.0     0.0        0
DAYS MIN <= 32      0               2.3    -2.3        1
DAYS MIN <= 0       0               0.0     0.0        0

PRECIPITATION (INCHES)
RECORD
 MAXIMUM        11.49   1912
 MINIMUM         0.94   1976
TOTALS           4.58              4.34    0.24     1.53
DAILY AVG.       0.15              0.14    0.01     0.05
DAYS >= .01        13              11.7     1.3       10
DAYS >= .10        12               7.9     4.1        5
DAYS >= .50         4               3.0     1.0        0
DAYS >= 1.00        0               0.9    -0.9        0
GREATEST
 24 HR. TOTAL    0.86   04/22 TO 04/22

SNOWFALL (INCHES)
RECORDS
 TOTAL            2.1   5
                        0
TOTALS            0.0               0.2    -0.2      0.0
SINCE 7/1         0.7               9.1    -8.4     24.0
SNOWDEPTH AVG.      0                MM      MM        0
DAYS >= 1.0         0               0.1    -0.1        0
GREATEST
 SNOW DEPTH         0   MM                             0  MM
 24 HR TOTAL      0.0   04/30 TO 04/30

DEGREE_DAYS
HEATING TOTAL     109               251    -142      188
 SINCE 7/1       2929              3969   -1040     3137
COOLING TOTAL      84                31      53       43
 SINCE 1/1         94                36      58       44
.................................................................

WIND (MPH)
AVERAGE WIND SPEED              7.8
HIGHEST WIND SPEED/DIRECTION    39/220    DATE  04/05
HIGHEST GUST SPEED/DIRECTION    48/210    DATE  04/05

SKY COVER
POSSIBLE SUNSHINE (PERCENT)   MM
AVERAGE SKY COVER           0.40
NUMBER OF DAYS FAIR           16
NUMBER OF DAYS PC              6
NUMBER OF DAYS CLOUDY          8

AVERAGE RH (PERCENT)     67

WEATHER CONDITIONS. NUMBER OF DAYS WITH
THUNDERSTORM              0     MIXED PRECIP               0
HEAVY RAIN                6     RAIN                      10
LIGHT RAIN               14     FREEZING RAIN              0
LT FREEZING RAIN          0     HAIL                       0
HEAVY SNOW                0     SNOW                       0
LIGHT SNOW                0     SLEET                      0
FOG                      17     FOG W/VIS <= 1/4 MILE      1
HAZE                      0

-  INDICATES NEGATIVE NUMBERS.
R  INDICATES RECORD WAS SET OR TIED.
MM INDICATES DATA IS MISSING.
T  INDICATES TRACE AMOUNT.

$$
