000
CXUS53 KLMK 021418
CLMBWG


CLIMATE REPORT
NATIONAL WEATHER SERVICE LOUISVILLE KY
913 AM EST THU MAR 2 2017

...................................

...THE BOWLING GREEN CLIMATE SUMMARY FOR THE MONTH OF FEBRUARY 2017...

CLIMATE NORMAL PERIOD 1981 TO 2010
CLIMATE RECORD PERIOD 1870 TO 2017

WEATHER         OBSERVED          NORMAL  DEPART  LAST YEAR`S
                 VALUE   DATE(S)  VALUE   FROM    VALUE  DATE(S)
                                          NORMAL
................................................................
TEMPERATURE (F)
RECORD
 HIGH              83   02/28/1918
 LOW              -20   02/02/1951
HIGHEST            81   02/24        MM      MM       73  02/20
                                                          02/02
LOWEST             15   02/04        MM      MM       16  02/10
AVG. MAXIMUM     59.8              50.0     9.8     50.9
AVG. MINIMUM     37.2              29.6     7.6     32.0
MEAN             48.5              39.8     8.7     41.4
DAYS MAX >= 90      0               0.0     0.0        0
DAYS MAX <= 32      0               1.8    -1.8        4
DAYS MIN <= 32     10              17.4    -7.4       15
DAYS MIN <= 0       0               0.1    -0.1        0

PRECIPITATION (INCHES)
RECORD
 MAXIMUM        11.27   1989
 MINIMUM         0.12   1947
TOTALS           2.42              3.96   -1.54     4.77
DAILY AVG.       0.09              0.14   -0.05     0.16
DAYS >= .01         9              10.5    -1.5       13
DAYS >= .10         4               6.4    -2.4        8
DAYS >= .50         1               2.8    -1.8        4
DAYS >= 1.00        1               1.3    -0.3        1
GREATEST
 24 HR. TOTAL    1.49   02/07 TO 02/07

SNOWFALL (INCHES)
RECORDS
 TOTAL           20.0   5
                        0
TOTALS            0.0               3.3    -3.3      9.2
SINCE 7/1         0.7               7.8    -7.1     24.0
SNOWDEPTH AVG.      0                MM      MM        0
DAYS >= 1.0         0               0.9    -0.9        3
GREATEST
 SNOW DEPTH         0   MM                             5  02/15
 24 HR TOTAL      0.0   02/28 TO 02/28

DEGREE_DAYS
HEATING TOTAL     460               706    -246      677
 SINCE 7/1       2381              3198    -817     2600
COOLING TOTAL       4                 0       4        0
 SINCE 1/1          4                 0       4        0
.................................................................

WIND (MPH)
AVERAGE WIND SPEED              7.0
HIGHEST WIND SPEED/DIRECTION    29/190    DATE  02/24
HIGHEST GUST SPEED/DIRECTION    38/210    DATE  02/24

SKY COVER
POSSIBLE SUNSHINE (PERCENT)   MM
AVERAGE SKY COVER           0.40
NUMBER OF DAYS FAIR           11
NUMBER OF DAYS PC             11
NUMBER OF DAYS CLOUDY          6

AVERAGE RH (PERCENT)     64

WEATHER CONDITIONS. NUMBER OF DAYS WITH
THUNDERSTORM              4     MIXED PRECIP               0
HEAVY RAIN                3     RAIN                       2
LIGHT RAIN               10     FREEZING RAIN              0
LT FREEZING RAIN          0     HAIL                       0
HEAVY SNOW                0     SNOW                       0
LIGHT SNOW                0     SLEET                      0
FOG                      12     FOG W/VIS <= 1/4 MILE      4
HAZE                      3

-  INDICATES NEGATIVE NUMBERS.
R  INDICATES RECORD WAS SET OR TIED.
MM INDICATES DATA IS MISSING.
T  INDICATES TRACE AMOUNT.

$$
