000
CXUS51 KLWX 041758
CLMBWI

CLIMATE REPORT
NATIONAL WEATHER SERVICE BALTIMORE MD/WASHINGTON DC
1255 PM EST WED MAR 4 2015

...................................

...THE BALTIMORE MD CLIMATE SUMMARY FOR THE MONTH OF FEBRUARY 2015...

CLIMATE NORMAL PERIOD 1981 TO 2010
CLIMATE RECORD PERIOD 1870 TO 2015

WEATHER         OBSERVED          NORMAL  DEPART  LAST YEAR`S
                 VALUE   DATE(S)  VALUE   FROM    VALUE
                                          NORMAL
.............................................................
TEMPERATURE (F)
RECORD
 HIGH              83   02/25/1930
 LOW               -7   02/09/1934
                        02/10/1899
HIGHEST            55   02/08        66     -11
LOWEST              1   02/20        11     -10
AVG. MAXIMUM     35.1              44.9    -9.8     41.7
AVG. MINIMUM     15.6              26.6   -11.0     24.1
MEAN             25.3              35.8   -10.5
DAYS MAX >= 90      0               0.0     0.0
DAYS MAX <= 32     10               2.8     7.2
DAYS MIN <= 32     28              21.1     6.9
DAYS MIN <= 0       0               0.0     0.0

PRECIPITATION (INCHES)
RECORD
 MAXIMUM         7.16   1979
 MINIMUM         0.26   2009
TOTALS           2.24              2.90   -0.66     4.58
DAILY AVG.       0.08              0.10   -0.02
DAYS >= .01        10               8.9     1.1
DAYS >= .10         7               5.4     1.6
DAYS >= .50         1               2.1    -1.1
DAYS >= 1.00        0               0.6    -0.6
GREATEST
 24 HR. TOTAL    1.05   02/21 TO 02/22

SNOWFALL (INCHES)
RECORDS
 TOTAL           50.0   2010
TOTALS           14.6               8.0     6.6
SINCE 7/1        21.0              18.2     2.8
SNOWDEPTH AVG.      1
DAYS >= TRACE      12               2.8     9.2
DAYS >= 1.0         5               1.5     3.5
GREATEST
 SNOW DEPTH         3   02/22
                        02/18
                        02/17
 24 HR TOTAL      6.3

DEGREE_DAYS
HEATING TOTAL    1102               819     283      892
 SINCE 7/1       3815              3595     220     3757
COOLING TOTAL       0                 0       0        0
 SINCE 1/1          0                 0       0        0
..............................................................

WIND (MPH)
AVERAGE WIND SPEED              7.0
HIGHEST WIND SPEED/DIRECTION    40/300    DATE  02/14
HIGHEST GUST SPEED/DIRECTION    55/300    DATE  02/14

SKY COVER
POSSIBLE SUNSHINE (PERCENT)   MM
AVERAGE SKY COVER           0.60
NUMBER OF DAYS FAIR            4
NUMBER OF DAYS PC             13
NUMBER OF DAYS CLOUDY         10

AVERAGE RH (PERCENT)     59

WEATHER CONDITIONS. NUMBER OF DAYS WITH
THUNDERSTORM              0     MIXED PRECIP               2
HEAVY RAIN                0     RAIN                       3
LIGHT RAIN                6     FREEZING RAIN              0
LT FREEZING RAIN          3     HAIL                       0
HEAVY SNOW                2     SNOW                       6
LIGHT SNOW               10     SLEET                      4
FOG                      12     FOG W/VIS <= 1/4 MILE      2
HAZE                      5

-  INDICATES NEGATIVE NUMBERS.
R  INDICATES RECORD WAS SET OR TIED.
MM INDICATES DATA IS MISSING.
T  INDICATES TRACE AMOUNT.

&&

BALTIMORE MD...BALTIMORE-WASHINGTON INTERNATIONAL AIRPORT...

THE MONTHLY AVERAGE TEMPERATURE WAS WELL BELOW NORMAL AS WAS THE
MONTHLY PRECIPITATION.

THIS WAS THE SECOND COLDEST FEBRUARY ON RECORD AT 25.3
DEG... ECLIPSING THE FEBRUARY 1979 AVERAGE OF 25.6 DEGREES. THE
COLDEST FEBRUARY ON RECORD IN BALTIMORE WAS 1934 WITH A MONTHLY
AVERAGE OF 24.3 DEGREES.

IT WAS ALSO THE COLDEST MONTH OF ANY CALENDAR MONTH IN BALTIMORE SINCE
DECEMBER 1989...WHICH ALSO HAD AN AVERAGE MONTHLY TEMPERATURE OF 25.3 DEG.

EIGHT COLD TEMPERATURE RECORDS WERE SET IN BALTIMORE MD IN FEBRUARY.

A RECORD DAILY LOW TEMPERATURE OF 6 DEGREES ON THE 15TH TIED THE
RECORD SET IN 1943. ALSO ON THIS DAY...A RECORD DAILY LOW MAXIMUM
TEMPERATURE OF 18 DEGREES TIED THE RECORD SET IN 1899.

A SECOND RECORD DAILY LOW TEMPERATURE OF 5 DEGREES ON THE 16TH TIED
THE RECORD SET IN 1905. A DAILY RECORD LOW MAXIMUM TEMPERATURE OF 18
DEGREES TIED THE OLD RECORD SET IN 1904 ON THIS DAY AS WELL.

A THIRD RECORD DAILY LOW MAXIMUM TEMPERATURE OF 18 DEGREES WAS SET
ON THE 19TH...BREAKING THE OLD RECORD OF 19 SET IN 1903.

A THIRD RECORD DAILY LOW TEMPERATURE OF 1 DEGREE WAS SET ON THE
20TH...BREAKING THE OLD RECORD OF 4 DEGREES SET IN 1979. THIS WAS
ALSO THE COLDEST TEMPERATURE OBSERVED IN BALTIMORE SINCE JANUARY
19TH 1997 WHEN A LOW OF 1 DEGREE WAS ALSO OBSERVED.

ADDITIONALLY...A FOURTH RECORD DAILY LOW MAXIMUM TEMPERATURE OF 18
DEGREES TIED THE RECORD SET IN 1896 ON THE 20TH.

A FOURTH RECORD DAILY LOW TEMPERATURE OF 2 DEGREES WAS SET ON THE
21ST...BREAKING THE OLD RECORD OF 8 DEGREES SET IN 1885.

MONTHLY SNOWFALL WAS WELL ABOVE NORMAL...AND SLIGHTLY EXCEEDED THAT
OF FEBRUARY 2014. THIS ALSO MARKS THE FIRST TIME BACK-TO-BACK
FEBRUARIES HAD ABOVE NORMAL SNOWFALL SINCE 2006-2007.

$$
DFH/SMZ
