000
CXUS54 KLUB 011630
CLMCDS


CLIMATE REPORT
NATIONAL WEATHER SERVICE LUBBOCK, TX
1130 AM CDT TUE SEP 1 2015

...................................

...THE CHILDRESS CLIMATE SUMMARY FOR THE MONTH OF AUGUST 2015...

CLIMATE NORMAL PERIOD 1981 TO 2010
CLIMATE RECORD PERIOD 1893 TO 2015

WEATHER         OBSERVED          NORMAL  DEPART  LAST YEAR`S
                 VALUE   DATE(S)  VALUE   FROM    VALUE  DATE(S)
                                          NORMAL
................................................................
TEMPERATURE (F)
RECORD
 HIGH             115   08/02/1944
 LOW               52   08/26/2010
HIGHEST           105   08/06                        106  08/07
LOWEST             59   08/20                         64  08/01
AVG. MAXIMUM     95.2              94.7     0.5     96.5
AVG. MINIMUM     69.8              69.4     0.4     70.2
MEAN             82.5              82.1     0.4     83.4

PRECIPITATION (INCHES)
RECORD
 MAXIMUM           MM   MM
 MINIMUM           MM   MM
TOTALS           1.93              2.62   -0.69     2.03
DAILY AVG.       0.06              0.08   -0.02
DAYS >= .01         5                                  7
DAYS >= .10         3                                  3
DAYS >= .50         2                                  2
DAYS >= 1.00        1                                  0
GREATEST
 24 HR. TOTAL    1.07   08/19 TO 08/19

DEGREE_DAYS
HEATING TOTAL       0                 0       0        0
 SINCE 7/1          0                 0       0
COOLING TOTAL     549               529      20      560
 SINCE 1/1       1780              1831     -51
.................................................................

WIND (MPH)
AVERAGE WIND SPEED              8.3
HIGHEST WIND SPEED/DIRECTION    41/010    DATE  08/19
HIGHEST GUST SPEED/DIRECTION    52/360    DATE  08/19

SKY COVER
POSSIBLE SUNSHINE (PERCENT)   MM
AVERAGE SKY COVER           0.10
NUMBER OF DAYS FAIR           29
NUMBER OF DAYS PC              2
NUMBER OF DAYS CLOUDY          0

AVERAGE RH (PERCENT)     56

WEATHER CONDITIONS. NUMBER OF DAYS WITH
THUNDERSTORM              0     MIXED PRECIP               0
HEAVY RAIN                3     RAIN                       4
LIGHT RAIN                6     FREEZING RAIN              0
LT FREEZING RAIN          0     HAIL                       0
HEAVY SNOW                0     SNOW                       0
LIGHT SNOW                0     SLEET                      0
FOG                       3     FOG W/VIS <= 1/4 MILE      0
HAZE                      7

-  INDICATES NEGATIVE NUMBERS.
R  INDICATES RECORD WAS SET OR TIED.
MM INDICATES DATA IS MISSING.
T  INDICATES TRACE AMOUNT.

$$
