000
CXUS51 KCLE 040444
CLMCLE


CLIMATE REPORT
NATIONAL WEATHER SERVICE CLEVELAND OH
1141 PM EST FRI MAR 3 2017

...................................

...THE CLEVELAND OH CLIMATE SUMMARY FOR THE MONTH OF FEBRUARY 2017...

CLIMATE NORMAL PERIOD 1981 TO 2010
CLIMATE RECORD PERIOD 1871 TO 2017

WEATHER         OBSERVED          NORMAL  DEPART  LAST YEAR`S
                 VALUE   DATE(S)  VALUE   FROM    VALUE
                                          NORMAL
.............................................................
TEMPERATURE (F)
RECORD
 HIGH              77   02/24/2017
 LOW              -17   02/20/2015
HIGHEST            77R  02/24
LOWEST             16   02/10
                        02/04
AVG. MAXIMUM     50.1              37.5    12.6     40.6
AVG. MINIMUM     32.4              23.6     8.8     24.0
MEAN             41.3              30.5    10.8     32.3
DAYS MAX >= 90      0               0.0     0.0        0
DAYS MAX <= 32      3               9.2    -6.2        9
DAYS MIN <= 32     16              22.1    -6.1       26
DAYS MIN <= 0       0               0.5    -0.5        0

PRECIPITATION (INCHES)
RECORD
 MAXIMUM         7.73   1887
 MINIMUM         0.18   1877
TOTALS           2.68              2.34    0.34     3.22
DAYS >= .01        14              13.9     0.1       15
DAYS >= .10         5               6.4    -1.4        8
DAYS >= .50         1               1.0     0.0        2
DAYS >= 1.00        1               0.1     0.9        1
GREATEST
 24 HR. TOTAL    1.63   02/06 TO 02/07              1.20

SNOWFALL (INCHES)
RECORDS
 TOTAL           39.1   1993
TOTALS            3.2              14.9   -11.7     13.0
SINCE 7/1        25.2              52.2   -27.0     21.8
DAYS >= 1.0         1               4.4    -3.4        5
GREATEST
 24 HR TOTAL      1.3   02/08 TO 02/08

DEGREE_DAYS
HEATING TOTAL     658               965    -307      940
 SINCE 7/1       3311              4217    -906     3591
COOLING TOTAL       0                 0       0        0
 SINCE 1/1          0                 0       0        0
..............................................................

WIND (MPH)
AVERAGE WIND SPEED              11.3
HIGHEST WIND SPEED/DIRECTION    35/250    DATE  02/25
HIGHEST GUST SPEED/DIRECTION    44/250    DATE  02/07

SKY COVER
AVERAGE SKY COVER           0.80

AVERAGE RH (PERCENT)     62

WEATHER CONDITIONS. NUMBER OF DAYS WITH
THUNDERSTORM              0     MIXED PRECIP               0
HEAVY RAIN                1     RAIN                       2
LIGHT RAIN                8     FREEZING RAIN              0
LT FREEZING RAIN          0     HAIL                       0
HEAVY SNOW                0     SNOW                       2
LIGHT SNOW               11     SLEET                      0
FOG                       8     FOG W/VIS <= 1/4 MILE      0
HAZE                      3

-  INDICATES NEGATIVE NUMBERS.
R  INDICATES RECORD WAS SET OR TIED.
MM INDICATES DATA IS MISSING.
T  INDICATES TRACE AMOUNT.

$$
