000
CXUS54 KHGX 011434
CLMCLL

CLIMATE REPORT
NATIONAL WEATHER SERVICE HOUSTON/GALVESTON TX
923 AM CDT SAT JUL 1 2017

...................................

...THE COLLEGE STATION CLIMATE SUMMARY FOR THE MONTH OF JUNE 2017...

CLIMATE NORMAL PERIOD 1981 TO 2010
CLIMATE RECORD PERIOD 1902 TO 2017

WEATHER         OBSERVED          NORMAL  DEPART  LAST YEAR`S
                 VALUE   DATE(S)  VALUE   FROM    VALUE  DATE(S)
                                          NORMAL
................................................................
TEMPERATURE (F)
RECORD
 HIGH             107   06/14/1998
 LOW               63   06/05/2009
HIGHEST            96   06/30                         96  06/27
LOWEST             66   06/04                         68  06/03
AVG. MAXIMUM     90.0              91.7    -1.7     91.6
AVG. MINIMUM     72.1              72.7    -0.6     73.7
MEAN             81.1              82.2    -1.1     82.7
DAYS MAX >= 90     18              21.0    -3.0       23
DAYS MAX <= 32      0               0.0     0.0        0
DAYS MIN <= 32      0               0.0     0.0        0
DAYS MIN <= 0       0               0.0     0.0        0

PRECIPITATION (INCHES)
RECORD
 MAXIMUM        15.03   1905
 MINIMUM            T   2009
                        1998
TOTALS           5.76              4.45    1.31     2.58
DAILY AVG.       0.19              0.15    0.04     0.09
DAYS >= .01         8               8.5    -0.5        8
DAYS >= .10         6               6.0     0.0        3
DAYS >= .50         3               3.0     0.0        1
DAYS >= 1.00        2               1.4     0.6        1
GREATEST
 24 HR. TOTAL    2.95   06/04 TO 06/04

DEGREE_DAYS
HEATING TOTAL       0                 0       0        0
 SINCE 7/1        847              1608    -761     1148
COOLING TOTAL     486               516     -30      536
 SINCE 1/1       1247              1104     143     1092
.................................................................

WIND (MPH)
AVERAGE WIND SPEED              8.6
HIGHEST WIND SPEED/DIRECTION    25/340    DATE  06/03
HIGHEST GUST SPEED/DIRECTION    31/180    DATE  06/17

SKY COVER
AVERAGE SKY COVER           0.40

AVERAGE RH (PERCENT)     75

WEATHER CONDITIONS. NUMBER OF DAYS WITH
THUNDERSTORM              6     MIXED PRECIP               0
HEAVY RAIN                6     RAIN                       5
LIGHT RAIN               10     FREEZING RAIN              0
LT FREEZING RAIN          0     HAIL                       0
HEAVY SNOW                0     SNOW                       0
LIGHT SNOW                0     SLEET                      0
FOG                      13     FOG W/VIS <= 1/4 MILE      0
HAZE                      5

-  INDICATES NEGATIVE NUMBERS.
R  INDICATES RECORD WAS SET OR TIED.
MM INDICATES DATA IS MISSING.
T  INDICATES TRACE AMOUNT.

$$
