000
CXUS54 KHGX 011523
CLMCLL

SATCLMCLL 000
TTAA00 KHGX 011522


CLIMATE REPORT
NATIONAL WEATHER SERVICE HOUSTON/GALVESTON TX
1016 AM CDT MON AUG 1 2016

...................................

...THE COLLEGE STATION CLIMATE SUMMARY FOR THE MONTH OF JULY 2016...

CLIMATE NORMAL PERIOD 1981 TO 2010
CLIMATE RECORD PERIOD 1902 TO 2016

WEATHER         OBSERVED          NORMAL  DEPART  LAST YEAR`S
                 VALUE   DATE(S)  VALUE   FROM    VALUE  DATE(S)
                                          NORMAL
................................................................
TEMPERATURE (F)
RECORD
 HIGH             110   07/11/1917
 LOW               58   07/16/1967
HIGHEST            99   07/24                        101  07/30
                        07/21
                        07/14
LOWEST             74   07/26                         71  07/02
                        07/25
                        07/17
AVG. MAXIMUM     96.6              94.8     1.8     94.7
AVG. MINIMUM     76.8              74.6     2.2     75.5
MEAN             86.7              84.7     2.0     85.1
DAYS MAX >= 90     31              27.7     3.3       30
DAYS MAX <= 32      0               0.0     0.0        0
DAYS MIN <= 32      0               0.0     0.0        0
DAYS MIN <= 0       0               0.0     0.0        0

PRECIPITATION (INCHES)
RECORD
 MAXIMUM         9.30   1902
 MINIMUM            T   2000
                        1993
TOTALS           0.24              2.14   -1.90     0.31
DAILY AVG.       0.01              0.07   -0.06     0.01
DAYS >= .01         2               5.7    -3.7        3
DAYS >= .10         1               3.6    -2.6        2
DAYS >= .50         0               1.5    -1.5        0
DAYS >= 1.00        0               0.7    -0.7        0
GREATEST
 24 HR. TOTAL    0.24   07/26 TO 07/27

DEGREE_DAYS
HEATING TOTAL       0                 0       0        0
 SINCE 7/1          0                 0       0        0
COOLING TOTAL     678               611      67      630
 SINCE 1/1       1770              1715      55     1706
.................................................................

WIND (MPH)
AVERAGE WIND SPEED              8.9
HIGHEST WIND SPEED/DIRECTION    35/170    DATE  07/28
HIGHEST GUST SPEED/DIRECTION    41/180    DATE  07/28

SKY COVER
AVERAGE SKY COVER           0.20

AVERAGE RH (PERCENT)     70

WEATHER CONDITIONS. NUMBER OF DAYS WITH
THUNDERSTORM              4     MIXED PRECIP               0
HEAVY RAIN                1     RAIN                       2
LIGHT RAIN                4     FREEZING RAIN              0
LT FREEZING RAIN          0     HAIL                       0
HEAVY SNOW                0     SNOW                       0
LIGHT SNOW                0     SLEET                      0
FOG                       4     FOG W/VIS <= 1/4 MILE      0
HAZE                      1

-  INDICATES NEGATIVE NUMBERS.
R  INDICATES RECORD WAS SET OR TIED.
MM INDICATES DATA IS MISSING.
T  INDICATES TRACE AMOUNT.

$$
