000
CXUS55 KCYS 101856
CLMCNE


CLIMATE REPORT
NATIONAL WEATHER SERVICE CHEYENNE WY
1256 PM MDT TUE MAY 10 2016

...................................

...THE ALLIANCE NE AIRPORT CLIMATE SUMMARY FOR THE MONTH OF APRIL 2016...

CLIMATE NORMAL PERIOD 1981 TO 2010
CLIMATE RECORD PERIOD 1896 TO 2016

WEATHER         OBSERVED          NORMAL  DEPART  LAST YEAR`S
                 VALUE   DATE(S)  VALUE   FROM    VALUE
                                          NORMAL
.............................................................
TEMPERATURE (F)
RECORD
 HIGH              91   04/28/1910
 LOW              -12   04/02/1975
HIGHEST            79   04/13        MM      MM       77
LOWEST             20   04/08        MM      MM       10
AVG. MAXIMUM     59.7              59.8    -0.1     62.6
AVG. MINIMUM     31.3              30.0     1.3     30.4
MEAN             45.5              44.9     0.6     46.5
DAYS MAX >= 90      0               0.0     0.0        0
DAYS MAX <= 32      0               0.7    -0.7        0
DAYS MIN <= 32     21              17.8     3.2       15
DAYS MIN <= 0       0               0.1    -0.1        0

PRECIPITATION (INCHES)
RECORD
 MAXIMUM         6.13   1942
 MINIMUM         0.00   2011
TOTALS           3.78              1.45    2.33     2.45
DAYS >= .01        10                MM      MM       10
DAYS >= .10         6                MM      MM        7
DAYS >= .50         3                MM      MM        1
DAYS >= 1.00        1                MM      MM        1
GREATEST
 24 HR. TOTAL    1.55   04/29 TO 04/30

DEGREE_DAYS
HEATING TOTAL     577               603     -26      548
 SINCE 7/1       6456              6889    -433     6495
COOLING TOTAL       0                 0       0        0
 SINCE 1/1          0                 0       0        0
..............................................................

WIND (MPH)
AVERAGE WIND SPEED              13.4
HIGHEST WIND SPEED/DIRECTION    41/310    DATE  04/05
HIGHEST GUST SPEED/DIRECTION    49/270    DATE  04/23

SKY COVER
POSSIBLE SUNSHINE (PERCENT)   MM
AVERAGE SKY COVER           0.40
NUMBER OF DAYS FAIR           16
NUMBER OF DAYS PC              6
NUMBER OF DAYS CLOUDY          8

AVERAGE RH (PERCENT)     68

WEATHER CONDITIONS. NUMBER OF DAYS WITH
THUNDERSTORM              0     MIXED PRECIP               0
HEAVY RAIN                1     RAIN                       3
LIGHT RAIN               12     FREEZING RAIN              0
LT FREEZING RAIN          0     HAIL                       0
HEAVY SNOW                0     SNOW                       2
LIGHT SNOW                7     SLEET                      0
FOG                      10     FOG W/VIS <= 1/4 MILE      0
HAZE                      1

-  INDICATES NEGATIVE NUMBERS.
R  INDICATES RECORD WAS SET OR TIED.
MM INDICATES DATA IS MISSING.
T  INDICATES TRACE AMOUNT.
...................................

...THE CHADRON NE AIRPORT CLIMATE SUMMARY FOR THE MONTH OF APRIL 2016...

CLIMATE NORMAL PERIOD 1981 TO 2010
CLIMATE RECORD PERIOD 1895 TO 2016

WEATHER         OBSERVED          NORMAL  DEPART  LAST YEAR`S
                 VALUE   DATE(S)  VALUE   FROM    VALUE
                                          NORMAL
.............................................................
TEMPERATURE (F)
RECORD
 HIGH              93   04/20/1989
 LOW              -11   04/02/1975
HIGHEST            83   04/09        MM      MM       78
LOWEST             20   04/11        MM      MM       14
AVG. MAXIMUM     61.7              60.1     1.6     62.3
AVG. MINIMUM     34.1              29.6     4.5     31.4
MEAN             47.9              44.8     3.1     46.8
DAYS MAX >= 90      0               0.1    -0.1        0
DAYS MAX <= 32      0               0.7    -0.7        0
DAYS MIN <= 32     13              18.6    -5.6       16
DAYS MIN <= 0       0               0.0     0.0        0

PRECIPITATION (INCHES)
RECORD
 MAXIMUM         4.78   2000
 MINIMUM         0.00   2011
TOTALS           3.66              1.98    1.68     1.43
DAYS >= .01        12               8.9     3.1        9
DAYS >= .10         7               5.2     1.8        6
DAYS >= .50         4               1.1     2.9        0
DAYS >= 1.00        0               0.2    -0.2        0
GREATEST
 24 HR. TOTAL    0.92   04/15 TO 04/16

DEGREE_DAYS
HEATING TOTAL     505               606    -101      538
 SINCE 7/1       5947              6763    -816     6160
COOLING TOTAL       2                 2       0        0
 SINCE 1/1          2                 2       0        0
..............................................................

WIND (MPH)
AVERAGE WIND SPEED              11.1
HIGHEST WIND SPEED/DIRECTION    44/310    DATE  04/05
HIGHEST GUST SPEED/DIRECTION    60/320    DATE  04/05

SKY COVER
POSSIBLE SUNSHINE (PERCENT)   MM
AVERAGE SKY COVER           0.40
NUMBER OF DAYS FAIR           16
NUMBER OF DAYS PC              6
NUMBER OF DAYS CLOUDY          8

AVERAGE RH (PERCENT)     63

WEATHER CONDITIONS. NUMBER OF DAYS WITH
THUNDERSTORM              0     MIXED PRECIP               0
HEAVY RAIN                3     RAIN                       5
LIGHT RAIN               14     FREEZING RAIN              0
LT FREEZING RAIN          0     HAIL                       0
HEAVY SNOW                0     SNOW                       1
LIGHT SNOW                4     SLEET                      0
FOG                      11     FOG W/VIS <= 1/4 MILE      0
HAZE                      5

-  INDICATES NEGATIVE NUMBERS.
R  INDICATES RECORD WAS SET OR TIED.
MM INDICATES DATA IS MISSING.
T  INDICATES TRACE AMOUNT.
...................................

...THE SCOTTSBLUFF NE AIRPORT CLIMATE SUMMARY FOR THE MONTH OF APRIL 2016...

CLIMATE NORMAL PERIOD 1981 TO 2010
CLIMATE RECORD PERIOD 1871 TO 2016

WEATHER         OBSERVED          NORMAL  DEPART  LAST YEAR`S
                 VALUE   DATE(S)  VALUE   FROM    VALUE
                                          NORMAL
.............................................................
TEMPERATURE (F)
RECORD
 HIGH              93   04/24/2012
                        04/30/1992
                        04/28/1910
 LOW               -8   04/02/1975
HIGHEST            82   04/09        61      21       78
LOWEST             25   04/08        33      -8       20
AVG. MAXIMUM     61.8              61.4     0.4     64.2
AVG. MINIMUM     34.3              31.9     2.4     33.9
MEAN             48.0              46.7     1.3     49.0
DAYS MAX >= 90      0               0.1    -0.1        0
DAYS MAX <= 32      0               0.5    -0.5        0
DAYS MIN <= 32      8              15.1    -7.1       14
DAYS MIN <= 0       0               0.0     0.0        0

PRECIPITATION (INCHES)
RECORD
 MAXIMUM         6.13   1942
 MINIMUM         0.00   2011
TOTALS           4.13              1.83    2.30     3.10
DAYS >= .01        12               8.9     3.1       10
DAYS >= .10         7               4.8     2.2        6
DAYS >= .50         4               0.9     3.1        2
DAYS >= 1.00        0               0.2    -0.2        1
GREATEST
 24 HR. TOTAL    1.14   04/25 TO 04/26

DEGREE_DAYS
HEATING TOTAL     497               552     -55      469
 SINCE 7/1       5622              6293    -671     5804
COOLING TOTAL       0                 2      -2        0
 SINCE 1/1          0                 2      -2        0
..............................................................

WIND (MPH)
AVERAGE WIND SPEED              11.0
HIGHEST WIND SPEED/DIRECTION    43/310    DATE  04/06
HIGHEST GUST SPEED/DIRECTION    53/160    DATE  04/14

SKY COVER
POSSIBLE SUNSHINE (PERCENT)   MM
AVERAGE SKY COVER           0.40
NUMBER OF DAYS FAIR           14
NUMBER OF DAYS PC              9
NUMBER OF DAYS CLOUDY          7

AVERAGE RH (PERCENT)     62

WEATHER CONDITIONS. NUMBER OF DAYS WITH
THUNDERSTORM              0     MIXED PRECIP               0
HEAVY RAIN                4     RAIN                       4
LIGHT RAIN               13     FREEZING RAIN              0
LT FREEZING RAIN          0     HAIL                       0
HEAVY SNOW                0     SNOW                       1
LIGHT SNOW                6     SLEET                      0
FOG                       8     FOG W/VIS <= 1/4 MILE      0
HAZE                      2

-  INDICATES NEGATIVE NUMBERS.
R  INDICATES RECORD WAS SET OR TIED.
MM INDICATES DATA IS MISSING.
T  INDICATES TRACE AMOUNT.
...................................

...THE SIDNEY NE AIRPORT CLIMATE SUMMARY FOR THE MONTH OF APRIL 2016...

CLIMATE NORMAL PERIOD 1981 TO 2010
CLIMATE RECORD PERIOD 1948 TO 2016

WEATHER         OBSERVED          NORMAL  DEPART  LAST YEAR`S
                 VALUE   DATE(S)  VALUE   FROM    VALUE
                                          NORMAL
.............................................................
TEMPERATURE (F)
RECORD
 HIGH              92   04/24/2012
 LOW               -9   04/02/1975
HIGHEST            82   04/23        MM      MM       77
LOWEST             22   04/08        MM      MM       18
AVG. MAXIMUM     60.0              61.9    -1.9     61.7
AVG. MINIMUM     32.5              33.0    -0.5     32.9
MEAN             46.2              47.4    -1.2     47.3
DAYS MAX >= 90      0               0.0     0.0        0
DAYS MAX <= 32      0               0.5    -0.5        0
DAYS MIN <= 32     15              12.7     2.3       14
DAYS MIN <= 0       0               0.0     0.0        0

PRECIPITATION (INCHES)
RECORD
 MAXIMUM         5.51   2015
 MINIMUM         0.00   2011
TOTALS           2.26              2.05    0.21     5.51
DAYS >= .01         9               8.8     0.2       10
DAYS >= .10         4               4.9    -0.9        9
DAYS >= .50         3               1.5     1.5        4
DAYS >= 1.00        0               0.6    -0.6        1
GREATEST
 24 HR. TOTAL    0.71   04/29 TO 04/29

DEGREE_DAYS
HEATING TOTAL     556               527      29      523
 SINCE 7/1       5870              5912     -42     5908
COOLING TOTAL       0                 1      -1        0
 SINCE 1/1          0                 1      -1        0
..............................................................

WIND (MPH)
AVERAGE WIND SPEED              13.5
HIGHEST WIND SPEED/DIRECTION    43/020    DATE  04/17
HIGHEST GUST SPEED/DIRECTION    54/020    DATE  04/17

SKY COVER
POSSIBLE SUNSHINE (PERCENT)   MM
AVERAGE SKY COVER           0.40
NUMBER OF DAYS FAIR           17
NUMBER OF DAYS PC              8
NUMBER OF DAYS CLOUDY          5

AVERAGE RH (PERCENT)     63

WEATHER CONDITIONS. NUMBER OF DAYS WITH
THUNDERSTORM              0     MIXED PRECIP               0
HEAVY RAIN                0     RAIN                       2
LIGHT RAIN               12     FREEZING RAIN              0
LT FREEZING RAIN          1     HAIL                       0
HEAVY SNOW                1     SNOW                       3
LIGHT SNOW                5     SLEET                      0
FOG                       8     FOG W/VIS <= 1/4 MILE      1
HAZE                      1

-  INDICATES NEGATIVE NUMBERS.
R  INDICATES RECORD WAS SET OR TIED.
MM INDICATES DATA IS MISSING.
T  INDICATES TRACE AMOUNT.

$$
