000
CXUS55 KCYS 081700
CLMCNE


CLIMATE REPORT
NATIONAL WEATHER SERVICE CHEYENNE WY
1100 AM MDT TUE APR 8 2014

...................................

...THE ALLIANCE NE AIRPORT CLIMATE SUMMARY FOR THE MONTH OF MARCH 2014...

CLIMATE NORMAL PERIOD 1981 TO 2010
CLIMATE RECORD PERIOD 1896 TO 2014

WEATHER         OBSERVED          NORMAL  DEPART  LAST YEAR`S
                 VALUE   DATE(S)  VALUE   FROM    VALUE
                                          NORMAL
.............................................................
TEMPERATURE (F)
RECORD
 HIGH              84   03/29/1943
                        03/22/1910
 LOW              -25   03/05/1989
HIGHEST            73   03/26        MM      MM       74
LOWEST             -5   03/02        MM      MM       -2
                        03/01
AVG. MAXIMUM     50.1              51.2    -1.1     52.1
AVG. MINIMUM     20.4              21.9    -1.5     18.2
MEAN             35.2              36.6    -1.4     35.1
DAYS MAX >= 90      0               0.0     0.0        0
DAYS MAX <= 32      3               3.3    -0.3        2
DAYS MIN <= 32     31              28.0     3.0       31
DAYS MIN <= 0       3               0.6     2.4        1

PRECIPITATION (INCHES)
RECORD
 MAXIMUM         2.39   1973
 MINIMUM         0.00   2012
                        2002
TOTALS           0.49              0.85   -0.36     0.05
DAYS >= .01         8                MM      MM        1
DAYS >= .10         2                MM      MM        0
DAYS >= .50         0                MM      MM        0
DAYS >= 1.00        0                MM      MM        0
GREATEST
 24 HR. TOTAL    0.17   03/31 TO 03/31

DEGREE_DAYS
HEATING TOTAL     917               882      35      919
 SINCE 7/1       6481              6286     195     6032
COOLING TOTAL       0                 0       0        0
 SINCE 1/1          0                 0       0        0
..............................................................

WIND (MPH)
AVERAGE WIND SPEED              12.7
HIGHEST WIND SPEED/DIRECTION    40/320    DATE  03/31
HIGHEST GUST SPEED/DIRECTION    51/320    DATE  03/31

SKY COVER
POSSIBLE SUNSHINE (PERCENT)   MM
AVERAGE SKY COVER           0.40
NUMBER OF DAYS FAIR           17
NUMBER OF DAYS PC             10
NUMBER OF DAYS CLOUDY          4

AVERAGE RH (PERCENT)     65

WEATHER CONDITIONS. NUMBER OF DAYS WITH
THUNDERSTORM              0     MIXED PRECIP               0
HEAVY RAIN                0     RAIN                       0
LIGHT RAIN                3     FREEZING RAIN              0
LT FREEZING RAIN          0     HAIL                       0
HEAVY SNOW                1     SNOW                       4
LIGHT SNOW               12     SLEET                      0
FOG                      14     FOG W/VIS <= 1/4 MILE      3
HAZE                      4

-  INDICATES NEGATIVE NUMBERS.
R  INDICATES RECORD WAS SET OR TIED.
MM INDICATES DATA IS MISSING.
T  INDICATES TRACE AMOUNT.
...................................

...THE CHADRON NE AIRPORT CLIMATE SUMMARY FOR THE MONTH OF MARCH 2014...

CLIMATE NORMAL PERIOD 1981 TO 2010
CLIMATE RECORD PERIOD 1895 TO 2014

WEATHER         OBSERVED          NORMAL  DEPART  LAST YEAR`S
                 VALUE   DATE(S)  VALUE   FROM    VALUE
                                          NORMAL
.............................................................
TEMPERATURE (F)
RECORD
 HIGH              85   03/31/1946
 LOW              -26   03/05/1989
HIGHEST            75   03/26        MM      MM       75
LOWEST             -8   03/02        MM      MM        2
AVG. MAXIMUM     49.8              50.8    -1.0     52.1
AVG. MINIMUM     21.5              20.8     0.7     21.0
MEAN             35.6              35.8    -0.2     36.6
DAYS MAX >= 90      0               0.0     0.0        0
DAYS MAX <= 32      4               3.6     0.4        2
DAYS MIN <= 32     28              27.4     0.6       28
DAYS MIN <= 0       2               1.4     0.6        0

PRECIPITATION (INCHES)
RECORD
 MAXIMUM         3.22   2000
 MINIMUM         0.00   2006
                        2002
                        2001
TOTALS           0.56              1.23   -0.67     0.69
DAYS >= .01         8               5.9     2.1        7
DAYS >= .10         3               3.3    -0.3        2
DAYS >= .50         0               0.7    -0.7        0
DAYS >= 1.00        0               0.2    -0.2        0
GREATEST
 24 HR. TOTAL    0.23   02/28 TO 03/01

DEGREE_DAYS
HEATING TOTAL     898               905      -7      873
 SINCE 7/1       6372              6157     215     5769
COOLING TOTAL       0                 0       0        0
 SINCE 1/1          0                 0       0        0
..............................................................

WIND (MPH)
AVERAGE WIND SPEED              9.2
HIGHEST WIND SPEED/DIRECTION    36/020    DATE  03/18
HIGHEST GUST SPEED/DIRECTION    45/020    DATE  03/18

SKY COVER
POSSIBLE SUNSHINE (PERCENT)   MM
AVERAGE SKY COVER           0.40
NUMBER OF DAYS FAIR           19
NUMBER OF DAYS PC              6
NUMBER OF DAYS CLOUDY          6

AVERAGE RH (PERCENT)     66

WEATHER CONDITIONS. NUMBER OF DAYS WITH
THUNDERSTORM              0     MIXED PRECIP               0
HEAVY RAIN                0     RAIN                       0
LIGHT RAIN                5     FREEZING RAIN              0
LT FREEZING RAIN          0     HAIL                       0
HEAVY SNOW                1     SNOW                       4
LIGHT SNOW               11     SLEET                      0
FOG                      12     FOG W/VIS <= 1/4 MILE      3
HAZE                      6

-  INDICATES NEGATIVE NUMBERS.
R  INDICATES RECORD WAS SET OR TIED.
MM INDICATES DATA IS MISSING.
T  INDICATES TRACE AMOUNT.
...................................

...THE SCOTTSBLUFF NE AIRPORT CLIMATE SUMMARY FOR THE MONTH OF MARCH 2014...

CLIMATE NORMAL PERIOD 1981 TO 2010
CLIMATE RECORD PERIOD 1871 TO 2014

WEATHER         OBSERVED          NORMAL  DEPART  LAST YEAR`S
                 VALUE   DATE(S)  VALUE   FROM    VALUE
                                          NORMAL
.............................................................
TEMPERATURE (F)
RECORD
 HIGH              87   03/29/1943
 LOW              -27   03/11/1948
HIGHEST            73   03/26        52      21       76
LOWEST             -3   03/02        24     -27        3
                        03/01
AVG. MAXIMUM     52.7              52.7     0.0     55.1
AVG. MINIMUM     23.3              23.8    -0.5     21.9
MEAN             38.0              38.2    -0.2     38.5
DAYS MAX >= 90      0               0.0     0.0        0
DAYS MAX <= 32      3               2.4     0.6        0
DAYS MIN <= 32     28              27.1     0.9       29
DAYS MIN <= 0       2               0.5     1.5        0

PRECIPITATION (INCHES)
RECORD
 MAXIMUM         2.99   1927
 MINIMUM         0.00   2012
TOTALS           0.85              1.00   -0.15     0.21
DAYS >= .01        10               6.8     3.2        5
DAYS >= .10         4               3.0     1.0        1
DAYS >= .50         0               0.4    -0.4        0
DAYS >= 1.00        0               0.0     0.0        0
GREATEST
 24 HR. TOTAL    0.20   03/22 TO 03/22

DEGREE_DAYS
HEATING TOTAL     830               829       1      817
 SINCE 7/1       5863              5741     122     5338
COOLING TOTAL       0                 0       0        0
 SINCE 1/1          0                 0       0        0
..............................................................

WIND (MPH)
AVERAGE WIND SPEED              11.0
HIGHEST WIND SPEED/DIRECTION    45/320    DATE  03/31
HIGHEST GUST SPEED/DIRECTION    56/270    DATE  03/17

SKY COVER
POSSIBLE SUNSHINE (PERCENT)   MM
AVERAGE SKY COVER           0.30
NUMBER OF DAYS FAIR           17
NUMBER OF DAYS PC             11
NUMBER OF DAYS CLOUDY          3

AVERAGE RH (PERCENT)     61

WEATHER CONDITIONS. NUMBER OF DAYS WITH
THUNDERSTORM              0     MIXED PRECIP               0
HEAVY RAIN                0     RAIN                       0
LIGHT RAIN                6     FREEZING RAIN              0
LT FREEZING RAIN          0     HAIL                       0
HEAVY SNOW                1     SNOW                       3
LIGHT SNOW                9     SLEET                      0
FOG                      11     FOG W/VIS <= 1/4 MILE      3
HAZE                      5

-  INDICATES NEGATIVE NUMBERS.
R  INDICATES RECORD WAS SET OR TIED.
MM INDICATES DATA IS MISSING.
T  INDICATES TRACE AMOUNT.
...................................

...THE SIDNEY NE AIRPORT CLIMATE SUMMARY FOR THE MONTH OF MARCH 2014...

CLIMATE NORMAL PERIOD 1981 TO 2010
CLIMATE RECORD PERIOD 1948 TO 2014

WEATHER         OBSERVED          NORMAL  DEPART  LAST YEAR`S
                 VALUE   DATE(S)  VALUE   FROM    VALUE
                                          NORMAL
.............................................................
TEMPERATURE (F)
RECORD
 HIGH              83   03/26/2012
                        03/28/1963
 LOW              -25   03/03/1960
HIGHEST            75   03/30        MM      MM       75
LOWEST             -5   03/02        MM      MM        0
AVG. MAXIMUM     52.7              53.1    -0.4     52.2
AVG. MINIMUM     24.5              25.1    -0.6     20.7
MEAN             38.6              39.1    -0.5     36.5
DAYS MAX >= 90      0               0.0     0.0        0
DAYS MAX <= 32      3               2.0     1.0        2
DAYS MIN <= 32     28              25.3     2.7       28
DAYS MIN <= 0       2               0.3     1.7        1

PRECIPITATION (INCHES)
RECORD
 MAXIMUM         2.45   1992
 MINIMUM         0.07   1976
TOTALS           0.56              1.10   -0.54     0.37
DAYS >= .01         7               6.7     0.3        3
DAYS >= .10         2               2.7    -0.7        3
DAYS >= .50         0               0.6    -0.6        0
DAYS >= 1.00        0               0.2    -0.2        0
GREATEST
 24 HR. TOTAL    0.18   03/18 TO 03/18

DEGREE_DAYS
HEATING TOTAL     813               803      10      877
 SINCE 7/1       5802              5385     417     5607
COOLING TOTAL       0                 0       0        0
 SINCE 1/1          0                 0       0        0
..............................................................

WIND (MPH)
AVERAGE WIND SPEED              14.3
HIGHEST WIND SPEED/DIRECTION    51/330    DATE  03/31
HIGHEST GUST SPEED/DIRECTION    61/330    DATE  03/31

SKY COVER
POSSIBLE SUNSHINE (PERCENT)   MM
AVERAGE SKY COVER           0.30
NUMBER OF DAYS FAIR           17
NUMBER OF DAYS PC             11
NUMBER OF DAYS CLOUDY          3

AVERAGE RH (PERCENT)     58

WEATHER CONDITIONS. NUMBER OF DAYS WITH
THUNDERSTORM              0     MIXED PRECIP               0
HEAVY RAIN                0     RAIN                       0
LIGHT RAIN                7     FREEZING RAIN              0
LT FREEZING RAIN          0     HAIL                       0
HEAVY SNOW                1     SNOW                       4
LIGHT SNOW                9     SLEET                      0
FOG                      13     FOG W/VIS <= 1/4 MILE      5
HAZE                      7

-  INDICATES NEGATIVE NUMBERS.
R  INDICATES RECORD WAS SET OR TIED.
MM INDICATES DATA IS MISSING.
T  INDICATES TRACE AMOUNT.

$$
