000
CXUS53 KTOP 011451
CLMCNK


CLIMATE REPORT
NATIONAL WEATHER SERVICE TOPEKA KS
945 AM CDT FRI APR 1 2016

...................................

...THE CONCORDIA KS CLIMATE SUMMARY FOR THE MONTH OF MARCH 2016...

CLIMATE NORMAL PERIOD 1981 TO 2010
CLIMATE RECORD PERIOD 1885 TO 2016

WEATHER         OBSERVED          NORMAL  DEPART  LAST YEAR`S
                 VALUE   DATE(S)  VALUE   FROM    VALUE
                                          NORMAL
.............................................................
TEMPERATURE (F)
RECORD
 HIGH              97   03/21/1907
 LOW              -11   03/11/1948
HIGHEST            78   03/23        59      19       89
                        03/07
LOWEST             22   03/20        26      -4        5
                        03/01
AVG. MAXIMUM     62.6              54.6     8.0     61.8
AVG. MINIMUM     35.5              31.4     4.1     32.5
MEAN             49.1              43.0     6.1     47.2
DAYS MAX >= 90      0               0.0     0.0        0
DAYS MAX <= 32      0               1.6    -1.6        0
DAYS MIN <= 32     14              16.7    -2.7       12
DAYS MIN <= 0       0               0.1    -0.1        0

PRECIPITATION (INCHES)
RECORD
 MAXIMUM         8.32   1987
 MINIMUM         0.00   1920
                        1910
TOTALS           0.45              2.01   -1.56     0.11
DAILY AVG.       0.01              0.06   -0.05     0.00
DAYS >= .01         5               7.4    -2.4        3
DAYS >= .10         1               3.9    -2.9        0
DAYS >= .50         0               1.3    -1.3        0
DAYS >= 1.00        0               0.5    -0.5        0
GREATEST
 24 HR. TOTAL    0.25   03/26 TO 03/26              0.08
                        03/25 TO 03/26
                        03/26 TO 03/26

SNOWFALL (INCHES)
RECORDS
 TOTAL           22.7   1960
TOTALS              T               2.8    -2.8      0.0
SINCE 7/1        13.6              19.7    -6.1     11.7
SNOWDEPTH AVG.      0                                  0
DAYS >= 1.0         0               0.8    -0.8        0
GREATEST
 SNOW DEPTH         T   03/24                          0
 24 HR TOTAL        T   03/24 TO 03/24               0.0

DEGREE_DAYS
HEATING TOTAL     488               684    -196      547
 SINCE 7/1       3959              4891    -932     4754
COOLING TOTAL       3                 1       2        4
 SINCE 1/1          3                 1       2        4
..............................................................

WIND (MPH)
AVERAGE WIND SPEED              12.3
HIGHEST WIND SPEED/DIRECTION    38/190    DATE  03/06
HIGHEST GUST SPEED/DIRECTION    48/190    DATE  03/06

SKY COVER
POSSIBLE SUNSHINE (PERCENT)   MM
AVERAGE SKY COVER           0.30
NUMBER OF DAYS FAIR           21
NUMBER OF DAYS PC              7
NUMBER OF DAYS CLOUDY          3

AVERAGE RH (PERCENT)     56

WEATHER CONDITIONS. NUMBER OF DAYS WITH
THUNDERSTORM              0     MIXED PRECIP               0
HEAVY RAIN                0     RAIN                       0
LIGHT RAIN                8     FREEZING RAIN              0
LT FREEZING RAIN          1     HEAVY SNOW                 0
SNOW                      0     LIGHT SNOW                 2
FOG                       7     FOG W/VIS <= 1/4 MILE      2
HAZE                      5

-  INDICATES NEGATIVE NUMBERS.
R  INDICATES RECORD WAS SET OR TIED.
MM INDICATES DATA IS MISSING.
T  INDICATES TRACE AMOUNT.

$$
