000
CXUS53 KTOP 011425
CLMCNK


CLIMATE REPORT
NATIONAL WEATHER SERVICE TOPEKA KS
924 AM CDT MON JUN 1 2015

...................................

...THE CONCORDIA KS CLIMATE SUMMARY FOR THE MONTH OF MAY 2015...

CLIMATE NORMAL PERIOD 1981 TO 2010
CLIMATE RECORD PERIOD 1885 TO 2015

WEATHER         OBSERVED          NORMAL  DEPART  LAST YEAR`S
                 VALUE   DATE(S)  VALUE   FROM    VALUE
                                          NORMAL
.............................................................
TEMPERATURE (F)
RECORD
 HIGH             102   05/30/1998
                        05/29/1913
 LOW               24   05/01/1909
HIGHEST            89   05/03        80       9       99
LOWEST             38   05/11        47      -9       33
AVG. MAXIMUM     71.6              74.2    -2.6     79.0
AVG. MINIMUM     52.1              52.0     0.1     51.6
MEAN             61.9              63.1    -1.2     65.3
DAYS MAX >= 90      0               1.2    -1.2        6
DAYS MAX <= 32      0               0.0     0.0        0
DAYS MIN <= 32      0               0.1    -0.1        0
DAYS MIN <= 0       0               0.0     0.0        0

PRECIPITATION (INCHES)
RECORD
 MAXIMUM        13.15   1903
 MINIMUM         0.26   1966
TOTALS           4.22              4.16    0.06     3.12
DAILY AVG.       0.14              0.13    0.01     0.10
DAYS >= .01        18              12.0     6.0        7
DAYS >= .10        12               6.9     5.1        3
DAYS >= .50         2               2.8    -0.8        3
DAYS >= 1.00        0               1.2    -1.2        2
GREATEST
 24 HR. TOTAL    0.92   05/13 TO 05/14              1.34

SNOWFALL (INCHES)
RECORDS
 TOTAL            0.3   1961
TOTALS            0.0                 T     0.0      0.0
SINCE 7/1        11.7              20.2    -8.5     23.2
SNOWDEPTH AVG.      0                                  0
DAYS >= 1.0         0               0.0     0.0        0
GREATEST
 SNOW DEPTH         0   MM                             0
 24 HR TOTAL      0.0   05/31 TO 05/31               0.0

DEGREE_DAYS
HEATING TOTAL     137               131       6      131
 SINCE 7/1       5180              5395    -215     5758
COOLING TOTAL      47                72     -25      150
 SINCE 1/1         55                89     -34      175
..............................................................

WIND (MPH)
AVERAGE WIND SPEED              11.4
HIGHEST WIND SPEED/DIRECTION    41/140    DATE  05/06
HIGHEST GUST SPEED/DIRECTION    52/140    DATE  05/06

SKY COVER
POSSIBLE SUNSHINE (PERCENT)   MM
AVERAGE SKY COVER           0.40
NUMBER OF DAYS FAIR           10
NUMBER OF DAYS PC             16
NUMBER OF DAYS CLOUDY          5

AVERAGE RH (PERCENT)     72

WEATHER CONDITIONS. NUMBER OF DAYS WITH
THUNDERSTORM             11     MIXED PRECIP               0
HEAVY RAIN                6     RAIN                      11
LIGHT RAIN               20     FREEZING RAIN              0
LT FREEZING RAIN          0     HEAVY SNOW                 0
SNOW                      0     LIGHT SNOW                 0
FOG                      19     FOG W/VIS <= 1/4 MILE      1
HAZE                      1

-  INDICATES NEGATIVE NUMBERS.
R  INDICATES RECORD WAS SET OR TIED.
MM INDICATES DATA IS MISSING.
T  INDICATES TRACE AMOUNT.

$$
