000
CXUS55 KPUB 012255
CLMCOS


CLIMATE REPORT
NATIONAL WEATHER SERVICE PUEBLO
453 PM MDT SUN OCT 1 2017

...................................

...THE COLORADO SPRINGS CO CLIMATE SUMMARY FOR THE MONTH OF SEPTEMBER 2017...

CLIMATE NORMAL PERIOD 1981 TO 2010
CLIMATE RECORD PERIOD 1872 TO 2017

WEATHER         OBSERVED          NORMAL  DEPART  LAST YEAR`S
                 VALUE   DATE(S)  VALUE   FROM    VALUE  DATE(S)
                                          NORMAL
................................................................
TEMPERATURE (F)
RECORD
 HIGH              95   09/03/2017
                        09/17/1936
                        09/04/2013
 LOW               20   09/27/1908
HIGHEST            95R  09/03        78      17       90  09/20
LOWEST             40   09/20        40       0       37  09/26
AVG. MAXIMUM     75.6              74.5     1.1     80.1
AVG. MINIMUM     51.1              47.3     3.8     50.3
MEAN             63.4              60.9     2.5     65.2
DAYS MAX >= 90      1               0.5     0.5
DAYS MAX <= 32      0               0.0     0.0
DAYS MIN <= 32      0               0.8    -0.8
DAYS MIN <= 0       0               0.0     0.0

PRECIPITATION (INCHES)
RECORD
 MAXIMUM         5.91   2011
 MINIMUM            T   1953
TOTALS           2.77              1.19    1.58     0.16
DAILY AVG.       0.09              0.04    0.05
DAYS >= .01         9               7.3     1.7
DAYS >= .10         5               3.4     1.6
DAYS >= .50         3               0.4     2.6
DAYS >= 1.00        1               0.1     0.9
GREATEST
 24 HR. TOTAL    1.12   09/23 TO 09/24              0.11

SNOWFALL (INCHES)
RECORDS
 TOTAL           27.9   1959
TOTALS            0.0               0.2    -0.2      0.0
SINCE 7/1           T               0.2    -0.2        T
SNOWDEPTH AVG.      0
DAYS >= 1.0         0               0.1    -0.1
GREATEST
 SNOW DEPTH         0   MM                             0
 24 HR TOTAL      0.0   09/30 TO 09/30               0.0

DEGREE_DAYS
HEATING TOTAL     132               159     -27       63
 SINCE 7/1        141               190     -49       84
COOLING TOTAL      91                36      55       75
 SINCE 1/1        639               454     185      701
.................................................................

WIND (MPH)
AVERAGE WIND SPEED              9.2
HIGHEST WIND SPEED/DIRECTION    36/200    DATE  09/19
HIGHEST GUST SPEED/DIRECTION    46/170    DATE  09/30

SKY COVER
POSSIBLE SUNSHINE (PERCENT)   MM
AVERAGE SKY COVER           0.60
NUMBER OF DAYS FAIR            7
NUMBER OF DAYS PC             13
NUMBER OF DAYS CLOUDY         10

AVERAGE RH (PERCENT)     54

WEATHER CONDITIONS. NUMBER OF DAYS WITH
THUNDERSTORM              8     MIXED PRECIP               0
HEAVY RAIN                3     RAIN                       4
LIGHT RAIN               17     FREEZING RAIN              0
LT FREEZING RAIN          0     HAIL                       0
HEAVY SNOW                0     SNOW                       0
LIGHT SNOW                0     SLEET                      0
FOG                       8     FOG W/VIS <= 1/4 MILE      2
HAZE                      5

-  INDICATES NEGATIVE NUMBERS.
R  INDICATES RECORD WAS SET OR TIED.
MM INDICATES DATA IS MISSING.
T  INDICATES TRACE AMOUNT.

$$
