000
CXUS54 KCRP 011717
CLMCRP

CLIMATE REPORT
NATIONAL WEATHER SERVICE CORPUS CHRISTI TX
1203 PM CDT TUE APR 1 2014

...................................

...THE CORPUS CHRISTI CLIMATE SUMMARY FOR THE MONTH OF MARCH 2014...

CLIMATE NORMAL PERIOD 1981 TO 2010
CLIMATE RECORD PERIOD 1887 TO 2014

WEATHER         OBSERVED          NORMAL  DEPART  LAST YEAR`S
                 VALUE   DATE(S)  VALUE   FROM    VALUE  DATE(S)
                                          NORMAL
................................................................
TEMPERATURE (F)
RECORD
 HIGH             102   03/30/1989
 LOW               24   03/02/1980
HIGHEST            98   03/28        76      22       93  03/04
LOWEST             34   03/03        56     -22       37  03/03
AVG. MAXIMUM     72.8              75.9    -3.1     79.7
AVG. MINIMUM     53.5              56.3    -2.8     55.8
MEAN             63.2              66.1    -2.9     67.7
DAYS MAX >= 90      1               0.7     0.3        2
DAYS MAX <= 32      0               0.0     0.0        0
DAYS MIN <= 32      0               0.2    -0.2        0
DAYS MIN <= 0       0               0.0     0.0        0

PRECIPITATION (INCHES)
RECORD
 MAXIMUM         7.69   1903
 MINIMUM         0.00   1916
TOTALS           1.65              1.89   -0.24     0.06
DAILY AVG.       0.05              0.06   -0.01     0.00
DAYS >= .01         6               5.3     0.7        1
DAYS >= .10         3               2.7     0.3        0
DAYS >= .50         1               1.1    -0.1        0
DAYS >= 1.00        0               0.6    -0.6        0
GREATEST
 24 HR. TOTAL    0.86   03/04 TO 03/04              0.06

SNOWFALL (INCHES)
RECORDS
 TOTAL            0.2   1932
 24 HR TOTAL      0.2   03/10/1932 TO 03/10/1932
TOTALS            0.0               0.0     0.0      0.0
SINCE 7/1           T               0.2    -0.2      0.0
SNOWDEPTH AVG.      0                MM      MM        0
DAYS >= 1.0         0               0.0     0.0        0
GREATEST
 SNOW DEPTH         0   MM                             0
 24 HR TOTAL      0.0   03/31 TO 03/31               0.0

DEGREE_DAYS
HEATING TOTAL     132                81      51       64
 SINCE 7/1       1131               881     250      516
COOLING TOTAL      84               115     -31      157
 SINCE 1/1        161               191     -30      301
.................................................................

WIND (MPH)
AVERAGE WIND SPEED              12.1
HIGHEST WIND SPEED/DIRECTION    33/020    DATE  03/02
HIGHEST GUST SPEED/DIRECTION    40/360    DATE  03/16

SKY COVER
AVERAGE SKY COVER           0.70

AVERAGE RH (PERCENT)     73

WEATHER CONDITIONS. NUMBER OF DAYS WITH
THUNDERSTORM              3     MIXED PRECIP               0
HEAVY RAIN                2     RAIN                       5
LIGHT RAIN               15     FREEZING RAIN              0
LT FREEZING RAIN          0     HAIL                       0
HEAVY SNOW                0     SNOW                       0
LIGHT SNOW                0     SLEET                      0
FOG                      22     FOG W/VIS <= 1/4 MILE      8
HAZE                     11

-  INDICATES NEGATIVE NUMBERS.
R  INDICATES RECORD WAS SET OR TIED.
MM INDICATES DATA IS MISSING.
T  INDICATES TRACE AMOUNT.

$$

ANM
