000
CXUS54 KCRP 051844 CCA
CLMCRP

CLIMATE REPORT
NATIONAL WEATHER SERVICE CORPUS CHRISTI TX
140 PM CDT SUN JUL 5 2015

...................................

...THE CORPUS CHRISTI CLIMATE SUMMARY FOR THE MONTH OF JUNE 2015...

CLIMATE NORMAL PERIOD 1981 TO 2010
CLIMATE RECORD PERIOD 1887 TO 2015

WEATHER         OBSERVED          NORMAL  DEPART  LAST YEAR`S
                 VALUE   DATE(S)  VALUE   FROM    VALUE  DATE(S)
                                          NORMAL
................................................................
TEMPERATURE (F)
RECORD
 HIGH             107   06/29/2013
 LOW               56   06/03/1919
HIGHEST            93   06/27        91       2       97  06/12
                        06/09                             06/11
                                                          06/10
LOWEST             70   06/02        73      -3       71  06/11
                        06/01                             06/03
                                                          06/02
AVG. MAXIMUM     90.1              90.9    -0.8     93.4
AVG. MINIMUM     75.4              73.9     1.5     76.5
MEAN             82.7              82.4     0.3     84.9
DAYS MAX >= 90     20              19.6     0.4       27
DAYS MAX <= 32      0               0.0     0.0        0
DAYS MIN <= 32      0               0.0     0.0        0
DAYS MIN <= 0       0               0.0     0.0        0

PRECIPITATION (INCHES)
RECORD
 MAXIMUM        13.35   1973
 MINIMUM            T   1915
                        1907
TOTALS           1.63              3.36   -1.73     1.41
DAILY AVG.       0.05              0.11   -0.06     0.05
DAYS >= .01         8               6.8     1.2        5
DAYS >= .10         5               4.7     0.3        2
DAYS >= .50         1               2.0    -1.0        1
DAYS >= 1.00        0               1.0    -1.0        1
GREATEST
 24 HR. TOTAL    0.89   06/17 TO 06/18              1.18

SNOWFALL (INCHES)
RECORDS
 TOTAL            0.0   MM
 24 HR TOTAL      0.0   MM
TOTALS            0.0               0.0     0.0      0.0
SINCE 7/1         0.0               0.2    -0.2        T
SNOWDEPTH AVG.      0                MM      MM        0
DAYS >= 1.0         0               0.0     0.0        0
GREATEST
 SNOW DEPTH         0   MM                             0
 24 HR TOTAL      0.0   06/30 TO 06/30               0.0

DEGREE_DAYS
HEATING TOTAL       0                 0       0        0
 SINCE 7/1       1053               898     155     1145
COOLING TOTAL     539               522      17      607
 SINCE 1/1       1369              1363       6     1413
.................................................................

WIND (MPH)
AVERAGE WIND SPEED              9.3
HIGHEST WIND SPEED/DIRECTION    37/170    DATE  06/30
HIGHEST GUST SPEED/DIRECTION    47/140    DATE  06/30

SKY COVER
AVERAGE SKY COVER           0.60

AVERAGE RH (PERCENT)     76

WEATHER CONDITIONS. NUMBER OF DAYS WITH
THUNDERSTORM             11     MIXED PRECIP               0
HEAVY RAIN                3     RAIN                       4
LIGHT RAIN               16     FREEZING RAIN              0
LT FREEZING RAIN          0     HAIL                       0
HEAVY SNOW                0     SNOW                       0
LIGHT SNOW                0     SLEET                      0
FOG                      11     FOG W/VIS <= 1/4 MILE      0
HAZE                      3

-  INDICATES NEGATIVE NUMBERS.
R  INDICATES RECORD WAS SET OR TIED.
MM INDICATES DATA IS MISSING.
T  INDICATES TRACE AMOUNT.

$$

88
