000
CXUS42 KFFC 031513
CLMCSG


CLIMATE REPORT
NATIONAL WEATHER SERVICE PEACHTREE CITY GA
1113 AM EDT TUE MAY 3 2016

...................................

...THE COLUMBUS CLIMATE SUMMARY FOR THE MONTH OF APRIL 2016...

CLIMATE NORMAL PERIOD 1981 TO 2010
CLIMATE RECORD PERIOD 1948 TO 2016

WEATHER         OBSERVED          NORMAL  DEPART  LAST YEAR`S
                 VALUE   DATE(S)  VALUE   FROM    VALUE  DATE(S)
                                          NORMAL
................................................................
TEMPERATURE (F)
RECORD
 HIGH              94   04/30/2012
 LOW               28   04/07/1950
HIGHEST            88   04/30        93      -5       88  04/08
                        04/29
LOWEST             41   04/09        30      11       48  04/22
                                                          04/05
AVG. MAXIMUM     76.4              76.7    -0.3     77.5
AVG. MINIMUM     54.0              52.5     1.5     58.2
MEAN             65.2              64.6     0.6     67.9
DAYS MAX >= 90      0               0.3    -0.3        0
DAYS MAX <= 32      0               0.0     0.0        0
DAYS MIN <= 32      0               0.1    -0.1        0
DAYS MIN <= 0       0               0.0     0.0        0

PRECIPITATION (INCHES)
RECORD
 MAXIMUM         9.30   2014
 MINIMUM         0.49   2012
TOTALS           6.94              3.55    3.39     6.47
DAILY AVG.       0.23              0.12    0.11     0.22
DAYS >= .01        13               7.6     5.4       17
DAYS >= .10         9               5.1     3.9       12
DAYS >= .50         4               2.5     1.5        4
DAYS >= 1.00        1               1.2    -0.2        3
GREATEST
 24 HR. TOTAL    3.62   03/31 TO 04/01           04/14 TO 04/15
                                                          04/30 TO 04/30
                                                          04/30 TO 04/30

SNOWFALL (INCHES)
RECORDS
 TOTAL             MM   MM
 24 HR TOTAL       MM
TOTALS            0.0               0.0     0.0      0.0
SINCE 7/1         0.0               0.4    -0.4      0.0
SNOWDEPTH AVG.      0                MM      MM        0
DAYS >= TRACE       0               0.0     0.0        0
DAYS >= 1.0         0               0.0     0.0        0
GREATEST
 24 HR TOTAL      0.0   04/30 TO 04/30           04/30 TO 04/30
                                                          04/30 TO 04/30
                                                          04/30 TO 04/30

DEGREE_DAYS
HEATING TOTAL      69                89     -20       25
 SINCE 7/1       1604              2112    -508     2210
COOLING TOTAL      81                77       4      120
 SINCE 1/1        140               104      36      149
.................................................

WIND (MPH)
AVERAGE WIND SPEED              6.5
HIGHEST WIND SPEED/DIRECTION    26/220    DATE  04/21
HIGHEST GUST SPEED/DIRECTION    38/300    DATE  04/27

SKY COVER
POSSIBLE SUNSHINE (PERCENT)   MM
AVERAGE SKY COVER           0.30
NUMBER OF DAYS FAIR           20
NUMBER OF DAYS PC              7
NUMBER OF DAYS CLOUDY          3

AVERAGE RH (PERCENT)     64

WEATHER CONDITIONS. NUMBER OF DAYS WITH
THUNDERSTORM              0     MIXED PRECIP               0
HEAVY RAIN                7     RAIN                       8
LIGHT RAIN               12     FREEZING RAIN              0
LT FREEZING RAIN          0     HAIL                       0
HEAVY SNOW                0     SNOW                       0
LIGHT SNOW                0     SLEET                      0
FOG                      17     FOG W/VIS <= 1/4 MILE      2
HAZE                      4

-  INDICATES NEGATIVE NUMBERS.
R  INDICATES RECORD WAS SET OR TIED.
MM INDICATES DATA IS MISSING.
T  INDICATES TRACE AMOUNT.

$$
