000
CXUS52 KCAE 012335
CLMCUB


CLIMATE REPORT
NATIONAL WEATHER SERVICE COLUMBIA SC
630 PM EST WED FEB 1 2017

...................................

...THE HAMILTON - OWENS AIRPORT SC CLIMATE SUMMARY FOR THE MONTH OF JANUARY 2017...

CLIMATE NORMAL PERIOD 1981 TO 2010
CLIMATE RECORD PERIOD 9999 TO 9999

WEATHER         OBSERVED          NORMAL  DEPART
                 VALUE   DATE(S)  VALUE   FROM
                                          NORMAL
................................................
TEMPERATURE (F)
HIGHEST            80   01/18        MM      MM
                        01/13
LOWEST             23   01/09        MM      MM
                        01/08
AVG. MAXIMUM     64.1              56.0     8.1
AVG. MINIMUM     43.7              35.9     7.8
MEAN             53.9              45.9     8.0
DAYS MAX >= 90      0               0.0     0.0
DAYS MAX <= 32      0               0.1    -0.1
DAYS MIN <= 32      5              12.1    -7.1
DAYS MIN <= 0       0               0.0     0.0

PRECIPITATION (INCHES)
TOTALS           6.14              3.63    2.51
DAYS >= .01         9                MM      MM
DAYS >= .10         7                MM      MM
DAYS >= .50         5                MM      MM
DAYS >= 1.00        3                MM      MM
GREATEST
 24 HR. TOTAL    1.52   01/06 TO 01/07

SNOWFALL (INCHES)
DAYS >= TRACE       1

DEGREE_DAYS
HEATING TOTAL     337               592    -255
 SINCE 7/1       1047              1492    -445
COOLING TOTAL       2                 1       1
 SINCE 1/1          2                 0       2
.................................................

WIND (MPH)
AVERAGE WIND SPEED              4.2
RESULTANT WIND SPEED/DIRECTION   2/254
HIGHEST WIND SPEED/DIRECTION    26/270    DATE  01/26
HIGHEST GUST SPEED/DIRECTION    36/280    DATE  01/26

SKY COVER
POSSIBLE SUNSHINE (PERCENT)   MM
AVERAGE SKY COVER           0.30
NUMBER OF DAYS FAIR           19
NUMBER OF DAYS PC              8
NUMBER OF DAYS CLOUDY          4

AVERAGE RH (PERCENT)     65

WEATHER CONDITIONS. NUMBER OF DAYS WITH
THUNDERSTORM              2     MIXED PRECIP               0
HEAVY RAIN                7     RAIN                       8
LIGHT RAIN               10     FREEZING RAIN              0
LT FREEZING RAIN          0     HAIL                       0
HEAVY SNOW                0     SNOW                       0
LIGHT SNOW                1     SLEET                      0
FOG                      14     FOG W/VIS <= 1/4 MILE      1
HAZE                      6

-  INDICATES NEGATIVE NUMBERS.
R  INDICATES RECORD WAS SET OR TIED.
MM INDICATES DATA IS MISSING.
T  INDICATES TRACE AMOUNT.

$$
