000
CXUS55 KCYS 081700
CLMCYS


CLIMATE REPORT
NATIONAL WEATHER SERVICE CHEYENNE WY
1100 AM MDT TUE APR 8 2014

...................................

...THE CHEYENNE WY CLIMATE SUMMARY FOR THE MONTH OF MARCH 2014...

CLIMATE NORMAL PERIOD 1981 TO 2010
CLIMATE RECORD PERIOD 1871 TO 2014

WEATHER         OBSERVED          NORMAL  DEPART  LAST YEAR`S
                 VALUE   DATE(S)  VALUE   FROM    VALUE  DATE(S)
                                          NORMAL
................................................................
TEMPERATURE (F)
RECORD
 HIGH              77   03/30/1879
 LOW              -21   03/02/1943
HIGHEST            64   03/30        45      19       67
LOWEST                  03/02        22     -23        4
                        03/01
AVG. MAXIMUM     48.9              47.5     1.4     47.0
AVG. MINIMUM     24.3              24.4    -0.1     22.3
MEAN             36.6              35.9     0.7     34.6
DAYS MAX >= 90      0               0.0                0
DAYS MAX <= 32      3               3.8                3
DAYS MIN <= 32     27              25.7               27
DAYS MIN <= 0       2               0.3                0

PRECIPITATION (INCHES)
RECORD
 MAXIMUM         3.65   1990
 MINIMUM            T   2012
TOTALS           0.90              1.05   -0.15     0.63
DAYS >= .01        10               8.6     1.4       10
DAYS >= .10         3               2.9     0.1        2
DAYS >= .50         0               0.5    -0.5        0
DAYS >= 1.00        0               0.0     0.0        0
GREATEST
 24 HR. TOTAL    0.26   03/22 TO 03/23

SNOWFALL (INCHES)
RECORDS
 TOTAL           39.2   1990
TOTALS           11.4              11.3     0.1      6.8
SINCE 7/1        71.5              47.8    23.7     45.2
SNOWDEPTH AVG.      0
DAYS >= TRACE      11               7.8     3.2       13
DAYS >= 1.0         5               3.3     1.7        3
GREATEST
 SNOW DEPTH         3   03/23                          3  03/12
 24 HR TOTAL      3.3   03/22 TO 03/23           03/11 TO 03/11
                                                          03/11 TO 03/11
                                                          03/11 TO 03/11

DEGREE_DAYS
HEATING TOTAL     873               901     -28      930
 SINCE 7/1       6077              5920     157     5863
COOLING TOTAL       0                 0       0        0
 SINCE 1/1          0                 0       0        0
..................................................

WIND (MPH)
AVERAGE WIND SPEED              14.2
HIGHEST WIND SPEED/DIRECTION    48/270    DATE  03/30
HIGHEST GUST SPEED/DIRECTION    66/260    DATE  03/30

SKY COVER
POSSIBLE SUNSHINE (PERCENT)   MM
AVERAGE SKY COVER           0.30
NUMBER OF DAYS FAIR           19
NUMBER OF DAYS PC             10
NUMBER OF DAYS CLOUDY          2

AVERAGE RH (PERCENT)     55

WEATHER CONDITIONS. NUMBER OF DAYS WITH
THUNDERSTORM              0     MIXED PRECIP               0
HEAVY RAIN                0     RAIN                       0
LIGHT RAIN                2     FREEZING RAIN              0
LT FREEZING RAIN          1     HAIL                       0
HEAVY SNOW                3     SNOW                       5
LIGHT SNOW               10     SLEET                      0
FOG                      12     FOG W/VIS <= 1/4 MILE      7
HAZE                      4

-  INDICATES NEGATIVE NUMBERS.
R  INDICATES RECORD WAS SET OR TIED.
MM INDICATES DATA IS MISSING.
T  INDICATES TRACE AMOUNT.

$$
