000
CXUS56 KSGX 021421
CLMCZZ


CLIMATE REPORT
NATIONAL WEATHER SERVICE SAN DIEGO, CA
721 AM PDT SUN AUG 2 2015

...................................

...THE CAMPO ASOS CA CLIMATE SUMMARY FOR THE MONTH OF JULY 2015...

CLIMATE NORMAL PERIOD 1981 TO 2010
CLIMATE RECORD PERIOD 1948 TO 2015

WEATHER         OBSERVED          NORMAL  DEPART  LAST YEAR`S
                 VALUE   DATE(S)  VALUE   FROM    VALUE  DATE(S)
                                          NORMAL
................................................................
TEMPERATURE (F)
RECORD
 HIGH             111   07/27/1995
 LOW               34   07/04/2000
                        07/21/1973
                        07/03/1956
HIGHEST            95   07/17        94       1      105  07/24
LOWEST             42   07/27        51      -9       46  07/22
AVG. MAXIMUM     87.2              93.8    -6.6     91.9
AVG. MINIMUM     53.4              51.9     1.5     55.9
MEAN             70.3              72.8    -2.5     73.9
DAYS MAX >= 90     10              23.5   -13.5       21
DAYS MAX <= 32      0               0.0     0.0        0
DAYS MAX >= 100     0                                  2
DAYS MIN <= 32      0               0.0     0.0        0
DAYS MIN <= 0       0               0.0     0.0        0

PRECIPITATION (INCHES)
RECORD
 MAXIMUM         1.88   1968
 MINIMUM         0.00   2009
                        2008
                        2000
TOTALS           0.51              0.32    0.19     0.14
DAILY AVG.       0.02              0.01    0.01     0.00
DAYS >= .01         3               2.0     1.0        2
DAYS >= .10         1               0.8     0.2        1
DAYS >= .50         0               0.1    -0.1        0
DAYS >= 1.00        0               0.1    -0.1        0
DAYS >= 1.50        0                                  0
DAYS >= 2.00        0                                  0
GREATEST
 24 HR. TOTAL    0.48   07/19 TO 07/19           07/04 TO 07/04
                                                          07/03 TO 07/04
                                                          07/04 TO 07/04
 STORM TOTAL       MM                                 MM
 (MM/DD(HH))            MM                    07/04(00) TO 07/04(00)
                                                 07/04(00) TO 07/04(00)4
                                                 07/04(00) TO 07/04(00)4

DEGREE_DAYS
HEATING TOTAL      10                 7       3        0
 SINCE 7/1         10                 7       3        0
COOLING TOTAL     180               250     -70      286
 SINCE 1/1        385               372      13      398

FREEZE DATES
RECORD
 EARLIEST     08/25/1978
 LATEST       06/23/1991
EARLIEST                        10/16
LATEST                          05/19
.....................................................

WIND (MPH)
AVERAGE WIND SPEED              7.6
RESULTANT WIND SPEED/DIRECTION   4/220
HIGHEST WIND SPEED/DIRECTION    28/050    DATE  07/29
HIGHEST GUST SPEED/DIRECTION    38/050    DATE  07/29

AVERAGE RH (PERCENT)     59


-  INDICATES NEGATIVE NUMBERS.
R  INDICATES RECORD WAS SET OR TIED.
MM INDICATES DATA IS MISSING.
T  INDICATES TRACE AMOUNT.

$$
