000
CXUS56 KSGX 011646
CLMCZZ


CLIMATE REPORT
NATIONAL WEATHER SERVICE SAN DIEGO, CA
946 AM PDT MON SEP 1 2014

...................................

...THE CAMPO ASOS CA CLIMATE SUMMARY FOR THE MONTH OF AUGUST 2014...

CLIMATE NORMAL PERIOD 1981 TO 2010
CLIMATE RECORD PERIOD 1948 TO 2014

WEATHER         OBSERVED          NORMAL  DEPART  LAST YEAR`S
                 VALUE   DATE(S)  VALUE   FROM    VALUE  DATE(S)
                                          NORMAL
................................................................
TEMPERATURE (F)
RECORD
 HIGH             107   08/04/1998
                        08/08/1995
                        08/25/1985
 LOW               30   08/25/1978
HIGHEST            98   08/30        94       4      100  08/22
                        08/28                             08/21
LOWEST             43   08/24        52      -9       42  08/11
                        08/07                             08/10
                                                          08/07
AVG. MAXIMUM     89.9              94.4    -4.5     91.9
AVG. MINIMUM     54.5              53.1     1.4     54.9
MEAN             72.2              73.7    -1.5     73.4
DAYS MAX >= 90     17              24.9    -7.9       21
DAYS MAX <= 32      0               0.0     0.0        0
DAYS MAX >= 100     0                                  2
DAYS MIN <= 32      0               0.1    -0.1        0
DAYS MIN <= 0       0               0.0     0.0        0

PRECIPITATION (INCHES)
RECORD
 MAXIMUM         4.05   1983
 MINIMUM         0.00   2011
                        2010
                        2001
TOTALS           0.48              0.70   -0.22     0.19
DAILY AVG.       0.02              0.02    0.00     0.01
DAYS >= .01         4               2.2     1.8        3
DAYS >= .10         2               0.9     1.1        1
DAYS >= .50         0               0.4    -0.4        0
DAYS >= 1.00        0               0.2    -0.2        0
DAYS >= 1.50        0                                  0
DAYS >= 2.00        0                                  0
GREATEST
 24 HR. TOTAL    0.26   08/02 TO 08/02           08/25 TO 08/26
                        08/01 TO 08/02                    08/31 TO 08/31
                        08/02 TO 08/02                    08/31 TO 08/31
 STORM TOTAL       MM                                 MM
 (MM/DD(HH))            MM                    08/26(00) TO 08/26(00)
                                                 08/31(00) TO 08/31(00)1
                                                 08/31(00) TO 08/31(00)1

SNOWFALL (INCHES)
TOTALS            0.0
SINCE 7/1         0.0

DEGREE_DAYS
HEATING TOTAL       2                 7      -5        2
 SINCE 7/1          2                14     -12        2
COOLING TOTAL     234               278     -44      270
 SINCE 1/1        632               650     -18      717

FREEZE DATES
RECORD
 EARLIEST     08/25/1978
 LATEST       06/23/1991
EARLIEST                        10/16
LATEST                          05/19
..................................................

WIND (MPH)
AVERAGE WIND SPEED              7.4
RESULTANT WIND SPEED/DIRECTION   3/229
HIGHEST WIND SPEED/DIRECTION    32/090    DATE  08/12
HIGHEST GUST SPEED/DIRECTION    41/320    DATE  08/01

AVERAGE RH (PERCENT)     51


-  INDICATES NEGATIVE NUMBERS.
R  INDICATES RECORD WAS SET OR TIED.
MM INDICATES DATA IS MISSING.
T  INDICATES TRACE AMOUNT.

$$
