000
CXUS53 KUNR 011604
CLMD07


CLIMATE REPORT
NATIONAL WEATHER SERVICE RAPID CITY SD
1003 AM MDT WED OCT 1 2014

...................................

...THE FAITH SD CLIMATE SUMMARY FOR THE MONTH OF SEPTEMBER 2014...

CLIMATE NORMAL PERIOD 1981 TO 2010
CLIMATE RECORD PERIOD 9999 TO 9999

WEATHER         OBSERVED          NORMAL  DEPART  LAST YEAR`S
                 VALUE   DATE(S)  VALUE   FROM    VALUE  DATE(S)
                                          NORMAL
................................................................
TEMPERATURE (F)
HIGHEST            91   09/26                         97  09/22
LOWEST             32R  09/12                         39  09/20
AVG. MAXIMUM     72.2              73.8    -1.6     80.2
AVG. MINIMUM     46.7              46.9    -0.2     52.6
MEAN             59.4              60.4    -1.0     66.4
DAYS MAX >= 90      2                                  6
DAYS MAX <= 32      0                                  0
DAYS MIN <= 32      1                                  0
DAYS MIN <= 0       0                                  0

PRECIPITATION (INCHES)
TOTALS           1.14              1.36   -0.22     1.10
DAILY AVG.       0.04              0.05   -0.01     0.04
DAYS >= .01         9                                  6
DAYS >= .10         3                                  3
DAYS >= .50         1                                  1
DAYS >= 1.00        0                                  0
GREATEST
 24 HR. TOTAL    0.57   09/29 TO 09/29              0.61

DEGREE_DAYS
HEATING TOTAL     205               199       6       80
 SINCE 7/1        248               232      16       95
COOLING TOTAL      46                59     -13      130
 SINCE 1/1        445               634    -189      720
.................................................................

WIND (MPH)
AVERAGE WIND SPEED              12.1
HIGHEST WIND SPEED/DIRECTION    37/300    DATE  09/20
HIGHEST GUST SPEED/DIRECTION    46/320    DATE  09/20

AVERAGE RH (PERCENT)     67


-  INDICATES NEGATIVE NUMBERS.
R  INDICATES RECORD WAS SET OR TIED.
MM INDICATES DATA IS MISSING.
T  INDICATES TRACE AMOUNT.

$$
