000
CXUS53 KDVN 011434
CLMDBQ


CLIMATE REPORT
NATIONAL WEATHER SERVICE QUAD CITIES IA IL
925 AM CDT FRI JUL 1 2016

...................................

...THE DUBUQUE CLIMATE SUMMARY FOR THE MONTH OF JUNE 2016...

CLIMATE NORMAL PERIOD 1981 TO 2010
CLIMATE RECORD PERIOD 1873 TO 2016

WEATHER         OBSERVED          NORMAL  DEPART
                 VALUE   DATE(S)  VALUE   FROM
                                          NORMAL
................................................
TEMPERATURE (F)
RECORD
 HIGH             104   06/28/1934
 LOW               36   06/11/1972
HIGHEST            90   06/10        82       8
LOWEST             45   06/08        54      -9
AVG. MAXIMUM     80.6              78.5     2.1
AVG. MINIMUM     59.5              58.1     1.4
MEAN             70.0              68.3     1.7
DAYS MAX >= 90      1               1.2    -0.2
DAYS MAX <= 32      0               0.0     0.0
DAYS MIN <= 32      0               0.0     0.0
DAYS MIN <= 0       0               0.0     0.0

PRECIPITATION (INCHES)
RECORD
 MAXIMUM        14.16   1892
 MINIMUM         0.70   1988
TOTALS           7.29              4.40    2.89
DAILY AVG.       0.24              0.15    0.09
DAYS >= .01        11              11.3    -0.3
DAYS >= .10        10
DAYS >= .50         4
DAYS >= 1.00        2               1.2     0.8
GREATEST
 24 HR. TOTAL    3.50   06/14

SNOWFALL (INCHES)
RECORDS
 TOTAL            0.0
TOTALS            0.0               0.0     0.0
SINCE 7/1        34.8              41.9    -7.1
SNOWDEPTH AVG.      0
DAYS >= TRACE       0               0.0     0.0
DAYS >= 1.0         0               0.0     0.0
GREATEST
 SNOW DEPTH         0
 24 HR TOTAL      0.0   0

DEGREE_DAYS
HEATING TOTAL      13                40     -27
 SINCE 7/1       5980              7086   -1106
COOLING TOTAL     174               139      35
 SINCE 1/1        225               176      49
.................................................

WIND (MPH)
AVERAGE WIND SPEED              8.6
HIGHEST WIND SPEED/DIRECTION    36/320    DATE  06/14
HIGHEST GUST SPEED/DIRECTION    44/330    DATE  06/14

SKY COVER
POSSIBLE SUNSHINE (PERCENT)   MM
AVERAGE SKY COVER           0.20
NUMBER OF DAYS FAIR           22
NUMBER OF DAYS PC              8
NUMBER OF DAYS CLOUDY          0

AVERAGE RH (PERCENT)     71

WEATHER CONDITIONS. NUMBER OF DAYS WITH
THUNDERSTORM              0     HAIL                       0
SLEET                     0     FOG                       13
FOG W/VIS <= 1/4 MILE     3     HAZE                       1

-  INDICATES NEGATIVE NUMBERS.
R  INDICATES RECORD WAS SET OR TIED.
MM INDICATES DATA IS MISSING.
T  INDICATES TRACE AMOUNT.

$$
