000
CXUS51 KALY 020215
CLMDDH


CLIMATE REPORT
NATIONAL WEATHER SERVICE ALBANY NY
914 PM EST FRI DEC 1 2017

...................................

...THE BENNINGTON VT CLIMATE SUMMARY FOR THE MONTH OF NOVEMBER 2017...

CLIMATE NORMAL PERIOD 1981 TO 2010
CLIMATE RECORD PERIOD 9999 TO 9999

WEATHER         OBSERVED          NORMAL  DEPART  LAST YEAR`S
                 VALUE   DATE(S)  VALUE   FROM    VALUE  DATE(S)
                                          NORMAL
................................................................
TEMPERATURE (F)
HIGHEST            68   11/02                         68  11/19
LOWEST             14   11/11                         19  11/28
                                                          11/23
AVG. MAXIMUM     48.5              47.5     1.0     48.8
AVG. MINIMUM     27.7              29.7    -2.0     29.3
MEAN             38.1              38.6    -0.5     39.1
DAYS MAX >= 90      0               0.0     0.0        0
DAYS MAX <= 32      1               2.0    -1.0        2
DAYS MIN <= 32     24              18.7     5.3       23
DAYS MIN <= 0       0               0.0     0.0        0

PRECIPITATION (INCHES)
TOTALS           1.45              3.11   -1.66     2.63
DAILY AVG.       0.05              0.10   -0.05     0.09
DAYS >= .01        12                                 14
DAYS >= .10         5                                  8
DAYS >= .50         0                                  1
DAYS >= 1.00        0                                  0
GREATEST
 24 HR. TOTAL    0.39   11/06 TO 11/06

DEGREE_DAYS
HEATING TOTAL     799               792       7      771
 SINCE 7/1       1300              1613    -313     1370
COOLING TOTAL       0                 0       0        0
 SINCE 1/1        395               313      82      488

FREEZE DATES
EARLIEST                        10/01
LATEST                          05/10
.................................................................

WIND (MPH)
AVERAGE WIND SPEED              5.9
HIGHEST WIND SPEED/DIRECTION    33/190    DATE  11/19
HIGHEST GUST SPEED/DIRECTION    46/180    DATE  11/19

SKY COVER
AVERAGE SKY COVER           0.50

AVERAGE RH (PERCENT)     65

WEATHER CONDITIONS. NUMBER OF DAYS WITH
THUNDERSTORM              0     MIXED PRECIP               0
HEAVY RAIN                1     RAIN                       4
LIGHT RAIN               13     FREEZING RAIN              0
LT FREEZING RAIN          0     HAIL                       0
HEAVY SNOW                0     SNOW                       1
LIGHT SNOW                4     SLEET                      0
FOG                       9     FOG W/VIS <= 1/4 MILE      1
HAZE                      2

-  INDICATES NEGATIVE NUMBERS.
R  INDICATES RECORD WAS SET OR TIED.
MM INDICATES DATA IS MISSING.
T  INDICATES TRACE AMOUNT.

$$
