000
CXUS54 KFWD 010852
CLMDFW


CLIMATE REPORT
NATIONAL WEATHER SERVICE FORT WORTH TX
341 AM CDT MON JUN 1 2015

...................................

...THE DALLAS FORT WORTH CLIMATE SUMMARY FOR THE MONTH OF MAY 2015...

CLIMATE NORMAL PERIOD 1981 TO 2010
CLIMATE RECORD PERIOD 1898 TO 2015

WEATHER         OBSERVED          NORMAL  DEPART  LAST YEAR`S
                 VALUE   DATE(S)  VALUE   FROM    VALUE  DATE(S)
                                          NORMAL
................................................................
TEMPERATURE (F)
RECORD
 HIGH             107   05/28/1927
 LOW               34   05/01/1903
HIGHEST            88   05/28        94      -6       96  05/04
                        05/18
LOWEST             54   05/01        50       4       42  05/01
AVG. MAXIMUM     79.2              83.6    -4.4     85.5
AVG. MINIMUM     62.6              64.2    -1.6     63.3
MEAN             70.9              73.9    -3.0     74.4
DAYS MAX >= 90      0               5.3    -5.3        3
DAYS MAX <= 32      0               0.0     0.0        0
DAYS MAX >= 100     0                                  0
DAYS MIN <= 32      0               0.0     0.0        0
DAYS MIN <= 0       0               0.0     0.0        0
DAYS MIN >= 80      0                                  0

PRECIPITATION (INCHES)
RECORD
 MAXIMUM        13.66   1982
 MINIMUM         0.22   1911
TOTALS          16.96R             4.90   12.06     3.40
DAILY AVG.       0.55              0.16    0.39     0.11
DAYS >= .01        18               9.1     8.9        9
DAYS >= .10        15               6.2     8.8        5
DAYS >= .50        11               3.5     7.5        2
DAYS >= 1.00        7               1.7     5.3        1
GREATEST
 24 HR. TOTAL    4.02   05/23 TO 05/24              1.92

DEGREE_DAYS
HEATING TOTAL       6                 8      -2        9
 SINCE 7/1       2399              2284     115     2603
COOLING TOTAL     196               284     -88      309
 SINCE 1/1        319               422    -103      476
.................................................................

WIND (MPH)
AVERAGE WIND SPEED              10.6
HIGHEST WIND SPEED/DIRECTION    40/320    DATE  05/30
HIGHEST GUST SPEED/DIRECTION    47/190    DATE  05/26

SKY COVER
POSSIBLE SUNSHINE (PERCENT)   MM
AVERAGE SKY COVER           0.80
NUMBER OF DAYS FAIR            3
NUMBER OF DAYS PC              4
NUMBER OF DAYS CLOUDY         24

AVERAGE RH (PERCENT)     80

WEATHER CONDITIONS. NUMBER OF DAYS WITH
THUNDERSTORM             21     MIXED PRECIP               0
HEAVY RAIN               15     RAIN                      17
LIGHT RAIN               24     FREEZING RAIN              0
LT FREEZING RAIN          0     HAIL                       0
HEAVY SNOW                0     SNOW                       0
LIGHT SNOW                0     SLEET                      0
FOG                      20     FOG W/VIS <= 1/4 MILE      1
HAZE                      0

-  INDICATES NEGATIVE NUMBERS.
R  INDICATES RECORD WAS SET OR TIED.
MM INDICATES DATA IS MISSING.
T  INDICATES TRACE AMOUNT.

$$
