000
CXUS54 KFWD 010908
CLMDFW

CLIMATE REPORT
NATIONAL WEATHER SERVICE FORT WORTH TX
305 AM CST FRI DEC 1 2017

...................................

...THE DALLAS FORT WORTH CLIMATE SUMMARY FOR THE MONTH OF NOVEMBER 2017...

CLIMATE NORMAL PERIOD 1981 TO 2010
CLIMATE RECORD PERIOD 1898 TO 2017

WEATHER         OBSERVED          NORMAL  DEPART  LAST YEAR`S
                 VALUE   DATE(S)  VALUE   FROM    VALUE  DATE(S)
                                          NORMAL
................................................................
TEMPERATURE (F)
RECORD
 HIGH              94   11/05/2017
                        11/02/2017
                        07/06/2215
 LOW               19   11/11/1950
HIGHEST            94R  11/05        83      11       88  11/01
                        11/02
LOWEST             35   11/23        29       6       37  11/20
AVG. MAXIMUM     72.9              66.9     6.0     72.9
AVG. MINIMUM     51.9              46.2     5.7     54.1
MEAN             62.4              56.6     5.8     63.5
DAYS MAX >= 90      3               0.1     2.9        0
DAYS MAX <= 32      0               0.0     0.0        0
DAYS MAX >= 100     0                                  0
DAYS MIN <= 32      0               1.8    -1.8        0
DAYS MIN <= 0       0               0.0     0.0        0
DAYS MIN >= 80      0                                  0

PRECIPITATION (INCHES)
RECORD
 MAXIMUM         9.86   2015
 MINIMUM         0.00   1903
TOTALS           0.81              2.71   -1.90     3.22
DAILY AVG.       0.03              0.09   -0.06     0.11
DAYS >= .01         1               6.4    -5.4        7
DAYS >= .10         1               4.4    -3.4        5
DAYS >= .50         1               1.8    -0.8        3
DAYS >= 1.00        0               0.8    -0.8        1
GREATEST
 24 HR. TOTAL    0.81   11/08 TO 11/08              1.25

SNOWFALL (INCHES)
RECORDS
 TOTAL            5.0   1976
                        1937
 24 HR TOTAL      5.0   11/13/1976 TO 11/14/1976
                        11/22/1937 TO 11/22/1937
TOTALS            0.0                 T     0.0      0.0
SINCE 7/1         0.0                 T     0.0      0.0
SNOWDEPTH AVG.      0                MM      MM        0
DAYS >= TRACE       0                                  0
DAYS >= 1.0         0               0.0     0.0        0
GREATEST
 SNOW DEPTH         0   MM                             0  MM

DEGREE_DAYS
HEATING TOTAL     144               282    -138      101
 SINCE 7/1        203               354    -151      102
COOLING TOTAL      73                29      44       64
 SINCE 1/1       3259              2752     507     3207
.................................................................

WIND (MPH)
AVERAGE WIND SPEED              10.2
HIGHEST WIND SPEED/DIRECTION    36/340    DATE  11/18
HIGHEST GUST SPEED/DIRECTION    44/340    DATE  11/18

SKY COVER
POSSIBLE SUNSHINE (PERCENT)   MM
AVERAGE SKY COVER           0.60
NUMBER OF DAYS FAIR            8
NUMBER OF DAYS PC             12
NUMBER OF DAYS CLOUDY         10

AVERAGE RH (PERCENT)     64

WEATHER CONDITIONS. NUMBER OF DAYS WITH
THUNDERSTORM              0     MIXED PRECIP               0
HEAVY RAIN                1     RAIN                       1
LIGHT RAIN                3     FREEZING RAIN              0
LT FREEZING RAIN          0     HAIL                       0
HEAVY SNOW                0     SNOW                       0
LIGHT SNOW                0     SLEET                      0
FOG                      10     FOG W/VIS <= 1/4 MILE      0
HAZE                      9

-  INDICATES NEGATIVE NUMBERS.
R  INDICATES RECORD WAS SET OR TIED.
MM INDICATES DATA IS MISSING.
T  INDICATES TRACE AMOUNT.

$$
