000
CXUS43 KLOT 011153
CLMDPA


CLIMATE REPORT
NATIONAL WEATHER SERVICE CHICAGO IL
630 AM CDT WED JUL 1 2015

...................................

...THE DU PAGE  AIRPORT CLIMATE SUMMARY FOR THE MONTH OF JUNE 2015...

CLIMATE NORMAL PERIOD 1981 TO 2010
CLIMATE RECORD PERIOD 1997 TO 2015

WEATHER         OBSERVED          NORMAL  DEPART  LAST YEAR`S
                 VALUE   DATE(S)  VALUE   FROM    VALUE
                                          NORMAL
.............................................................
TEMPERATURE (F)
RECORD
 HIGH              99   06/28/2012
 LOW               38   06/03/2013
                        06/02/2003
                        06/07/1998

HIGHEST            93   06/10                         91
LOWEST             41   06/02                         46

AVG. MAXIMUM     77.5              81.0    -3.5     81.8
AVG. MINIMUM     57.8              58.5    -0.7     60.3
MEAN             67.7              69.8    -2.1     71.1

PRECIPITATION (INCHES)
RECORD
 MAXIMUM         6.94   2014
 MINIMUM         0.60   2005
TOTALS           8.01R             3.89    4.12     6.94

DEGREE_DAYS
HEATING TOTAL      34                36      -2       18
 SINCE 7/1       6821              6315     506     7596
COOLING TOTAL     120               178     -58      209
 SINCE 1/1        174               224     -50      278
..............................................................

WIND (MPH)
AVERAGE WIND SPEED              7.7
HIGHEST WIND SPEED/DIRECTION    29/170    DATE  06/20
HIGHEST GUST SPEED/DIRECTION    35/170    DATE  06/20

AVERAGE RH (PERCENT)     73


-  INDICATES NEGATIVE NUMBERS.
R  INDICATES RECORD WAS SET OR TIED.
MM INDICATES DATA IS MISSING.
T  INDICATES TRACE AMOUNT.

$$
