000
CXUS55 KGJT 012055
CLMDRO
CLMDRO

CLIMATE REPORT...CORRECTED FOR THUNDERSTORM DAYS
NATIONAL WEATHER SERVICE GRAND JUNCTION CO
600 AM MDT MON JUN 1 2015

...................................

...THE DURANGO AIRPORT CO CLIMATE SUMMARY FOR THE MONTH OF MAY 2015...

CLIMATE NORMAL PERIOD 1981 TO 2010
CLIMATE RECORD PERIOD 9999 TO 9999

WEATHER         OBSERVED          NORMAL  DEPART  LAST YEAR`S
                 VALUE   DATE(S)  VALUE   FROM    VALUE  DATE(S)
                                          NORMAL
................................................................
TEMPERATURE (F)
HIGHEST            80   05/31        MM      MM       86  05/28
LOWEST             27   05/11        MM      MM       22  05/14
AVG. MAXIMUM     64.9              70.7    -5.8     70.1
AVG. MINIMUM     36.8              35.4     1.4     34.5
MEAN             50.9              53.0    -2.1     52.3
DAYS MAX >= 90      0               0.1    -0.1        0
DAYS MAX <= 32      0               0.0     0.0        0
DAYS MIN <= 32      4               8.1    -4.1       15
DAYS MIN <= 0       0               0.0     0.0        0

PRECIPITATION (INCHES)
TOTALS           3.02              0.80    2.22     0.68
DAILY AVG.       0.10              0.03    0.07     0.02
DAYS >= .01        19                MM      MM        7
DAYS >= .10         7                MM      MM        2
DAYS >= .50         1                MM      MM        0
DAYS >= 1.00        0                MM      MM        0
GREATEST
 24 HR. TOTAL    0.87   05/05 TO 05/06              0.35

SNOWFALL (INCHES)
TOTALS             MM                MM      MM       MM
SINCE 7/1          MM                MM      MM       MM
SNOWDEPTH AVG.     MM                MM      MM       MM
DAYS >= 1.0        MM                MM      MM       MM
GREATEST
 SNOW DEPTH        MM                                 MM  MM
 24 HR TOTAL       MM                                 MM

DEGREE_DAYS
HEATING TOTAL     431               372      59      391
 SINCE 7/1       6181              7008    -827     6753
COOLING TOTAL       0                 1      -1        5
 SINCE 1/1          0                 1      -1        5
.................................................................

WIND (MPH)
AVERAGE WIND SPEED              7.2
HIGHEST WIND SPEED/DIRECTION    37/160    DATE  05/18
HIGHEST GUST SPEED/DIRECTION    50/170    DATE  05/18

SKY COVER
POSSIBLE SUNSHINE (PERCENT)   MM
AVERAGE SKY COVER           0.40
NUMBER OF DAYS FAIR           13
NUMBER OF DAYS PC             15
NUMBER OF DAYS CLOUDY          3

AVERAGE RH (PERCENT)     61

WEATHER CONDITIONS. NUMBER OF DAYS WITH
THUNDERSTORM             12     MIXED PRECIP               0
HEAVY RAIN                2     RAIN                      10
LIGHT RAIN               22     FREEZING RAIN              0
LT FREEZING RAIN          0     HAIL                       0
HEAVY SNOW                1     SNOW                       1
LIGHT SNOW                1     SLEET                      0
FOG                      12     FOG W/VIS <= 1/4 MILE      1
HAZE                      2

-  INDICATES NEGATIVE NUMBERS.
R  INDICATES RECORD WAS SET OR TIED.
MM INDICATES DATA IS MISSING.
T  INDICATES TRACE AMOUNT.

$$
