000
CXUS56 KOTX 011247
CLMEAT

CLIMATE REPORT
NATIONAL WEATHER SERVICE SPOKANE, WA
435 AM PST THU DEC 1 2016

...................................

...THE WENATCHEE WA PANGBORN FIELD CLIMATE SUMMARY FOR THE MONTH OF NOVEMBER 2016...

CLIMATE NORMAL PERIOD 1981 TO 2010
CLIMATE RECORD PERIOD 1959 TO 2016

WEATHER         OBSERVED          NORMAL  DEPART  LAST YEAR`S
                 VALUE   DATE(S)  VALUE   FROM    VALUE  DATE(S)
                                          NORMAL
................................................................
TEMPERATURE (F)
RECORD
 HIGH              70   11/09/1989
                        11/03/1975
 LOW               -5   11/23/1985
                        11/24/1985
HIGHEST            63   11/12        MM      MM       67  11/13
LOWEST             31   11/17        MM      MM       17  11/28
AVG. MAXIMUM     52.1              43.8     8.3     45.7
AVG. MINIMUM     39.4              31.4     8.0     31.6
MEAN             45.8              37.6     8.2     38.6
DAYS MAX >= 90      0               0.0     0.0        0
DAYS MAX <= 32      0               2.7    -2.7        4
DAYS MIN <= 32      1              14.5   -13.5       14
DAYS MIN <= 0       0               0.2    -0.2        0

PRECIPITATION (INCHES)
RECORD
 MAXIMUM         3.58   1983
 MINIMUM            T   1993
TOTALS           0.38              1.11   -0.73     0.68
DAILY AVG.       0.01              0.04   -0.03     0.02
DAYS >= .01         7               9.1    -2.1        9
DAYS >= .10         1               3.2    -2.2        2
DAYS >= .50         0               0.3    -0.3        0
DAYS >= 1.00        0               0.1    -0.1        0
GREATEST
 24 HR. TOTAL    0.16   11/14 TO 11/15           11/16 TO 11/17
                                                          11/17 TO 11/17
                                                          11/17 TO 11/17

SNOWFALL (INCHES)
RECORDS
 TOTAL             MM   MM
TOTALS             MM               5.0      MM       MM
SINCE 7/1         0.0               5.2    -5.2      0.0
SNOWDEPTH AVG.     MM                MM      MM       MM
DAYS >= 1.0        MM               1.2      MM       MM
GREATEST
 SNOW DEPTH        MM                                 MM  MM
 24 HR TOTAL       MM                                 MM

DEGREE_DAYS
HEATING TOTAL     570               822    -252      784
 SINCE 7/1       1077              1372    -295     1065
........................................................

WIND (MPH)
AVERAGE WIND SPEED              4.7
HIGHEST WIND SPEED/DIRECTION    28/240    DATE  11/12
HIGHEST GUST SPEED/DIRECTION    40/250    DATE  11/12

SKY COVER
POSSIBLE SUNSHINE (PERCENT)   MM
AVERAGE SKY COVER           0.50
NUMBER OF DAYS FAIR           13
NUMBER OF DAYS PC              9
NUMBER OF DAYS CLOUDY          8

AVERAGE RH (PERCENT)     76

WEATHER CONDITIONS. NUMBER OF DAYS WITH
THUNDERSTORM              0     MIXED PRECIP               0
HEAVY RAIN                0     RAIN                       3
LIGHT RAIN               14     FREEZING RAIN              0
LT FREEZING RAIN          0     HAIL                       0
HEAVY SNOW                0     SNOW                       0
LIGHT SNOW                0     SLEET                      0
FOG                      14     FOG W/VIS <= 1/4 MILE      3
HAZE                      9

-  INDICATES NEGATIVE NUMBERS.
R  INDICATES RECORD WAS SET OR TIED.
MM INDICATES DATA IS MISSING.
T  INDICATES TRACE AMOUNT.

$$

NOVEMBER 2016 FINISHED MUCH WARMER THAN NORMAL ACROSS NORTH CENTRAL
WASHINGTON WITH PRECIPITATION BELOW NORMAL.  THE FIRST HALF OF THE
MONTH WAS EXCEPTIONALLY MILD WITH TEMPERATURES 5 TO 15 DEGREES ABOVE
NORMAL EACH DAY.  HIGH TEMPERATURES IN THE 50S TO LOWER 60S WERE
COMMON WITH LOW TEMPERATURES IN THE LOWER TO MID 40S IN WENATCHEE.
ON THE 12TH WINDY CONDITIONS OCCURRED WITH A PEAK WIND GUST OF 40
MPH AT THE WENATCHEE AIRPORT.  THE PATTERN BEGAN TO CHANGE TOWARDS
THE END OF THE MONTH AS A COOLER NORTHWEST FLOW PATTERN SET UP. HIGH
TEMPERATURES COOLED INTO THE 40S TO LOWER 50S FOR MOST DAYS IN
WENATCHEE...WITH SEVERAL ROUNDS OF SNOW IN THE MOUNTAINS.

A COUPLE HIGH TEMPERATURE RECORDS WERE SET DURING THE MONTH AT THE
WENATCHEE AIRPORT.  THIS INCLUDES NOV 8TH AND 12TH WITH RECORD HIGH
TEMPERATURES OF 60 AND 63 DEGREES SET RESPECTIVELY.
