000
CXUS52 KAKQ 011212
CLMECG


CLIMATE REPORT
NATIONAL WEATHER SERVICE WAKEFIELD, VA
812 AM EDT TUE SEP 1 2015

...................................

...THE ELIZABETH CITY NC CLIMATE SUMMARY FOR THE MONTH OF AUGUST 2015...

CLIMATE NORMAL PERIOD 1981 TO 2010
CLIMATE RECORD PERIOD 1934 TO 2015

WEATHER         OBSERVED          NORMAL  DEPART  LAST YEAR`S
                 VALUE   DATE(S)  VALUE   FROM    VALUE  DATE(S)
                                          NORMAL
................................................................
TEMPERATURE (F)
RECORD
 HIGH             101   08/29/1948
 LOW               49   08/30/1965
HIGHEST            94   08/06        88       6       90  08/21
                        08/05
LOWEST             59   08/15        68      -9       62  08/26
AVG. MAXIMUM     86.2              86.6    -0.4     83.4
AVG. MINIMUM     68.3              68.7    -0.4     68.5
MEAN             77.3              77.6    -0.3     76.0
DAYS MAX >= 90      6               8.2    -2.2        1
DAYS MAX <= 32      0               0.0     0.0        0
DAYS MIN <= 32      0               0.0     0.0        0
DAYS MIN <= 0       0               0.0     0.0        0

PRECIPITATION (INCHES)
RECORD
 MAXIMUM           MM   MM
 MINIMUM           MM   MM
TOTALS           2.45              6.64   -4.19     3.27
DAILY AVG.       0.08              0.21   -0.13     0.11
DAYS >= .01         8              13.6    -5.6       15
DAYS >= .10         5               7.2    -2.2        7
DAYS >= .50         1               3.4    -2.4        3
DAYS >= 1.00        0               2.1    -2.1        0
GREATEST
 24 HR. TOTAL    1.31   08/06 TO 08/07

DEGREE_DAYS
HEATING TOTAL       0                 0       0        0
 SINCE 7/1          0                 0       0        0
COOLING TOTAL     385               392      -7      349
 SINCE 1/1       1440              1296     144     1243
.................................................................

WIND (MPH)
AVERAGE WIND SPEED              6.9
HIGHEST WIND SPEED/DIRECTION    32/200    DATE  08/04
HIGHEST GUST SPEED/DIRECTION    47/210    DATE  08/04

SKY COVER
POSSIBLE SUNSHINE (PERCENT)   MM
AVERAGE SKY COVER           0.30

AVERAGE RH (PERCENT)     75

WEATHER CONDITIONS. NUMBER OF DAYS WITH
THUNDERSTORM              0     MIXED PRECIP               0
HEAVY RAIN                5     RAIN                       6
LIGHT RAIN               10     FREEZING RAIN              0
LT FREEZING RAIN          0     HAIL                       0
HEAVY SNOW                0     SNOW                       0
LIGHT SNOW                0     SLEET                      0
FOG                      13     FOG W/VIS <= 1/4 MILE      1
HAZE                      0

-  INDICATES NEGATIVE NUMBERS.
R  INDICATES RECORD WAS SET OR TIED.
MM INDICATES DATA IS MISSING.
T  INDICATES TRACE AMOUNT.

$$
