000
CXUS55 KGJT 011226
CLMEEO


CLIMATE REPORT
NATIONAL WEATHER SERVICE GRAND JUNCTION CO
522 AM MST WED FEB 1 2017

...................................

...THE MEEKER CO CLIMATE SUMMARY FOR THE MONTH OF JANUARY 2017...

CLIMATE NORMAL PERIOD 1981 TO 2010
CLIMATE RECORD PERIOD 9999 TO 9999

WEATHER         OBSERVED          NORMAL  DEPART  LAST YEAR`S
                 VALUE   DATE(S)  VALUE   FROM    VALUE  DATE(S)
                                          NORMAL
................................................................
TEMPERATURE (F)
HIGHEST            47   01/31        MM      MM       46  01/30
LOWEST            -29   01/06        MM      MM      -24  01/01
AVG. MAXIMUM     33.1              33.2    -0.1     29.3
AVG. MINIMUM     10.8               7.0     3.8      3.3
MEAN             22.0              20.1     1.9     16.3
DAYS MAX >= 90      0               0.0     0.0        0
DAYS MAX <= 32     13              13.3    -0.3       20
DAYS MIN <= 32     31              30.6     0.4       31
DAYS MIN <= 0       6               9.6    -3.6       15

PRECIPITATION (INCHES)
TOTALS           1.48              0.87    0.61     1.62
DAILY AVG.       0.05              0.03    0.02     0.05
DAYS >= .01        14                MM      MM       13
DAYS >= .10         6                MM      MM        7
DAYS >= .50         0                MM      MM        0
DAYS >= 1.00        0                MM      MM        0
GREATEST
 24 HR. TOTAL    0.33   01/04 TO 01/05              0.39

SNOWFALL (INCHES)
TOTALS             MM                MM      MM       MM
SINCE 7/1          MM                MM      MM       MM
SNOWDEPTH AVG.     MM                MM      MM       MM
DAYS >= 1.0        MM                MM      MM       MM
GREATEST
 SNOW DEPTH        MM                                 MM  MM
 24 HR TOTAL       MM                                 MM

DEGREE_DAYS
HEATING TOTAL    1325              1392     -67     1503
 SINCE 7/1       4173              4681    -508     4455
COOLING TOTAL       0                 0       0        0
 SINCE 1/1          0                 0       0        0
.................................................................

WIND (MPH)
AVERAGE WIND SPEED              5.0
HIGHEST WIND SPEED/DIRECTION    39/190    DATE  01/09
HIGHEST GUST SPEED/DIRECTION    52/190    DATE  01/09

SKY COVER
POSSIBLE SUNSHINE (PERCENT)   MM
AVERAGE SKY COVER           0.60
NUMBER OF DAYS FAIR            8
NUMBER OF DAYS PC              9
NUMBER OF DAYS CLOUDY         14

AVERAGE RH (PERCENT)     76

WEATHER CONDITIONS. NUMBER OF DAYS WITH
THUNDERSTORM              1     MIXED PRECIP               0
HEAVY RAIN                1     RAIN                       0
LIGHT RAIN                5     FREEZING RAIN              0
LT FREEZING RAIN          0     HAIL                       0
HEAVY SNOW                5     SNOW                       6
LIGHT SNOW               20     SLEET                      0
FOG                      18     FOG W/VIS <= 1/4 MILE      3
HAZE                      4

-  INDICATES NEGATIVE NUMBERS.
R  INDICATES RECORD WAS SET OR TIED.
MM INDICATES DATA IS MISSING.
T  INDICATES TRACE AMOUNT.

$$
