000
CXUS55 KLKN 040250
CLMELY


CLIMATE REPORT
NATIONAL WEATHER SERVICE ELKO NV
633 PM PST MON NOV 3 2014

...................................

...THE ELY AIRPORT NV CLIMATE SUMMARY FOR THE MONTH OF OCTOBER 2014...

CLIMATE NORMAL PERIOD 1981 TO 2010
CLIMATE RECORD PERIOD 1893 TO 2014

WEATHER         OBSERVED          NORMAL  DEPART  LAST YEAR`S
                 VALUE   DATE(S)  VALUE   FROM    VALUE  DATE(S)
                                          NORMAL
................................................................
TEMPERATURE (F)
RECORD
 HIGH              86   10/01/2010
 LOW               -3   10/31/1991
                        10/30/1971
HIGHEST            80   10/07        78       2       77  10/06
LOWEST             17   10/27        12       5       17  10/05
AVG. MAXIMUM     70.0              62.5     7.5     59.9
AVG. MINIMUM     31.8              28.0     3.8     26.3
MEAN             50.9              45.3     5.6     43.1
DAYS MAX >= 90      0               0.0     0.0        0
DAYS MAX <= 32      0               0.1    -0.1        0
DAYS MIN <= 32     17              22.8    -5.8       28
DAYS MIN <= 0       0               0.1    -0.1        0

PRECIPITATION (INCHES)
RECORD
 MAXIMUM         3.67   1981
 MINIMUM         0.00   1952
                        1893
TOTALS              T              1.00   -1.00     0.82
DAILY AVG.          T              0.03   -0.03     0.03
DAYS >= .01         0               5.4    -5.4        5
DAYS >= .10         0               2.9    -2.9        2
DAYS >= .50         0               0.4    -0.4        0
DAYS >= 1.00        0               0.0     0.0        0
GREATEST
 24 HR. TOTAL       T   10/19 TO 10/19              0.45

SNOWFALL (INCHES)
RECORDS
 TOTAL           15.0   1899
TOTALS            0.0               3.0    -3.0      3.0
SINCE 7/1         0.0               3.4    -3.4      3.0
SNOWDEPTH AVG.      0                                  0
DAYS >= TRACE       0               1.7    -1.7        3
DAYS >= 1.0         0               0.9    -0.9        1
DAYS >= 5.0         0                                  0
GREATEST
 SNOW DEPTH         0   MM                             1
 24 HR TOTAL      0.0   10/31 TO 10/31               2.0

DEGREE_DAYS
HEATING TOTAL     429               612    -183      670
 SINCE 7/1        597               928    -331      901
COOLING TOTAL       0                 0       0        0
 SINCE 1/1        286               218      68      387
.................................................................

WIND (MPH)
AVERAGE WIND SPEED              10.4
HIGHEST WIND SPEED/DIRECTION    36/160    DATE  10/25
HIGHEST GUST SPEED/DIRECTION    44/200    DATE  10/15

AVERAGE RH (PERCENT)     40

WEATHER CONDITIONS. NUMBER OF DAYS WITH
THUNDERSTORM              0     MIXED PRECIP               0
HEAVY RAIN                0     RAIN                       0
LIGHT RAIN                1     FREEZING RAIN              0
LT FREEZING RAIN          0     HAIL                       0
HEAVY SNOW                0     SNOW                       0
LIGHT SNOW                0     SLEET                      0
FOG                       0     FOG W/VIS <= 1/4 MILE      0
HAZE                      3

-  INDICATES NEGATIVE NUMBERS.
R  INDICATES RECORD WAS SET OR TIED.
MM INDICATES DATA IS MISSING.
T  INDICATES TRACE AMOUNT.

&&

=================================================================

...3RD WARMEST OCTOBER ON RECORD IN ELY...
...3RD DRIEST OCTOBER ON RECORD IN ELY...

THE AVERAGE TEMPERATURE IN ELY DURING OCTOBER 2014 WAS 50.9
DEGREES...WHICH IS 5.6 DEGREES ABOVE THE 1981-2010 CLIMATOLOGICAL
NORMAL OF 45.3 DEGREES. THIS MAKES OCTOBER 2014 THE 3RD WARMEST
ON RECORD. THE TOTAL PRECIPITATION WAS A TRACE...WHICH IS 1.00
INCH OR 100 PERCENT BELOW THE 1981-2010 CLIMATOLOGICAL NORMAL OF
1.00 INCH. THIS MAKES OCTOBER 2014 THE 3RD DRIEST ON RECORD. NO
SNOW FELL...WHICH IS 3.0 INCHES OR 100 PERCENT BELOW THE
1981-2010 CLIMATOLOGICAL NORMAL OF 3.0 INCHES. WHILE THIS HAS
OCCURRED ON QUITE A FEW OCCASIONS IN THE PAST...IT IS NOT COMMON.

A DAILY RECORD HIGH TEMPERATURE OF 72 DEGREES WAS SET ON OCTOBER
30TH.

$$

RCM
