000
CXUS53 KTOP 021859 CCA
CLMEMP

CLIMATE REPORT...CORRECTED
NATIONAL WEATHER SERVICE TOPEKA KS
1259 AM CST FRI JAN 2 2015

...................................

...THE EMPORIA KS CLIMATE SUMMARY FOR THE MONTH OF DECEMBER 2014...

CLIMATE NORMAL PERIOD 1981 TO 2010
CLIMATE RECORD PERIOD 9999 TO 9999

WEATHER         OBSERVED          NORMAL  DEPART  LAST YEAR`S
                 VALUE   DATE(S)  VALUE   FROM    VALUE
                                          NORMAL
.............................................................
TEMPERATURE (F)
HIGHEST            59   12/14                         66
LOWEST              4   12/31                          0
AVG. MAXIMUM     41.8              43.2    -1.4     41.0
AVG. MINIMUM     27.7              22.7     5.0     17.2
MEAN             34.7              33.0     1.7     29.1
DAYS MAX >= 90      0               0.0     0.0        0
DAYS MAX <= 32      5               5.8    -0.8       10
DAYS MIN <= 32     19              26.4    -7.4       30
DAYS MIN <= 0       0               0.4    -0.4        1

PRECIPITATION (INCHES)
TOTALS           1.59              1.35    0.24     0.50
DAILY AVG.       0.05                               0.02
DAYS >= .01         8                                  4
DAYS >= .10         2                                  1
DAYS >= .50         2                                  0
DAYS >= 1.00        0                                  0
GREATEST
 24 HR. TOTAL    0.87   12/04 TO 12/05              0.47

DEGREE_DAYS
HEATING TOTAL     931               993     -62     1105
 SINCE 7/1       1981              1933      48     2136
COOLING TOTAL       0                 0       0        0
 SINCE 1/1       1380              1403     -23     1375
..............................................................

WIND (MPH)
AVERAGE WIND SPEED              9.7
HIGHEST WIND SPEED/DIRECTION    36/180    DATE  12/25
HIGHEST GUST SPEED/DIRECTION    44/170    DATE  12/25

SKY COVER
POSSIBLE SUNSHINE (PERCENT)   MM
AVERAGE SKY COVER           0.60
NUMBER OF DAYS FAIR            8
NUMBER OF DAYS PC              7
NUMBER OF DAYS CLOUDY         16

AVERAGE RH (PERCENT)     79

WEATHER CONDITIONS. NUMBER OF DAYS WITH
THUNDERSTORM              1     MIXED PRECIP               0
HEAVY RAIN                1     RAIN                       3
LIGHT RAIN               10     FREEZING RAIN              0
LT FREEZING RAIN          0     HEAVY SNOW                 0
SNOW                      2     LIGHT SNOW                 5
FOG                      21     FOG W/VIS <= 1/4 MILE      4
HAZE                      3

-  INDICATES NEGATIVE NUMBERS.
R  INDICATES RECORD WAS SET OR TIED.
MM INDICATES DATA IS MISSING.
T  INDICATES TRACE AMOUNT.

$$
