000
CXUS56 KPQR 011630
CLMEUG


CLIMATE REPORT
NATIONAL WEATHER SERVICE PORTLAND OREGON
930 AM PDT FRI JUL 1 2016

...................................

...THE EUGENE OR CLIMATE SUMMARY FOR THE MONTH OF JUNE 2016...

CLIMATE NORMAL PERIOD 1981 TO 2010
CLIMATE RECORD PERIOD 1892 TO 2016

WEATHER         OBSERVED          NORMAL  DEPART  LAST YEAR`S
                 VALUE   DATE(S)  VALUE   FROM    VALUE  DATE(S)
                                          NORMAL
................................................................
TEMPERATURE (F)
HIGHEST            95                                 98  06/27
                                                          06/26
LOWEST             40                                 41  06/13
AVG. MAXIMUM     78.3              73.2     5.1     83.6
AVG. MINIMUM     48.9              47.6     1.3     50.7
MEAN             63.6              60.4     3.2     67.2
DAYS MAX >= 90      3               1.0     2.0        8
DAYS MAX <= 32      0               0.0     0.0        0
DAYS MIN <= 32      0               0.0     0.0        0
DAYS MIN <= 0       0               0.0     0.0        0

PRECIPITATION (INCHES)
RECORD
 MAXIMUM         5.57   1937
 MINIMUM            T   1951
TOTALS           0.78              1.50   -0.72     0.23
DAYS >= .01         7               7.9    -0.9        2
DAYS >= .10         3               4.2    -1.2        1
DAYS >= .50         0               0.7    -0.7        0
DAYS >= 1.00        0               0.2    -0.2        0
GREATEST
 24 HR. TOTAL    0.41   06/14 TO 06/14
                        06/13 TO 06/14
                        06/14 TO 06/14

DEGREE_DAYS
HEATING TOTAL     100               157     -57       41
 SINCE 7/1       3885              4806    -921     3696
COOLING TOTAL      65                19      46      113
 SINCE 1/1         68                24      44      118
.................................................................

WIND (MPH)
AVERAGE WIND SPEED              7.2
RESULTANT WIND SPEED/DIRECTION   2/330
HIGHEST WIND SPEED/DIRECTION    26/240    DATE  06/07
HIGHEST GUST SPEED/DIRECTION    32/250    DATE  06/07

SKY COVER
POSSIBLE SUNSHINE (PERCENT)   MM
AVERAGE SKY COVER           0.40
NUMBER OF DAYS FAIR           13
NUMBER OF DAYS PC             14
NUMBER OF DAYS CLOUDY          3

AVERAGE RH (PERCENT)     63

WEATHER CONDITIONS. NUMBER OF DAYS WITH
THUNDERSTORM              0     MIXED PRECIP               0
HEAVY RAIN                1     RAIN                       2
LIGHT RAIN                7     FREEZING RAIN              0
LT FREEZING RAIN          0     HAIL                       0
HEAVY SNOW                0     SNOW                       0
LIGHT SNOW                0     SLEET                      0
FOG                       8     FOG W/VIS <= 1/4 MILE      0
HAZE                      3

-  INDICATES NEGATIVE NUMBERS.
R  INDICATES RECORD WAS SET OR TIED.
MM INDICATES DATA IS MISSING.
T  INDICATES TRACE AMOUNT.

$$
