000
CXUS53 KPAH 010647
CLMEVV

CLIMATE REPORT
NATIONAL WEATHER SERVICE PADUCAH KY
1247 AM CST SUN FEB 1 2015

...................................

...THE EVANSVILLE ASOS CLIMATE SUMMARY FOR THE MONTH OF JANUARY 2015...

CLIMATE NORMAL PERIOD 1981 TO 2010
CLIMATE RECORD PERIOD 1896 TO 2015

WEATHER         OBSERVED          NORMAL  DEPART  LAST YEAR`S
                 VALUE   DATE(S)  VALUE   FROM    VALUE  DATE(S)
                                          NORMAL
................................................................
TEMPERATURE (F)
RECORD
 HIGH              76   01/24/1943
 LOW              -21   01/17/1982
HIGHEST            62   01/03        39      23       55  01/26
                                                          01/14
LOWEST              3   01/08        21     -18       -4  01/07
AVG. MAXIMUM     41.6              41.0     0.6     38.2
AVG. MINIMUM     24.6              24.0     0.6     17.7
MEAN             33.1              32.5     0.6     27.9
DAYS MAX >= 90      0               0.0     0.0        0
DAYS MAX <= 32      7               6.8     0.2        9
DAYS MIN <= 32     27              24.0     3.0       28
DAYS MIN <= 0       0               0.9    -0.9        2

PRECIPITATION (INCHES)
RECORD
 MAXIMUM        14.78   1937
 MINIMUM         0.51   1981
TOTALS           2.97              3.10   -0.13     1.69
DAILY AVG.       0.10              0.10    0.00     0.05
DAYS >= .01         9               9.8    -0.8       12
DAYS >= .10         5               5.6    -0.6        2
DAYS >= .50         1               2.0    -1.0        2
DAYS >= 1.00        1               0.6     0.4        0
GREATEST
 24 HR. TOTAL    2.00   01/02 TO 01/03
 STORM TOTAL       MM
 (MM/DD(HH))            MM

SNOWFALL (INCHES)
RECORDS
 TOTAL           41.0   1918
TOTALS            0.2               3.4    -3.2      0.6
SINCE 7/1         2.6               6.9    -4.3      7.8
SNOWDEPTH AVG.      0                 2      -2        0
DAYS >= TRACE       5
DAYS >= 1.0         0               1.2    -1.2        0
GREATEST
 SNOW DEPTH         0   MM                             0  MM
 24 HR TOTAL      0.1   MM
 STORM TOTAL       MM
 (MM/DD(HH))            MM

DEGREE_DAYS
HEATING TOTAL     983              1007     -24     1142
 SINCE 7/1       2767              2779     -12     2976
.................................................................

WIND (MPH)
AVERAGE WIND SPEED              7.0
HIGHEST WIND SPEED/DIRECTION    26/250    DATE  01/17
HIGHEST GUST SPEED/DIRECTION    35/360    DATE  01/07

SKY COVER
POSSIBLE SUNSHINE (PERCENT)   MM
AVERAGE SKY COVER           0.50
NUMBER OF DAYS FAIR           14
NUMBER OF DAYS PC              7
NUMBER OF DAYS CLOUDY         10

AVERAGE RH (PERCENT)     68

WEATHER CONDITIONS. NUMBER OF DAYS WITH
THUNDERSTORM              0     MIXED PRECIP               0
HEAVY RAIN                1     RAIN                       2
LIGHT RAIN                8     FREEZING RAIN              0
LT FREEZING RAIN          0     HAIL                       0
HEAVY SNOW                0     SNOW                       0
LIGHT SNOW                4     SLEET                      0
FOG                      15     FOG W/VIS <= 1/4 MILE      0
HAZE                     11

-  INDICATES NEGATIVE NUMBERS.
R  INDICATES RECORD WAS SET OR TIED.
MM INDICATES DATA IS MISSING.
T  INDICATES TRACE AMOUNT.

$$
