000
CXUS51 KOKX 011329
CLMEWR

CLIMATE REPORT
NATIONAL WEATHER SERVICE NEW YORK NY
927 AM EDT THU JUN 1 2017



...THE NEWARK NJ CLIMATE SUMMARY FOR THE MONTH OF MAY 2017...

CLIMATE NORMAL PERIOD 1981 TO 2010
CLIMATE RECORD PERIOD 1929 TO 2017

WEATHER         OBSERVED          NORMAL  DEPART  LAST YEAR`S
                 VALUE   DATE(S)  VALUE   FROM    VALUE  DATE(S)
                                          NORMAL
................................................................
TEMPERATURE (F)
RECORD
 HIGH              99   05/20/1996
 LOW               33   05/09/1947
HIGHEST            94   05/18        MM      MM       96  05/28
LOWEST             43   05/13        MM      MM       40  05/16
                        05/08
AVG. MAXIMUM     69.1              72.1    -3.0     71.5
AVG. MINIMUM     53.2              53.3    -0.1     53.7
MEAN             61.1              62.7    -1.6     62.6
DAYS MAX >= 90      3               1.2     1.8        3
DAYS MAX <= 32      0               0.0     0.0        0
DAYS MIN <= 32      0               0.0     0.0        0
DAYS MIN <= 0       0               0.0     0.0        0

PRECIPITATION (INCHES)
RECORD
 MAXIMUM        10.22   1984
 MINIMUM         0.52   1964
TOTALS           7.24              4.09    3.15     3.85
DAILY AVG.       0.23              0.13    0.10     0.12
DAYS >= .01        11              11.3    -0.3       14
DAYS >= .10         8               7.3     0.7        8
DAYS >= .50         4               2.9     1.1        3
DAYS >= 1.00        2               1.1     0.9        1
GREATEST
 24 HR. TOTAL    3.05   05/05 TO 05/05           05/29 TO 05/30
                                                          05/31 TO 05/31
                                                          05/31 TO 05/31
 STORM TOTAL       MM                                 MM
 (MM/DD(HH))            MM                    05/30(00) TO 05/30(00)
                                                 05/31(00) TO 05/31(00)1
                                                 05/31(00) TO 05/31(00)1

SNOWFALL (INCHES)
TOTALS            0.0               0.0     0.0      0.0
 LIQUID EQUIV    0.00              0.00    0.00     0.00
SINCE 7/1        30.0              28.5     1.5     36.4
 LIQUID 7/1      3.00              2.80    0.20     3.64
SNOWDEPTH AVG.      0                MM      MM        0
DAYS >= TRACE       0               0.0     0.0        0
DAYS >= 1.0         0               0.0     0.0        0
GREATEST
 SNOW DEPTH         0   MM                             0  MM
 24 HR TOTAL      0.0   05/31 TO 05/31           05/31 TO 05/31
                                                          05/31 TO 05/31
                                                          05/31 TO 05/31
 STORM TOTAL       MM                                 MM
 (MM/DD(HH))            MM                    05/31(00) TO 05/31(00)
                                                 05/31(00) TO 05/31(00)1
                                                 05/31(00) TO 05/31(00)1

DEGREE_DAYS
HEATING TOTAL     169               135      34      166
 SINCE 7/1       4215              4855    -640     3895
COOLING TOTAL      59                64      -5      100
 SINCE 1/1         95                76      19      118
..................................................

WIND (MPH)
AVERAGE WIND SPEED              9.8
HIGHEST WIND SPEED/DIRECTION    43/260    DATE  05/02
HIGHEST GUST SPEED/DIRECTION    54/250    DATE  05/02


WEATHER CONDITIONS. NUMBER OF DAYS WITH
THUNDERSTORM              0     MIXED PRECIP               0
HEAVY RAIN                3     RAIN                       4
LIGHT RAIN               15     FREEZING RAIN              0
LT FREEZING RAIN          0     HAIL                       0
HEAVY SNOW                0     SNOW                       0
LIGHT SNOW                0     SLEET                      0
FOG                      11     FOG W/VIS <= 1/4 MILE      0
HAZE                      2

-  INDICATES NEGATIVE NUMBERS.
R  INDICATES RECORD WAS SET OR TIED.
MM INDICATES DATA IS MISSING.
T  INDICATES TRACE AMOUNT.

$$
