000
CXUS51 KOKX 012143
CLMEWR

NYCCLMEWR 000
TTAA00 KOKX 012134


CLIMATE REPORT
NATIONAL WEATHER SERVICE NEW YORK NY
543 PM EDT MON MAY 1 2017

...................................

...THE NEWARK NJ CLIMATE SUMMARY FOR THE MONTH OF APRIL 2017...

CLIMATE NORMAL PERIOD 1981 TO 2010
CLIMATE RECORD PERIOD 1929 TO 2017

WEATHER         OBSERVED          NORMAL  DEPART  LAST YEAR`S
                 VALUE   DATE(S)  VALUE   FROM    VALUE  DATE(S)
                                          NORMAL
................................................................
TEMPERATURE (F)
RECORD
 HIGH              97   04/17/2002
 LOW               16   04/07/1982
HIGHEST            87   04/16        MM      MM       83  04/22
LOWEST             36   04/01        MM      MM       26  04/05
AVG. MAXIMUM     65.8              62.0     3.8     63.3
AVG. MINIMUM     48.6              43.7     4.9     43.0
MEAN             57.2              52.8     4.4     53.1
DAYS MAX >= 90      0               0.2    -0.2        0
DAYS MAX <= 32      0               0.0     0.0        0
DAYS MIN <= 32      0               1.4    -1.4        5
DAYS MIN <= 0       0               0.0     0.0        0

PRECIPITATION (INCHES)
RECORD
 MAXIMUM        11.85   2007
 MINIMUM         0.90   1963
TOTALS           3.49              4.20   -0.71     1.12
DAILY AVG.       0.12              0.14   -0.02     0.04
DAYS >= .01        12              11.5     0.5       10
DAYS >= .10         6               6.8    -0.8        4
DAYS >= .50         3               2.6     0.4        0
DAYS >= 1.00        1               1.1    -0.1        0
GREATEST
 24 HR. TOTAL    1.26   04/03 TO 04/04           04/03 TO 04/04
                        04/01 TO 04/02                    04/04 TO 04/04
                        04/02 TO 04/03                    04/04 TO 04/05
 STORM TOTAL       MM                                 MM
 (MM/DD(HH))            MM                    04/04(00) TO 04/04(00)
                                                 04/04(00) TO 04/04(00)5
                                                 04/05(00) TO 04/05(00)5

SNOWFALL (INCHES)
TOTALS            0.0               0.9    -0.9        T
 LIQUID EQUIV    0.00              0.10   -0.10       MM
SINCE 7/1        30.0              28.5     1.5     36.4
 LIQUID 7/1      3.00              2.80    0.20     3.64
SNOWDEPTH AVG.      0                MM      MM        0
DAYS >= TRACE       0               0.4    -0.4        1
DAYS >= 1.0         0               0.2    -0.2        0
GREATEST
 SNOW DEPTH         0   MM                             0  MM
 24 HR TOTAL      0.0   04/30 TO 04/30           04/04 TO 04/04
                                                          04/04 TO 04/04
                                                          04/05 TO 04/05
 STORM TOTAL       MM                                 MM
 (MM/DD(HH))            MM                    04/04(00) TO 04/04(00)
                                                 04/04(00) TO 04/04(00)5
                                                 04/05(00) TO 04/05(00)5

DEGREE_DAYS
HEATING TOTAL     265               376    -111      362
 SINCE 7/1       4046              4720    -674     3729
COOLING TOTAL      36                11      25       13
 SINCE 1/1         36                12      24       18
......................................................

WIND (MPH)
AVERAGE WIND SPEED              10.0
HIGHEST WIND SPEED/DIRECTION    40/270    DATE  04/16
HIGHEST GUST SPEED/DIRECTION    51/260    DATE  04/16


WEATHER CONDITIONS. NUMBER OF DAYS WITH
THUNDERSTORM              0     MIXED PRECIP               0
HEAVY RAIN                4     RAIN                       4
LIGHT RAIN               19     FREEZING RAIN              0
LT FREEZING RAIN          0     HAIL                       0
HEAVY SNOW                0     SNOW                       0
LIGHT SNOW                0     SLEET                      0
FOG                      12     FOG W/VIS <= 1/4 MILE      0
HAZE                      3

-  INDICATES NEGATIVE NUMBERS.
R  INDICATES RECORD WAS SET OR TIED.
MM INDICATES DATA IS MISSING.
T  INDICATES TRACE AMOUNT.

$$
