000
CXUS56 KHNX 022358
CLMFAT


CLIMATE REPORT
NATIONAL WEATHER SERVICE SAN JOAQUIN VALLEY, CA
355 PM PST FRI DEC 2 2016

...................................

...THE FRESNO CA CLIMATE SUMMARY FOR THE MONTH OF NOVEMBER 2016...

CLIMATE NORMAL PERIOD 1981 TO 2010
CLIMATE RECORD PERIOD 1887 TO 2016

WEATHER         OBSERVED          NORMAL  DEPART  LAST YEAR`S
                 VALUE   DATE(S)  VALUE   FROM    VALUE  DATE(S)
                                          NORMAL
................................................................
TEMPERATURE (F)
RECORD
 HIGH              90   11/05/2010
 LOW               26   11/29/1975
HIGHEST            84   11/11        MM      MM       80  11/01
LOWEST             36   11/25        MM      MM       32  11/29
AVG. MAXIMUM     68.8              65.1     3.7     62.5
AVG. MINIMUM     46.3              43.4     2.9     41.5
MEAN             57.6              54.3     3.3     52.0
DAYS MAX >= 90      0               0.0     0.0        0
DAYS MIN <= 32      0               0.8    -0.8        1

PRECIPITATION (INCHES)
RECORD
 MAXIMUM         7.92   1885
TOTALS           1.38              1.07    0.31     1.74
DAYS >= .01         4               5.5    -1.5        6
DAYS >= .10         4               2.7     1.3        6
DAYS >= .50         1               0.7     0.3        1
DAYS >= 1.00        0               0.1    -0.1        0
GREATEST
 24 HR. TOTAL    0.77   11/26 TO 11/27

SNOWFALL (INCHES)
RECORDS
 TOTAL             MM   5
TOTALS            0.0               0.0

DEGREE_DAYS
HEATING TOTAL     226               325     -99      385
 SINCE 7/1        251               388    -137      390
COOLING TOTAL      10                 2       8        2
 SINCE 1/1       2342              2124     218     2524
.................................................................

WIND (MPH)
AVERAGE WIND SPEED              4.1
HIGHEST WIND SPEED/DIRECTION    31/270    DATE  11/20
HIGHEST GUST SPEED/DIRECTION    39/270    DATE  11/20

AVERAGE RH (PERCENT)     67

WEATHER CONDITIONS. NUMBER OF DAYS WITH
THUNDERSTORM              0     RAIN                       2
HAIL                      0     FOG                       25
FOG W/VIS <= 1/4 MILE     3     HAZE                      23

-  INDICATES NEGATIVE NUMBERS.
R  INDICATES RECORD WAS SET OR TIED.
MM INDICATES DATA IS MISSING.
T  INDICATES TRACE AMOUNT.

$$
