817
CXUS56 KHNX 011928
CLMFAT


CLIMATE REPORT
NATIONAL WEATHER SERVICE SAN JOAQUIN VALLEY, CA
1122 AM PST MON FEB 1 2016

...................................

...THE FRESNO CA CLIMATE SUMMARY FOR THE MONTH OF JANUARY 2016...

CLIMATE NORMAL PERIOD 1981 TO 2010
CLIMATE RECORD PERIOD 1887 TO 2016

WEATHER         OBSERVED          NORMAL  DEPART  LAST YEAR`S
                 VALUE   DATE(S)  VALUE   FROM    VALUE  DATE(S)
                                          NORMAL
................................................................
TEMPERATURE (F)
RECORD
 HIGH              78   01/24/2014
                        01/28/1986
                        22/12/2298
 LOW               17   01/06/1913
HIGHEST            63   01/26        MM      MM       67  01/07
                        01/20
                        01/16
LOWEST             29   01/01        MM      MM       28  01/02
AVG. MAXIMUM     57.7              54.8     2.9     57.5
AVG. MINIMUM     42.4              38.3     4.1     40.5
MEAN             50.0              46.6     3.4     49.0
DAYS MAX >= 90      0               0.0     0.0        0
DAYS MIN <= 32      1               5.6    -4.6        4

PRECIPITATION (INCHES)
RECORD
 MAXIMUM         8.56   1969
TOTALS           4.42              2.19    2.23     0.21
DAYS >= .01        16               7.6     8.4        1
DAYS >= .10         8               4.8     3.2        1
DAYS >= .50         4               1.4     2.6        0
DAYS >= 1.00        0               0.2    -0.2        0
GREATEST
 24 HR. TOTAL    0.98   01/31 TO 01/31

SNOWFALL (INCHES)
RECORDS
 TOTAL            2.5   01/12/1933
TOTALS            0.0               0.0

DEGREE_DAYS
HEATING TOTAL     456               572    -116      487
 SINCE 7/1       1433              1535    -102     1109
COOLING TOTAL       0                 0       0        0
 SINCE 1/1          0                 0       0        0
.................................................................

WIND (MPH)
AVERAGE WIND SPEED              4.5
HIGHEST WIND SPEED/DIRECTION    25/150    DATE  01/06
HIGHEST GUST SPEED/DIRECTION    32/140    DATE  01/06

AVERAGE RH (PERCENT)     77

WEATHER CONDITIONS. NUMBER OF DAYS WITH
THUNDERSTORM              0     RAIN                       7
HAIL                      0     FOG                       29
FOG W/VIS <= 1/4 MILE     5     HAZE                      13

-  INDICATES NEGATIVE NUMBERS.
R  INDICATES RECORD WAS SET OR TIED.
MM INDICATES DATA IS MISSING.
T  INDICATES TRACE AMOUNT.

$$
